-- Table structure for table `llx_mailing_advtarget`
--

CREATE TABLE `llx_mailing_advtarget` (
  `rowid` int(11) NOT NULL AUTO_INCREMENT,
  `name` varchar(200) NOT NULL,
  `entity` int(11) NOT NULL DEFAULT 1,
  `filtervalue` text DEFAULT NULL,
  `fk_user_author` int(11) NOT NULL,
  `datec` datetime NOT NULL,
  `fk_user_mod` int(11) NOT NULL,
  `tms` timestamp NOT NULL DEFAULT current_timestamp() ON UPDATE current_timestamp(),
  `fk_element` int(11) NOT NULL,
  `type_element` varchar(180) NOT NULL,
  PRIMARY KEY (`rowid`),
  UNIQUE KEY `uk_advtargetemailing_name` (`name`)
) ENGINE=InnoDB DEFAULT CHARSET=utf8mb3 COLLATE=utf8mb3_unicode_ci;

--
-- Dumping data for table `llx_mailing_advtarget`
--


--
-- Table structure for table `llx_mailing_cibles`
--

CREATE TABLE `llx_mailing_cibles` (
  `rowid` int(11) NOT NULL AUTO_INCREMENT,
  `fk_mailing` int(11) NOT NULL,
  `fk_contact` int(11) NOT NULL,
  `lastname` varchar(160) DEFAULT NULL,
  `firstname` varchar(160) DEFAULT NULL,
  `email` varchar(160) NOT NULL,
  `other` varchar(255) DEFAULT NULL,
  `tag` varchar(64) DEFAULT NULL,
  `statut` smallint(6) NOT NULL DEFAULT 0,
  `source_url` varchar(255) DEFAULT NULL,
  `source_id` int(11) DEFAULT NULL,
  `source_type` varchar(32) DEFAULT NULL,
  `date_envoi` datetime DEFAULT NULL,
  `error_text` varchar(255) DEFAULT NULL,
  `tms` timestamp NOT NULL DEFAULT current_timestamp() ON UPDATE current_timestamp(),
  PRIMARY KEY (`rowid`),
  UNIQUE KEY `uk_mailing_cibles` (`fk_mailing`,`email`),
  KEY `idx_mailing_cibles_email` (`email`),
  KEY `idx_mailing_cibles_tag` (`tag`)
) ENGINE=InnoDB AUTO_INCREMENT=64 DEFAULT CHARSET=utf8mb3 COLLATE=utf8mb3_unicode_ci;

--
-- Dumping data for table `llx_mailing_cibles`
--

INSERT INTO `llx_mailing_cibles` VALUES (1,1,0,'Dupont','Alain','toto@aa.com','Date fin=10/07/2011',NULL,0,'0',NULL,NULL,NULL,NULL,'2019-11-28 11:52:54'),(2,2,0,'Swiss customer supplier','','abademail@aa.com','',NULL,0,'0',NULL,NULL,NULL,NULL,'2019-11-28 11:52:54'),(3,2,0,'Smith Vick','','vsmith@email.com','',NULL,0,'0',NULL,NULL,NULL,NULL,'2019-11-28 11:52:54'),(4,3,0,'Swiss customer supplier','','abademail@aa.com','',NULL,1,'0',NULL,NULL,'2017-01-29 21:36:40',NULL,'2019-11-28 11:52:54'),(5,3,0,'Smith Vick','','vsmith@email.com','',NULL,1,'0',NULL,NULL,'2017-01-29 21:36:40',NULL,'2019-11-28 11:52:54'),(7,3,0,'Name 2','Firstname 2','emailtest2@example.com','','522b79aedf231576db576d246d82a0d7',1,'',NULL,'file','2017-01-29 21:36:40',NULL,'2019-11-28 11:52:54'),(8,3,0,'Name 3','Firstname 3','emailtest3@example.com','','f3e74e96a64068093af469b6826a75bf',1,'',NULL,'file','2017-01-29 21:36:40',NULL,'2019-11-28 11:52:54'),(9,3,0,'Name 4','Firstname 4','emailtest4@example.com','','fdacf67090698e0216f5c9a449e7404a',2,'',NULL,'file','2017-01-29 21:36:40',NULL,'2019-11-28 11:52:54'),(10,3,0,'Name 5','Firstname 5','emailtest5@example.com','','38b4e4895bf5e7f9969c9ad9bbcd0dce',3,'',NULL,'file','2017-01-29 21:36:40',NULL,'2019-11-28 11:52:54'),(11,3,0,'Name 1','Firstname 1','emailtest1@example.com','','b2543a771e2a10c694fc6437859e29ae',1,'',NULL,'file','2017-01-29 21:36:40',NULL,'2019-11-28 11:52:54'),(12,3,0,'Do','John','johndoe@example.com','','bdb70b6835ca053b113e7ac53c83efbe',-1,'',NULL,'file','2017-01-29 21:36:40','Invalid email','2019-11-28 11:52:54'),(13,3,0,'Smith,Alan','','alan.smith@example.com','','326b9fb6d83f58b7ce5ca28a51022c83',2,'',NULL,'file','2017-01-29 21:36:40',NULL,'2019-11-28 11:52:54'),(15,3,0,'Bowl','Kathy','kathy.bowl@example.com','','0848d51a04ad29adf28de7d6efe63091',2,'',NULL,'file','2017-01-29 21:36:40',NULL,'2019-11-28 11:52:54'),(16,3,0,'Ducanseen','Herbert','herbert@example.com','','0585f4366c7b0c8bab592acb7256a409',1,'',NULL,'file','2017-01-29 21:36:40',NULL,'2019-11-28 11:52:54'),(17,3,0,'Djay','Djay','djay@example.com','','fad171648dcd8449d6e2f8246724f153',1,'',NULL,'file','2017-01-29 21:36:40',NULL,'2019-11-28 11:52:54'),(18,3,0,'','','alice.bigo@example.com','','86b03b13caec209e9a9d96979b7154b8',1,'',NULL,'file','2017-01-29 21:36:40',NULL,'2019-11-28 11:52:54'),(19,3,0,'','','bob.markus@example.com','','06df0b2b930718949a5afee280f04e6b',1,'',NULL,'file','2017-01-29 21:36:40',NULL,'2019-11-28 11:52:54'),(20,3,0,'Customer 1','','mycustomer1@example.com','','cac0a5a38fa9e67ed63d0753e08cd919',1,'',NULL,'file','2017-01-29 21:36:40',NULL,'2019-11-28 11:52:54'),(21,3,0,'Customer 2','','mycustomer2@example.com','','19b631ee27e7036684675f2db35c54f0',0,'',NULL,'file',NULL,NULL,'2019-11-28 11:52:54'),(22,3,0,'Customer 3','','mycustomer3@example.com','','bfd49e2db7c511e2d5bde30eda7db07a',0,'',NULL,'file',NULL,NULL,'2019-11-28 11:52:54'),(23,3,0,'Customer 4','','mycustomer4@example.com','','de4640d0684c62dd83ffc27ff20d5938',0,'',NULL,'file',NULL,NULL,'2019-11-28 11:52:54'),(24,3,0,'Customer 5','','mycustomer5@example.com','','2eb5786291928fd23ca0354ac261ec9b',0,'',NULL,'file',NULL,NULL,'2019-11-28 11:52:54'),(25,3,0,'Customer 6','','mycustomer6@example.com','','c50c85b7f3370232c1d1335e17f953ca',0,'',NULL,'file',NULL,NULL,'2019-11-28 11:52:54'),(26,3,0,'Prospect 1','','myprospect1@example.com','','553b1f7417f7c96290cdec5ca4c560f7',0,'',NULL,'file',NULL,NULL,'2019-11-28 11:52:54'),(27,3,0,'Prospect 2','','myprospect2@example.com','','de45e526168546315ff4fedb54e63102',0,'',NULL,'file',NULL,NULL,'2019-11-28 11:52:54'),(28,3,0,'Prospect 3','','myprospect3@example.com','','466d946e7c46881334f4abe427d382fa',0,'',NULL,'file',NULL,NULL,'2019-11-28 11:52:54'),(29,3,0,'Prospect 4','','myprospect4@example.com','','619d1ec47318842971db7fa266b6d74a',0,'',NULL,'file',NULL,NULL,'2019-11-28 11:52:54'),(30,3,0,'Prospect 5','','myprospect5@example.com','','e301713dcbf58d33ef1ae540dee58ad7',0,'',NULL,'file',NULL,NULL,'2019-11-28 11:52:54'),(31,3,0,'Prospect 6','','myprospect6@example.com','','26fcbd0c641a535bfc14a80a867a61f2',0,'',NULL,'file',NULL,NULL,'2019-11-28 11:52:54'),(32,5,0,'Swiss customer supplier','','abademail@aa.com','','0e7d20e3c9b1612a75eab5d12da84060',0,'0',NULL,'',NULL,NULL,'2019-11-28 11:52:54'),(33,5,0,'Smith Vick','','vsmith@email.com','','cab14f12668ccb2c92843969819c6c6e',0,'0',NULL,'',NULL,NULL,'2019-11-28 11:52:54'),(34,5,0,'Name 2','Firstname 2','emailtest2@example.com','','1b6adeceaac7e2b9c399c877f8b1a616',0,'',NULL,'file',NULL,NULL,'2019-11-28 11:52:54'),(35,5,0,'Name 3','Firstname 3','emailtest3@example.com','','c9f6f80ba118c378aef4974e17b01a07',0,'',NULL,'file',NULL,NULL,'2019-11-28 11:52:54'),(36,5,0,'Name 4','Firstname 4','emailtest4@example.com','','75a3051301db736a2bb7722de7b4ece1',0,'',NULL,'file',NULL,NULL,'2019-11-28 11:52:54'),(37,5,0,'Name 5','Firstname 5','emailtest5@example.com','','a9e292e70ec11ed58718c9f5da58f870',0,'',NULL,'file',NULL,NULL,'2019-11-28 11:52:54'),(38,5,0,'Name 1','Firstname 1','emailtest1@example.com','','0243e796981c9e82cc23d8a6a5a23570',0,'',NULL,'file',NULL,NULL,'2019-11-28 11:52:54'),(39,5,0,'Do','John','johndoe@example.com','','7db6219748fbad348b1aa89f2014d529',0,'',NULL,'file',NULL,NULL,'2019-11-28 11:52:54'),(40,5,0,'Smith,Alan','','alan.smith@example.com','','5006f91f3bd97918460b6dc3edf4cd7f',0,'',NULL,'file',NULL,NULL,'2019-11-28 11:52:54'),(41,5,0,'Bowl','Kathy','kathy.bowl@example.com','','377ac5b241f2d5bf421a7162c60bf7b6',0,'',NULL,'file',NULL,NULL,'2019-11-28 11:52:54'),(42,5,0,'Ducanseen','Herbert','herbert@example.com','','10e1b891a249ee8046f1686a0a44d773',0,'',NULL,'file',NULL,NULL,'2019-11-28 11:52:54'),(43,5,0,'Djay','Djay','djay@example.com','','6cf76a2b74874caa6b8eced78f63bca1',0,'',NULL,'file',NULL,NULL,'2019-11-28 11:52:54'),(44,5,0,'','','alice.bigo@example.com','','61651804afc02887a3934ab042285044',0,'',NULL,'file',NULL,NULL,'2019-11-28 11:52:54'),(45,5,0,'','','bob.markus@example.com','','b6d3e934e4bc92d194b43041260564da',0,'',NULL,'file',NULL,NULL,'2019-11-28 11:52:54'),(46,5,0,'Customer 1','','mycustomer1@example.com','','fa9ade908a5a420e7dc64e62d1d9eb65',0,'',NULL,'file',NULL,NULL,'2019-11-28 11:52:54'),(47,5,0,'Customer 2','','mycustomer2@example.com','','5d502923487f0f4226ab9f5f71102857',0,'',NULL,'file',NULL,NULL,'2019-11-28 11:52:54'),(48,5,0,'Customer 3','','mycustomer3@example.com','','0b7da54f9969554eee95684069173f23',0,'',NULL,'file',NULL,NULL,'2019-11-28 11:52:54'),(49,5,0,'Customer 4','','mycustomer4@example.com','','b073cf47a6af4740c76620ab4442033c',0,'',NULL,'file',NULL,NULL,'2019-11-28 11:52:54'),(50,5,0,'Customer 5','','mycustomer5@example.com','','468b7404027e91edf437c3980619c8f6',0,'',NULL,'file',NULL,NULL,'2019-11-28 11:52:54'),(51,5,0,'Customer 6','','mycustomer6@example.com','','cb196086497f64cd23dd68aed2bf5cc8',0,'',NULL,'file',NULL,NULL,'2019-11-28 11:52:54'),(52,5,0,'Prospect 1','','myprospect1@example.com','','9854ed6528267f30c8c22c24384b31ae',0,'',NULL,'file',NULL,NULL,'2019-11-28 11:52:54'),(53,5,0,'Prospect 2','','myprospect2@example.com','','b37ed581bbc51b6d9a334e1626b5fe22',0,'',NULL,'file',NULL,NULL,'2019-11-28 11:52:54'),(54,5,0,'Prospect 3','','myprospect3@example.com','','8bedd7821877a72841efae36691f7765',0,'',NULL,'file',NULL,NULL,'2019-11-28 11:52:54'),(55,5,0,'Prospect 4','','myprospect4@example.com','','518353a5cfb1a628ada10874ac4e0098',0,'',NULL,'file',NULL,NULL,'2019-11-28 11:52:54'),(56,5,0,'Prospect 5','','myprospect5@example.com','','de392a2999e262fec63c9de4a3fe7613',0,'',NULL,'file',NULL,NULL,'2019-11-28 11:52:54'),(57,5,0,'Prospect 6','','myprospect6@example.com','','56256cc297c4870c514819cdb4e6b95c',0,'',NULL,'file',NULL,NULL,'2019-11-28 11:52:54'),(58,5,0,'Prospect 7','','myprospect7@example.com','','d32512607d4e74d6f71d031538128721',0,'',NULL,'file',NULL,NULL,'2019-11-28 11:52:54'),(59,5,0,'Prospect 8','','myprospect8@example.com','','427eeb75492ede5355996a8df998f9de',0,'',NULL,'file',NULL,NULL,'2019-11-28 11:52:54'),(60,6,0,'john','doe','johndoe@email.com','Login=john;Title=;End date=07/17/2014;Company=','10698de566dfbdd73c1f4bd2d956065e',2,'<a href=\"/dolibarr_17.0/htdocs/adherents/card.php?rowid=3\"><span class=\"fas fa-user infobox-adherent\" style=\"\"></span></a>',3,'member','2023-02-25 00:02:21',NULL,'2023-02-25 03:07:58'),(61,6,0,'Curie','Pierre','pcurie@example.com','Login=pcurie;Title=;End date=07/17/2020;Company=','64d38bce8a23b98e81ccd4893182be20',1,'<a href=\"/dolibarr_17.0/htdocs/adherents/card.php?rowid=2\"><span class=\"fas fa-user infobox-adherent\" style=\"\"></span></a>',2,'member','2023-02-25 00:02:21',NULL,'2023-02-25 03:02:21'),(62,6,0,'smith','smith','smith@email.com','Login=Smith;Title=;End date=07/17/2018;Company=','238dfc11f26e1dffccb4a6e014826b5f',1,'<a href=\"/dolibarr_17.0/htdocs/adherents/card.php?rowid=4\"><span class=\"fas fa-user infobox-adherent\" style=\"\"></span></a>',4,'member','2023-02-25 00:02:21',NULL,'2023-02-25 03:02:21'),(63,6,0,'Smith','Vick','vsmith@email.com','Login=vsmith;Title=;End date=07/09/2014;Company=NLTechno','e8995334c1769f60f93baca38efd0ed7',2,'<a href=\"/dolibarr_17.0/htdocs/adherents/card.php?rowid=1\"><span class=\"fas fa-user infobox-adherent\" style=\"\"></span></a>',1,'member','2023-02-25 00:02:21',NULL,'2023-02-25 03:07:50');

--
-- Table structure for table `llx_mailing_unsubscribe`
--

CREATE TABLE `llx_mailing_unsubscribe` (
  `rowid` int(11) NOT NULL AUTO_INCREMENT,
  `entity` int(11) NOT NULL DEFAULT 1,
  `email` varchar(255) DEFAULT NULL,
  `unsubscribegroup` varchar(128) DEFAULT '',
  `ip` varchar(128) DEFAULT NULL,
  `date_creat` datetime DEFAULT NULL,
  `tms` timestamp NOT NULL DEFAULT current_timestamp() ON UPDATE current_timestamp(),
  PRIMARY KEY (`rowid`),
  UNIQUE KEY `uk_mailing_unsubscribe` (`email`,`entity`,`unsubscribegroup`)
) ENGINE=InnoDB AUTO_INCREMENT=2 DEFAULT CHARSET=utf8mb3 COLLATE=utf8mb3_unicode_ci;

--
-- Dumping data for table `llx_mailing_unsubscribe`
--

INSERT INTO `llx_mailing_unsubscribe` VALUES (1,1,'aaa@it.com','',NULL,'2022-12-28 00:56:09','2022-12-28 00:56:09');

--
-- Table structure for table `llx_menu`
--

CREATE TABLE `llx_menu` (
  `rowid` int(11) NOT NULL AUTO_INCREMENT,
  `menu_handler` varchar(16) NOT NULL,
  `entity` int(11) NOT NULL DEFAULT 1,
  `module` varchar(255) DEFAULT NULL,
  `type` varchar(4) NOT NULL,
  `mainmenu` varchar(100) NOT NULL,
  `fk_menu` int(11) NOT NULL,
  `fk_leftmenu` varchar(100) DEFAULT NULL,
  `fk_mainmenu` varchar(100) DEFAULT NULL,
  `position` int(11) NOT NULL,
  `url` varchar(255) NOT NULL,
  `target` varchar(100) DEFAULT NULL,
  `titre` varchar(255) NOT NULL,
  `prefix` varchar(255) DEFAULT NULL,
  `langs` varchar(100) DEFAULT NULL,
  `level` smallint(6) DEFAULT NULL,
  `leftmenu` varchar(100) DEFAULT NULL,
  `perms` text DEFAULT NULL,
  `enabled` text DEFAULT NULL,
  `usertype` int(11) NOT NULL DEFAULT 0,
  `tms` timestamp NOT NULL DEFAULT current_timestamp() ON UPDATE current_timestamp(),
  PRIMARY KEY (`rowid`),
  UNIQUE KEY `idx_menu_uk_menu` (`menu_handler`,`fk_menu`,`position`,`url`,`entity`),
  KEY `idx_menu_menuhandler_type` (`menu_handler`,`type`)
) ENGINE=InnoDB AUTO_INCREMENT=167846 DEFAULT CHARSET=utf8mb3 COLLATE=utf8mb3_unicode_ci;

--
-- Dumping data for table `llx_menu`
--

INSERT INTO `llx_menu` VALUES (103094,'all',2,'agenda','top','agenda',0,NULL,NULL,100,'/comm/action/index.php','','Agenda',NULL,'agenda',NULL,NULL,'$user->rights->agenda->myactions->read','$conf->agenda->enabled',2,'2015-03-13 15:29:19'),(103095,'all',2,'agenda','left','agenda',103094,NULL,NULL,100,'/comm/action/index.php?mainmenu=agenda&amp;leftmenu=agenda','','Actions',NULL,'agenda',NULL,NULL,'$user->rights->agenda->myactions->read','$conf->agenda->enabled',2,'2015-03-13 15:29:19'),(103096,'all',2,'agenda','left','agenda',103095,NULL,NULL,101,'/comm/action/card.php?mainmenu=agenda&amp;leftmenu=agenda&amp;action=create','','NewAction',NULL,'commercial',NULL,NULL,'($user->rights->agenda->myactions->create||$user->rights->agenda->allactions->create)','$conf->agenda->enabled',2,'2015-03-13 15:29:19'),(103097,'all',2,'agenda','left','agenda',103095,NULL,NULL,102,'/comm/action/index.php?mainmenu=agenda&amp;leftmenu=agenda','','Calendar',NULL,'agenda',NULL,NULL,'$user->rights->agenda->myactions->read','$conf->agenda->enabled',2,'2015-03-13 15:29:19'),(103098,'all',2,'agenda','left','agenda',103097,NULL,NULL,103,'/comm/action/index.php?mainmenu=agenda&amp;leftmenu=agenda&amp;status=todo&amp;filter=mine','','MenuToDoMyActions',NULL,'agenda',NULL,NULL,'$user->rights->agenda->myactions->read','$conf->agenda->enabled',2,'2015-03-13 15:29:19'),(103099,'all',2,'agenda','left','agenda',103097,NULL,NULL,104,'/comm/action/index.php?mainmenu=agenda&amp;leftmenu=agenda&amp;status=done&amp;filter=mine','','MenuDoneMyActions',NULL,'agenda',NULL,NULL,'$user->rights->agenda->myactions->read','$conf->agenda->enabled',2,'2015-03-13 15:29:19'),(103100,'all',2,'agenda','left','agenda',103097,NULL,NULL,105,'/comm/action/index.php?mainmenu=agenda&amp;leftmenu=agenda&amp;status=todo','','MenuToDoActions',NULL,'agenda',NULL,NULL,'$user->rights->agenda->allactions->read','$user->rights->agenda->allactions->read',2,'2015-03-13 15:29:19'),(103101,'all',2,'agenda','left','agenda',103097,NULL,NULL,106,'/comm/action/index.php?mainmenu=agenda&amp;leftmenu=agenda&amp;status=done','','MenuDoneActions',NULL,'agenda',NULL,NULL,'$user->rights->agenda->allactions->read','$user->rights->agenda->allactions->read',2,'2015-03-13 15:29:19'),(103102,'all',2,'agenda','left','agenda',103095,NULL,NULL,112,'/comm/action/listactions.php?mainmenu=agenda&amp;leftmenu=agenda','','List',NULL,'agenda',NULL,NULL,'$user->rights->agenda->myactions->read','$conf->agenda->enabled',2,'2015-03-13 15:29:19'),(103103,'all',2,'agenda','left','agenda',103102,NULL,NULL,113,'/comm/action/listactions.php?mainmenu=agenda&amp;leftmenu=agenda&amp;status=todo&amp;filter=mine','','MenuToDoMyActions',NULL,'agenda',NULL,NULL,'$user->rights->agenda->myactions->read','$conf->agenda->enabled',2,'2015-03-13 15:29:19'),(103104,'all',2,'agenda','left','agenda',103102,NULL,NULL,114,'/comm/action/listactions.php?mainmenu=agenda&amp;leftmenu=agenda&amp;status=done&amp;filter=mine','','MenuDoneMyActions',NULL,'agenda',NULL,NULL,'$user->rights->agenda->myactions->read','$conf->agenda->enabled',2,'2015-03-13 15:29:19'),(103105,'all',2,'agenda','left','agenda',103102,NULL,NULL,115,'/comm/action/listactions.php?mainmenu=agenda&amp;leftmenu=agenda&amp;status=todo','','MenuToDoActions',NULL,'agenda',NULL,NULL,'$user->rights->agenda->allactions->read','$user->rights->agenda->allactions->read',2,'2015-03-13 15:29:19'),(103106,'all',2,'agenda','left','agenda',103102,NULL,NULL,116,'/comm/action/listactions.php?mainmenu=agenda&amp;leftmenu=agenda&amp;status=done','','MenuDoneActions',NULL,'agenda',NULL,NULL,'$user->rights->agenda->allactions->read','$user->rights->agenda->allactions->read',2,'2015-03-13 15:29:19'),(103107,'all',2,'agenda','left','agenda',103095,NULL,NULL,120,'/comm/action/rapport/index.php?mainmenu=agenda&amp;leftmenu=agenda','','Reportings',NULL,'agenda',NULL,NULL,'$user->rights->agenda->allactions->read','$conf->agenda->enabled',2,'2015-03-13 15:29:19'),(103134,'all',2,'opensurvey','top','opensurvey',0,NULL,NULL,200,'/opensurvey/index.php','','Surveys',NULL,'opensurvey',NULL,NULL,'$user->rights->opensurvey->survey->read','$conf->opensurvey->enabled',0,'2015-03-13 20:33:42'),(103135,'all',2,'opensurvey','left','opensurvey',-1,NULL,'opensurvey',200,'/opensurvey/index.php?mainmenu=opensurvey&leftmenu=opensurvey','','Survey',NULL,'opensurvey@opensurvey',NULL,'opensurvey','','$conf->opensurvey->enabled',0,'2015-03-13 20:33:42'),(103136,'all',2,'opensurvey','left','opensurvey',-1,'opensurvey','opensurvey',210,'/opensurvey/public/index.php','_blank','NewSurvey',NULL,'opensurvey@opensurvey',NULL,'opensurvey_new','','$conf->opensurvey->enabled',0,'2015-03-13 20:33:42'),(103137,'all',2,'opensurvey','left','opensurvey',-1,'opensurvey','opensurvey',220,'/opensurvey/list.php','','List',NULL,'opensurvey@opensurvey',NULL,'opensurvey_list','','$conf->opensurvey->enabled',0,'2015-03-13 20:33:42'),(161088,'auguria',1,'','top','home',0,NULL,NULL,10,'/index.php?mainmenu=home&amp;leftmenu=','','Home',NULL,'',-1,'','','1',2,'2017-08-30 15:14:30'),(161089,'auguria',1,'societe|fournisseur','top','companies',0,NULL,NULL,20,'/societe/index.php?mainmenu=companies&amp;leftmenu=','','ThirdParties',NULL,'companies',-1,'','$user->rights->societe->lire || $user->rights->societe->contact->lire','( ! empty($conf->societe->enabled) && (empty($conf->global->SOCIETE_DISABLE_PROSPECTS) || empty($conf->global->SOCIETE_DISABLE_CUSTOMERS))) || ! empty($conf->fournisseur->enabled)',2,'2017-08-30 15:14:30'),(161090,'auguria',1,'product|service','top','products',0,NULL,NULL,30,'/product/index.php?mainmenu=products&amp;leftmenu=','','Products/Services',NULL,'products',-1,'','$user->rights->produit->lire||$user->rights->service->lire','$conf->product->enabled || $conf->service->enabled',0,'2017-08-30 15:14:30'),(161092,'auguria',1,'propal|commande|fournisseur|contrat|ficheinter','top','commercial',0,NULL,NULL,40,'/comm/index.php?mainmenu=commercial&amp;leftmenu=','','Commercial',NULL,'commercial',-1,'','$user->rights->societe->lire || $user->rights->societe->contact->lire','$conf->propal->enabled || $conf->commande->enabled || $conf->supplier_order->enabled || $conf->contrat->enabled || $conf->ficheinter->enabled',2,'2017-08-30 15:14:30'),(161093,'auguria',1,'comptabilite|accounting|facture|don|tax|salaries|loan','top','accountancy',0,NULL,NULL,50,'/compta/index.php?mainmenu=accountancy&amp;leftmenu=','','MenuFinancial',NULL,'compta',-1,'','$user->rights->compta->resultat->lire || $user->rights->accounting->plancompte->lire || $user->rights->facture->lire|| $user->rights->don->lire || $user->rights->tax->charges->lire || $user->rights->salaries->read || $user->rights->loan->read','$conf->comptabilite->enabled || $conf->accounting->enabled || $conf->facture->enabled || $conf->don->enabled  || $conf->tax->enabled || $conf->salaries->enabled || $conf->supplier_invoice->enabled || $conf->loan->enabled',2,'2017-08-30 15:14:30'),(161094,'auguria',1,'projet','top','project',0,NULL,NULL,70,'/projet/index.php?mainmenu=project&amp;leftmenu=','','Projects',NULL,'projects',-1,'','$user->rights->projet->lire','$conf->projet->enabled',2,'2017-08-30 15:14:30'),(161095,'auguria',1,'mailing|export|import|opensurvey|resource','top','tools',0,NULL,NULL,90,'/core/tools.php?mainmenu=tools&amp;leftmenu=','','Tools',NULL,'other',-1,'','$user->rights->mailing->lire || $user->rights->export->lire || $user->rights->import->run || $user->rights->opensurvey->read || $user->rights->resource->read','$conf->mailing->enabled || $conf->export->enabled || $conf->import->enabled || $conf->opensurvey->enabled || $conf->resource->enabled',2,'2017-08-30 15:14:30'),(161101,'auguria',1,'banque|prelevement','top','bank',0,NULL,NULL,60,'/compta/bank/index.php?mainmenu=bank&amp;leftmenu=bank','','MenuBankCash',NULL,'banks',-1,'','$user->rights->banque->lire || $user->rights->prelevement->bons->lire','$conf->banque->enabled || $conf->prelevement->enabled',0,'2017-08-30 15:14:30'),(161102,'auguria',1,'hrm|holiday|deplacement|expensereport','top','hrm',0,NULL,NULL,80,'/hrm/index.php?mainmenu=hrm&amp;leftmenu=','','HRM',NULL,'holiday',-1,'','$user->rights->hrm->employee->read || $user->rights->holiday->write || $user->rights->deplacement->lire || $user->rights->expensereport->lire','$conf->hrm->enabled || $conf->holiday->enabled || $conf->deplacement->enabled || $conf->expensereport->enabled',0,'2017-08-30 15:14:30'),(161177,'auguria',1,'','left','home',161088,NULL,NULL,0,'/index.php','','MyDashboard',NULL,'',0,'','','1',2,'2017-08-30 15:14:30'),(161187,'auguria',1,'','left','home',161088,NULL,NULL,1,'/admin/index.php?leftmenu=setup','','Setup',NULL,'admin',0,'setup','','$user->admin',2,'2017-08-30 15:14:30'),(161188,'auguria',1,'','left','home',161187,NULL,NULL,1,'/admin/company.php?leftmenu=setup','','MenuCompanySetup',NULL,'admin',1,'','','$leftmenu==\"setup\"',2,'2017-08-30 15:14:30'),(161189,'auguria',1,'','left','home',161187,NULL,NULL,4,'/admin/ihm.php?leftmenu=setup','','GUISetup',NULL,'admin',1,'','','$leftmenu==\"setup\"',2,'2017-08-30 15:14:30'),(161190,'auguria',1,'','left','home',161187,NULL,NULL,2,'/admin/modules.php?leftmenu=setup','','Modules',NULL,'admin',1,'','','$leftmenu==\"setup\"',2,'2017-08-30 15:14:30'),(161191,'auguria',1,'','left','home',161187,NULL,NULL,6,'/admin/boxes.php?leftmenu=setup','','Boxes',NULL,'admin',1,'','','$leftmenu==\"setup\"',2,'2017-08-30 15:14:30'),(161192,'auguria',1,'','left','home',161187,NULL,NULL,3,'/admin/menus.php?leftmenu=setup','','Menus',NULL,'admin',1,'','','$leftmenu==\'setup\'',2,'2017-09-06 08:29:47'),(161193,'auguria',1,'','left','home',161187,NULL,NULL,7,'/admin/delais.php?leftmenu=setup','','Alerts',NULL,'admin',1,'','','$leftmenu==\"setup\"',2,'2017-08-30 15:14:30'),(161194,'auguria',1,'','left','home',161187,NULL,NULL,10,'/admin/pdf.php?leftmenu=setup','','PDF',NULL,'admin',1,'','','$leftmenu==\"setup\"',2,'2017-08-30 15:14:30'),(161195,'auguria',1,'','left','home',161187,NULL,NULL,8,'/admin/security_other.php?leftmenu=setup','','Security',NULL,'admin',1,'','','$leftmenu==\'setup\'',2,'2017-09-06 08:29:36'),(161196,'auguria',1,'','left','home',161187,NULL,NULL,11,'/admin/mails.php?leftmenu=setup','','Emails',NULL,'admin',1,'','','$leftmenu==\"setup\"',2,'2017-08-30 15:14:30'),(161197,'auguria',1,'','left','home',161187,NULL,NULL,9,'/admin/limits.php?leftmenu=setup','','MenuLimits',NULL,'admin',1,'','','$leftmenu==\"setup\"',2,'2017-08-30 15:14:30'),(161198,'auguria',1,'','left','home',161187,NULL,NULL,13,'/admin/dict.php?leftmenu=setup','','Dictionary',NULL,'admin',1,'','','$leftmenu==\"setup\"',2,'2017-08-30 15:14:30'),(161199,'auguria',1,'','left','home',161187,NULL,NULL,14,'/admin/const.php?leftmenu=setup','','OtherSetup',NULL,'admin',1,'','','$leftmenu==\"setup\"',2,'2017-08-30 15:14:30'),(161200,'auguria',1,'','left','home',161187,NULL,NULL,12,'/admin/sms.php?leftmenu=setup','','SMS',NULL,'admin',1,'','','$leftmenu==\"setup\"',2,'2017-08-30 15:14:30'),(161201,'auguria',1,'','left','home',161187,NULL,NULL,4,'/admin/translation.php?leftmenu=setup','','Translation',NULL,'admin',1,'','','$leftmenu==\"setup\"',2,'2017-08-30 15:14:30'),(161288,'auguria',1,'','left','home',161387,NULL,NULL,0,'/admin/system/dolibarr.php?leftmenu=admintools','','InfoDolibarr',NULL,'admin',1,'','','$leftmenu==\"admintools\"',2,'2017-08-30 15:14:30'),(161289,'auguria',1,'','left','home',161288,NULL,NULL,2,'/admin/system/modules.php?leftmenu=admintools','','Modules',NULL,'admin',2,'','','$leftmenu==\"admintools\"',2,'2017-08-30 15:14:30'),(161290,'auguria',1,'','left','home',161288,NULL,NULL,3,'/admin/triggers.php?leftmenu=admintools','','Triggers',NULL,'admin',2,'','','$leftmenu==\"admintools\"',2,'2017-08-30 15:14:30'),(161291,'auguria',1,'','left','home',161288,NULL,NULL,4,'/admin/system/filecheck.php?leftmenu=admintools','','FileCheck',NULL,'admin',2,'','','$leftmenu==\"admintools\"',2,'2017-08-30 15:14:30'),(161292,'auguria',1,'','left','home',161387,NULL,NULL,1,'/admin/system/browser.php?leftmenu=admintools','','InfoBrowser',NULL,'admin',1,'','','$leftmenu==\"admintools\"',2,'2017-08-30 15:14:30'),(161293,'auguria',1,'','left','home',161387,NULL,NULL,2,'/admin/system/os.php?leftmenu=admintools','','InfoOS',NULL,'admin',1,'','','$leftmenu==\"admintools\"',2,'2017-08-30 15:14:30'),(161294,'auguria',1,'','left','home',161387,NULL,NULL,3,'/admin/system/web.php?leftmenu=admintools','','InfoWebServer',NULL,'admin',1,'','','$leftmenu==\"admintools\"',2,'2017-08-30 15:14:30'),(161295,'auguria',1,'','left','home',161387,NULL,NULL,4,'/admin/system/phpinfo.php?leftmenu=admintools','','InfoPHP',NULL,'admin',1,'','','$leftmenu==\"admintools\"',2,'2017-08-30 15:14:30'),(161297,'auguria',1,'','left','home',161387,NULL,NULL,5,'/admin/system/database.php?leftmenu=admintools','','InfoDatabase',NULL,'admin',1,'','','$leftmenu==\"admintools\"',2,'2017-08-30 15:14:30'),(161387,'auguria',1,'','left','home',161088,NULL,NULL,2,'/admin/tools/index.php?leftmenu=admintools','','AdminTools',NULL,'admin',0,'admintools','','$user->admin',2,'2017-08-30 15:14:30'),(161388,'auguria',1,'','left','home',161387,NULL,NULL,6,'/admin/tools/dolibarr_export.php?leftmenu=admintools','','Backup',NULL,'admin',1,'','','$leftmenu==\"admintools\"',2,'2017-08-30 15:14:30'),(161389,'auguria',1,'','left','home',161387,NULL,NULL,7,'/admin/tools/dolibarr_import.php?leftmenu=admintools','','Restore',NULL,'admin',1,'','','$leftmenu==\"admintools\"',2,'2017-08-30 15:14:30'),(161392,'auguria',1,'','left','home',161387,NULL,NULL,8,'/admin/tools/update.php?leftmenu=admintools','','MenuUpgrade',NULL,'admin',1,'','','$leftmenu==\"admintools\"',2,'2017-08-30 15:14:30'),(161393,'auguria',1,'','left','home',161387,NULL,NULL,9,'/admin/tools/eaccelerator.php?leftmenu=admintools','','EAccelerator',NULL,'admin',1,'','','$leftmenu==\"admintools\" && function_exists(\"eaccelerator_info\")',2,'2017-08-30 15:14:30'),(161394,'auguria',1,'','left','home',161387,NULL,NULL,10,'/admin/tools/listevents.php?leftmenu=admintools','','Audit',NULL,'admin',1,'','','$leftmenu==\"admintools\"',2,'2017-08-30 15:14:30'),(161395,'auguria',1,'','left','home',161387,NULL,NULL,11,'/admin/tools/listsessions.php?leftmenu=admintools','','Sessions',NULL,'admin',1,'','','$leftmenu==\"admintools\"',2,'2017-08-30 15:14:30'),(161396,'auguria',1,'','left','home',161387,NULL,NULL,12,'/admin/tools/purge.php?leftmenu=admintools','','Purge',NULL,'admin',1,'','','$leftmenu==\"admintools\"',2,'2017-08-30 15:14:30'),(161398,'auguria',1,'','left','home',161387,NULL,NULL,14,'/admin/system/about.php?leftmenu=admintools','','ExternalResources',NULL,'admin',1,'','','$leftmenu==\"admintools\"',2,'2017-08-30 15:14:30'),(161407,'auguria',1,'','left','home',161387,NULL,NULL,15,'/product/admin/product_tools.php?mainmenu=home&amp;leftmenu=admintools','','ProductVatMassChange',NULL,'products',1,'','','$leftmenu==\"admintools\"',2,'2017-08-30 15:14:30'),(161487,'auguria',1,'','left','home',161088,NULL,NULL,4,'/user/home.php?leftmenu=users','','MenuUsersAndGroups',NULL,'users',0,'users','','1',2,'2017-08-30 15:14:30'),(161488,'auguria',1,'','left','home',161487,NULL,NULL,0,'/user/index.php?leftmenu=users','','Users',NULL,'users',1,'','$user->rights->user->user->lire || $user->admin','$leftmenu==\"users\"',2,'2017-08-30 15:14:30'),(161489,'auguria',1,'','left','home',161488,NULL,NULL,0,'/user/card.php?leftmenu=users&amp;action=create','','NewUser',NULL,'users',2,'','($user->rights->user->user->creer || $user->admin) && !(! empty($conf->multicompany->enabled) && $conf->entity > 1 && $conf->global->MULTICOMPANY_TRANSVERSE_MODE)','$leftmenu==\"users\"',2,'2017-08-30 15:14:30'),(161490,'auguria',1,'','left','home',161487,NULL,NULL,1,'/user/group/index.php?leftmenu=users','','Groups',NULL,'users',1,'','(($conf->global->MAIN_USE_ADVANCED_PERMS?$user->rights->user->group_advance->read:$user->rights->user->user->lire) || $user->admin) && !(! empty($conf->multicompany->enabled) && $conf->entity > 1 && $conf->global->MULTICOMPANY_TRANSVERSE_MODE)','$leftmenu==\"users\"',2,'2017-08-30 15:14:30'),(161491,'auguria',1,'','left','home',161490,NULL,NULL,0,'/user/group/card.php?leftmenu=users&amp;action=create','','NewGroup',NULL,'users',2,'','(($conf->global->MAIN_USE_ADVANCED_PERMS?$user->rights->user->group_advance->write:$user->rights->user->user->creer) || $user->admin) && !(! empty($conf->multicompany->enabled) && $conf->entity > 1 && $conf->global->MULTICOMPANY_TRANSVERSE_MODE)','$leftmenu==\"users\"',2,'2017-08-30 15:14:30'),(161587,'auguria',1,'','left','companies',161089,NULL,NULL,0,'/societe/index.php?leftmenu=thirdparties','','ThirdParty',NULL,'companies',0,'thirdparties','$user->rights->societe->lire','$conf->societe->enabled',2,'2017-08-30 15:14:30'),(161588,'auguria',1,'','left','companies',161587,NULL,NULL,0,'/societe/card.php?action=create','','MenuNewThirdParty',NULL,'companies',1,'','$user->rights->societe->lire','$conf->societe->enabled',2,'2017-08-30 15:14:30'),(161589,'auguria',1,'','left','companies',161587,NULL,NULL,0,'/societe/list.php?action=create','','List',NULL,'companies',1,'','$user->rights->societe->lire','$conf->societe->enabled',2,'2017-08-30 15:14:30'),(161590,'auguria',1,'','left','companies',161587,NULL,NULL,5,'/societe/list.php?type=f&leftmenu=suppliers','','ListSuppliersShort',NULL,'suppliers',1,'','$user->rights->societe->lire && $user->rights->fournisseur->lire','$conf->societe->enabled && $conf->fournisseur->enabled',2,'2017-08-30 15:14:30'),(161591,'auguria',1,'','left','companies',161590,NULL,NULL,0,'/societe/card.php?leftmenu=supplier&amp;action=create&amp;type=f','','NewSupplier',NULL,'suppliers',2,'','$user->rights->societe->creer','$conf->societe->enabled && $conf->fournisseur->enabled',2,'2017-08-30 15:14:30'),(161593,'auguria',1,'','left','companies',161587,NULL,NULL,3,'/societe/list.php?type=p&leftmenu=prospects','','ListProspectsShort',NULL,'companies',1,'','$user->rights->societe->lire','$conf->societe->enabled',2,'2017-08-30 15:14:30'),(161594,'auguria',1,'','left','companies',161593,NULL,NULL,0,'/societe/card.php?leftmenu=prospects&amp;action=create&amp;type=p','','MenuNewProspect',NULL,'companies',2,'','$user->rights->societe->creer','$conf->societe->enabled',2,'2017-08-30 15:14:30'),(161596,'auguria',1,'','left','companies',161587,NULL,NULL,4,'/societe/list.php?type=c&leftmenu=customers','','ListCustomersShort',NULL,'companies',1,'','$user->rights->societe->lire','$conf->societe->enabled',2,'2017-08-30 15:14:30'),(161597,'auguria',1,'','left','companies',161596,NULL,NULL,0,'/societe/card.php?leftmenu=customers&amp;action=create&amp;type=c','','MenuNewCustomer',NULL,'companies',2,'','$user->rights->societe->creer','$conf->societe->enabled',2,'2017-08-30 15:14:30'),(161687,'auguria',1,'','left','companies',161089,NULL,NULL,1,'/contact/list.php?leftmenu=contacts','','ContactsAddresses',NULL,'companies',0,'contacts','$user->rights->societe->lire','$conf->societe->enabled',2,'2017-08-30 15:14:30'),(161688,'auguria',1,'','left','companies',161687,NULL,NULL,0,'/contact/card.php?leftmenu=contacts&amp;action=create','','NewContactAddress',NULL,'companies',1,'','$user->rights->societe->creer','$conf->societe->enabled',2,'2017-08-30 15:14:30'),(161689,'auguria',1,'','left','companies',161687,NULL,NULL,1,'/contact/list.php?leftmenu=contacts','','List',NULL,'companies',1,'','$user->rights->societe->lire','$conf->societe->enabled',2,'2017-08-30 15:14:30'),(161691,'auguria',1,'','left','companies',161689,NULL,NULL,1,'/contact/list.php?leftmenu=contacts&amp;type=p','','ThirdPartyProspects',NULL,'companies',2,'','$user->rights->societe->contact->lire','$conf->societe->enabled',2,'2017-08-30 15:14:30'),(161692,'auguria',1,'','left','companies',161689,NULL,NULL,2,'/contact/list.php?leftmenu=contacts&amp;type=c','','ThirdPartyCustomers',NULL,'companies',2,'','$user->rights->societe->contact->lire','$conf->societe->enabled',2,'2017-08-30 15:14:30'),(161693,'auguria',1,'','left','companies',161689,NULL,NULL,3,'/contact/list.php?leftmenu=contacts&amp;type=f','','ThirdPartySuppliers',NULL,'companies',2,'','$user->rights->societe->contact->lire','$conf->societe->enabled && $conf->fournisseur->enabled',2,'2017-08-30 15:14:30'),(161694,'auguria',1,'','left','companies',161689,NULL,NULL,4,'/contact/list.php?leftmenu=contacts&amp;type=o','','Others',NULL,'companies',2,'','$user->rights->societe->contact->lire','$conf->societe->enabled',2,'2017-08-30 15:14:30'),(161737,'auguria',1,'','left','companies',161089,NULL,NULL,3,'/categories/index.php?leftmenu=cat&amp;type=1','','SuppliersCategoriesShort',NULL,'categories',0,'cat','$user->rights->categorie->lire','$conf->societe->enabled && $conf->categorie->enabled',2,'2017-08-30 15:14:30'),(161738,'auguria',1,'','left','companies',161737,NULL,NULL,0,'/categories/card.php?action=create&amp;type=1','','NewCategory',NULL,'categories',1,'','$user->rights->categorie->creer','$conf->societe->enabled && $conf->categorie->enabled',2,'2017-08-30 15:14:30'),(161747,'auguria',1,'','left','companies',161089,NULL,NULL,4,'/categories/index.php?leftmenu=cat&amp;type=2','','CustomersProspectsCategoriesShort',NULL,'categories',0,'cat','$user->rights->categorie->lire','$conf->fournisseur->enabled && $conf->categorie->enabled',2,'2017-08-30 15:14:30'),(161748,'auguria',1,'','left','companies',161747,NULL,NULL,0,'/categories/card.php?action=create&amp;type=2','','NewCategory',NULL,'categories',1,'','$user->rights->categorie->creer','$conf->fournisseur->enabled && $conf->categorie->enabled',2,'2017-08-30 15:14:30'),(161757,'auguria',1,'','left','companies',161089,NULL,NULL,3,'/categories/index.php?leftmenu=cat&amp;type=4','','ContactCategoriesShort',NULL,'categories',0,'cat','$user->rights->categorie->lire','$conf->societe->enabled && $conf->categorie->enabled',2,'2017-08-30 15:14:30'),(161758,'auguria',1,'','left','companies',161757,NULL,NULL,0,'/categories/card.php?action=create&amp;type=4','','NewCategory',NULL,'categories',1,'','$user->rights->categorie->creer','$conf->societe->enabled && $conf->categorie->enabled',2,'2017-08-30 15:14:30'),(162187,'auguria',1,'','left','commercial',161092,NULL,NULL,4,'/comm/propal/index.php?leftmenu=propals','','Prop',NULL,'propal',0,'propals','$user->rights->propale->lire','$conf->propal->enabled',2,'2017-08-30 15:14:30'),(162188,'auguria',1,'','left','commercial',162187,NULL,NULL,0,'/comm/propal/card.php?action=create&amp;leftmenu=propals','','NewPropal',NULL,'propal',1,'','$user->rights->propale->creer','$conf->propal->enabled',2,'2017-08-30 15:14:30'),(162189,'auguria',1,'','left','commercial',162187,NULL,NULL,1,'/comm/propal/list.php?leftmenu=propals','','List',NULL,'propal',1,'','$user->rights->propale->lire','$conf->propal->enabled',2,'2017-08-30 15:14:30'),(162190,'auguria',1,'','left','commercial',162189,NULL,NULL,2,'/comm/propal/list.php?leftmenu=propals&amp;search_status=0','','PropalsDraft',NULL,'propal',1,'','$user->rights->propale->lire','$conf->propal->enabled && $leftmenu==\"propals\"',2,'2017-08-30 15:14:30'),(162191,'auguria',1,'','left','commercial',162189,NULL,NULL,3,'/comm/propal/list.php?leftmenu=propals&amp;search_status=1','','PropalsOpened',NULL,'propal',1,'','$user->rights->propale->lire','$conf->propal->enabled && $leftmenu==\"propals\"',2,'2017-08-30 15:14:30'),(162192,'auguria',1,'','left','commercial',162189,NULL,NULL,4,'/comm/propal/list.php?leftmenu=propals&amp;search_status=2','','PropalStatusSigned',NULL,'propal',1,'','$user->rights->propale->lire','$conf->propal->enabled && $leftmenu==\"propals\"',2,'2017-08-30 15:14:30'),(162193,'auguria',1,'','left','commercial',162189,NULL,NULL,5,'/comm/propal/list.php?leftmenu=propals&amp;search_status=3','','PropalStatusNotSigned',NULL,'propal',1,'','$user->rights->propale->lire','$conf->propal->enabled && $leftmenu==\"propals\"',2,'2017-08-30 15:14:30'),(162194,'auguria',1,'','left','commercial',162189,NULL,NULL,6,'/comm/propal/list.php?leftmenu=propals&amp;search_status=4','','PropalStatusBilled',NULL,'propal',1,'','$user->rights->propale->lire','$conf->propal->enabled && $leftmenu==\"propals\"',2,'2017-08-30 15:14:30'),(162197,'auguria',1,'','left','commercial',162187,NULL,NULL,4,'/comm/propal/stats/index.php?leftmenu=propals','','Statistics',NULL,'propal',1,'','$user->rights->propale->lire','$conf->propal->enabled',2,'2017-08-30 15:14:30'),(162287,'auguria',1,'','left','commercial',161092,NULL,NULL,5,'/commande/index.php?leftmenu=orders','','CustomersOrders',NULL,'orders',0,'orders','$user->rights->commande->lire','$conf->commande->enabled',2,'2017-08-30 15:14:30'),(162288,'auguria',1,'','left','commercial',162287,NULL,NULL,0,'/commande/card.php?action=create&amp;leftmenu=orders','','NewOrder',NULL,'orders',1,'','$user->rights->commande->creer','$conf->commande->enabled',2,'2017-08-30 15:14:30'),(162289,'auguria',1,'','left','commercial',162287,NULL,NULL,1,'/commande/list.php?leftmenu=orders','','List',NULL,'orders',1,'','$user->rights->commande->lire','$conf->commande->enabled',2,'2017-08-30 15:14:30'),(162290,'auguria',1,'','left','commercial',162289,NULL,NULL,2,'/commande/list.php?leftmenu=orders&amp;search_status=0','','StatusOrderDraftShort',NULL,'orders',1,'','$user->rights->commande->lire','$conf->commande->enabled && $leftmenu==\"orders\"',2,'2017-08-30 15:14:30'),(162291,'auguria',1,'','left','commercial',162289,NULL,NULL,3,'/commande/list.php?leftmenu=orders&amp;search_status=1','','StatusOrderValidated',NULL,'orders',1,'','$user->rights->commande->lire','$conf->commande->enabled && $leftmenu==\"orders\"',2,'2017-08-30 15:14:30'),(162292,'auguria',1,'','left','commercial',162289,NULL,NULL,4,'/commande/list.php?leftmenu=orders&amp;search_status=2','','StatusOrderOnProcessShort',NULL,'orders',1,'','$user->rights->commande->lire','$conf->commande->enabled && $leftmenu==\"orders\"',2,'2017-08-30 15:14:30'),(162293,'auguria',1,'','left','commercial',162289,NULL,NULL,5,'/commande/list.php?leftmenu=orders&amp;search_status=3','','StatusOrderToBill',NULL,'orders',1,'','$user->rights->commande->lire','$conf->commande->enabled && $leftmenu==\"orders\"',2,'2017-08-30 15:14:30'),(162294,'auguria',1,'','left','commercial',162289,NULL,NULL,6,'/commande/list.php?leftmenu=orders&amp;search_status=4','','StatusOrderProcessed',NULL,'orders',1,'','$user->rights->commande->lire','$conf->commande->enabled && $leftmenu==\"orders\"',2,'2017-08-30 15:14:30'),(162295,'auguria',1,'','left','commercial',162289,NULL,NULL,7,'/commande/list.php?leftmenu=orders&amp;search_status=-1','','StatusOrderCanceledShort',NULL,'orders',1,'','$user->rights->commande->lire','$conf->commande->enabled && $leftmenu==\"orders\"',2,'2017-08-30 15:14:30'),(162296,'auguria',1,'','left','commercial',162287,NULL,NULL,4,'/commande/stats/index.php?leftmenu=orders','','Statistics',NULL,'orders',1,'','$user->rights->commande->lire','$conf->commande->enabled',2,'2017-08-30 15:14:30'),(162387,'auguria',1,'','left','commercial',161090,NULL,NULL,6,'/expedition/index.php?leftmenu=sendings','','Shipments',NULL,'sendings',0,'sendings','$user->rights->expedition->lire','$conf->expedition->enabled',2,'2017-08-30 15:14:30'),(162388,'auguria',1,'','left','commercial',162387,NULL,NULL,0,'/expedition/card.php?action=create2&leftmenu=sendings','','NewSending',NULL,'sendings',1,'','$user->rights->expedition->creer','$conf->expedition->enabled && $leftmenu==\"sendings\"',2,'2017-08-30 15:14:30'),(162389,'auguria',1,'','left','commercial',162387,NULL,NULL,1,'/expedition/list.php?leftmenu=sendings','','List',NULL,'sendings',1,'','$user->rights->expedition->lire','$conf->expedition->enabled && $leftmenu==\"sendings\"',2,'2017-08-30 15:14:30'),(162390,'auguria',1,'','left','commercial',162387,NULL,NULL,2,'/expedition/stats/index.php?leftmenu=sendings','','Statistics',NULL,'sendings',1,'','$user->rights->expedition->lire','$conf->expedition->enabled && $leftmenu==\"sendings\"',2,'2017-08-30 15:14:30'),(162487,'auguria',1,'','left','commercial',161092,NULL,NULL,7,'/contrat/index.php?leftmenu=contracts','','Contracts',NULL,'contracts',0,'contracts','$user->rights->contrat->lire','$conf->contrat->enabled',2,'2017-08-30 15:14:30'),(162488,'auguria',1,'','left','commercial',162487,NULL,NULL,0,'/contrat/card.php?&action=create&amp;leftmenu=contracts','','NewContract',NULL,'contracts',1,'','$user->rights->contrat->creer','$conf->contrat->enabled',2,'2017-08-30 15:14:30'),(162489,'auguria',1,'','left','commercial',162487,NULL,NULL,1,'/contrat/list.php?leftmenu=contracts','','List',NULL,'contracts',1,'','$user->rights->contrat->lire','$conf->contrat->enabled',2,'2017-08-30 15:14:30'),(162490,'auguria',1,'','left','commercial',162487,NULL,NULL,2,'/contrat/services.php?leftmenu=contracts','','MenuServices',NULL,'contracts',1,'','$user->rights->contrat->lire','$conf->contrat->enabled',2,'2017-08-30 15:14:30'),(162491,'auguria',1,'','left','commercial',162490,NULL,NULL,0,'/contrat/services.php?leftmenu=contracts&amp;mode=0','','MenuInactiveServices',NULL,'contracts',2,'','$user->rights->contrat->lire','$conf->contrat->enabled && $leftmenu==\"contracts\"',2,'2017-08-30 15:14:30'),(162492,'auguria',1,'','left','commercial',162490,NULL,NULL,1,'/contrat/services.php?leftmenu=contracts&amp;mode=4','','MenuRunningServices',NULL,'contracts',2,'','$user->rights->contrat->lire','$conf->contrat->enabled && $leftmenu==\"contracts\"',2,'2017-08-30 15:14:30'),(162493,'auguria',1,'','left','commercial',162490,NULL,NULL,2,'/contrat/services.php?leftmenu=contracts&amp;mode=4&amp;filter=expired','','MenuExpiredServices',NULL,'contracts',2,'','$user->rights->contrat->lire','$conf->contrat->enabled && $leftmenu==\"contracts\"',2,'2017-08-30 15:14:30'),(162494,'auguria',1,'','left','commercial',162490,NULL,NULL,3,'/contrat/services.php?leftmenu=contracts&amp;mode=5','','MenuClosedServices',NULL,'contracts',2,'','$user->rights->contrat->lire','$conf->contrat->enabled && $leftmenu==\"contracts\"',2,'2017-08-30 15:14:30'),(162587,'auguria',1,'','left','commercial',161092,NULL,NULL,8,'/fichinter/list.php?leftmenu=ficheinter','','Interventions',NULL,'interventions',0,'ficheinter','$user->rights->ficheinter->lire','$conf->ficheinter->enabled',2,'2017-08-30 15:14:30'),(162588,'auguria',1,'','left','commercial',162587,NULL,NULL,0,'/fichinter/card.php?action=create&amp;leftmenu=ficheinter','','NewIntervention',NULL,'interventions',1,'','$user->rights->ficheinter->creer','$conf->ficheinter->enabled',2,'2017-08-30 15:14:30'),(162589,'auguria',1,'','left','commercial',162587,NULL,NULL,1,'/fichinter/list.php?leftmenu=ficheinter','','List',NULL,'interventions',1,'','$user->rights->ficheinter->lire','$conf->ficheinter->enabled',2,'2017-08-30 15:14:30'),(162590,'auguria',1,'','left','commercial',162587,NULL,NULL,2,'/fichinter/stats/index.php?leftmenu=ficheinter','','Statistics',NULL,'interventions',1,'','$user->rights->ficheinter->lire','$conf->ficheinter->enabled',2,'2017-08-30 15:14:30'),(162687,'auguria',1,'','left','accountancy',161093,NULL,NULL,3,'/fourn/facture/list.php?leftmenu=suppliers_bills','','BillsSuppliers',NULL,'bills',0,'suppliers_bills','$user->rights->fournisseur->facture->lire','$conf->supplier_invoice->enabled',2,'2023-02-27 16:28:21'),(162688,'auguria',1,'','left','accountancy',162687,NULL,NULL,0,'/fourn/facture/card.php?action=create&amp;leftmenu=suppliers_bills','','NewBill',NULL,'bills',1,'','$user->rights->fournisseur->facture->creer','$conf->supplier_invoice->enabled',2,'2017-08-30 15:14:30'),(162689,'auguria',1,'','left','accountancy',162687,NULL,NULL,1,'/fourn/facture/list.php?leftmenu=suppliers_bills','','List',NULL,'bills',1,'','$user->rights->fournisseur->facture->lire','$conf->supplier_invoice->enabled',2,'2017-08-30 15:14:30'),(162690,'auguria',1,'','left','accountancy',162687,NULL,NULL,2,'/fourn/facture/paiement.php?leftmenu=suppliers_bills','','Payments',NULL,'bills',1,'','$user->rights->fournisseur->facture->lire','$conf->supplier_invoice->enabled',2,'2017-08-30 15:14:30'),(162691,'auguria',1,'','left','accountancy',162687,NULL,NULL,8,'/compta/facture/stats/index.php?leftmenu=customers_bills&mode=supplier','','Statistics',NULL,'bills',1,'','$user->rights->fournisseur->facture->lire','$conf->supplier_invoice->enabled',2,'2017-08-30 15:14:30'),(162692,'auguria',1,'','left','accountancy',162690,NULL,NULL,1,'/fourn/facture/rapport.php?leftmenu=suppliers_bills','','Reporting',NULL,'bills',2,'','$user->rights->fournisseur->facture->lire','$conf->supplier_invoice->enabled',2,'2017-08-30 15:14:30'),(162787,'auguria',1,'','left','accountancy',161093,NULL,NULL,3,'/compta/facture/list.php?leftmenu=customers_bills','','BillsCustomers',NULL,'bills',0,'customer_bills','$user->rights->facture->lire','$conf->facture->enabled',2,'2017-08-30 15:14:30'),(162788,'auguria',1,'','left','accountancy',162787,NULL,NULL,3,'/compta/facture/card.php?action=create&amp;leftmenu=customers_bills','','NewBill',NULL,'bills',1,'','$user->rights->facture->creer','$conf->facture->enabled',2,'2017-08-30 15:14:30'),(162789,'auguria',1,'','left','accountancy',162787,NULL,NULL,5,'/compta/facture/fiche-rec.php?leftmenu=customers_bills','','ListOfTemplates',NULL,'bills',1,'','$user->rights->facture->lire','$conf->facture->enabled',2,'2017-08-30 15:14:30'),(162791,'auguria',1,'','left','accountancy',162787,NULL,NULL,6,'/compta/paiement/list.php?leftmenu=customers_bills','','Payments',NULL,'bills',1,'','$user->rights->facture->lire','$conf->facture->enabled',2,'2017-08-30 15:14:30'),(162792,'auguria',1,'','left','accountancy',162787,NULL,NULL,4,'/compta/facture/list.php?leftmenu=customers_bills','','List',NULL,'bills',1,'','$user->rights->facture->lire','$conf->facture->enabled',2,'2017-08-30 15:14:30'),(162797,'auguria',1,'','left','accountancy',162791,NULL,NULL,1,'/compta/paiement/rapport.php?leftmenu=customers_bills','','Reportings',NULL,'bills',2,'','$user->rights->facture->lire','$conf->facture->enabled',2,'2017-08-30 15:14:30'),(162798,'auguria',1,'','left','accountancy',161101,NULL,NULL,9,'/compta/paiement/cheque/index.php?leftmenu=checks&amp;mainmenu=bank','','MenuChequeDeposits',NULL,'bills',0,'checks','$user->rights->banque->lire','empty($conf->global->BANK_DISABLE_CHECK_DEPOSIT) && ! empty($conf->banque->enabled) && (! empty($conf->facture->enabled) || ! empty($conf->global->MAIN_MENU_CHEQUE_DEPOSIT_ON))',2,'2017-08-30 15:14:30'),(162799,'auguria',1,'','left','accountancy',162798,NULL,NULL,0,'/compta/paiement/cheque/card.php?leftmenu=checks&amp;action=new','','NewCheckDeposit',NULL,'compta',1,'','$user->rights->banque->lire','empty($conf->global->BANK_DISABLE_CHECK_DEPOSIT) && ! empty($conf->banque->enabled) && (! empty($conf->facture->enabled) || ! empty($conf->global->MAIN_MENU_CHEQUE_DEPOSIT_ON))',2,'2017-08-30 15:14:30'),(162800,'auguria',1,'','left','accountancy',162798,NULL,NULL,1,'/compta/paiement/cheque/list.php?leftmenu=checks','','List',NULL,'bills',1,'','$user->rights->banque->lire','empty($conf->global->BANK_DISABLE_CHECK_DEPOSIT) && ! empty($conf->banque->enabled) && (! empty($conf->facture->enabled) || ! empty($conf->global->MAIN_MENU_CHEQUE_DEPOSIT_ON))',2,'2017-08-30 15:14:30'),(162801,'auguria',1,'','left','accountancy',162787,NULL,NULL,8,'/compta/facture/stats/index.php?leftmenu=customers_bills','','Statistics',NULL,'bills',1,'','$user->rights->facture->lire','$conf->facture->enabled',2,'2017-08-30 15:14:30'),(162807,'auguria',1,'','left','accountancy',162792,NULL,NULL,1,'/compta/facture/list.php?leftmenu=customers_bills&amp;search_status=0','','BillShortStatusDraft',NULL,'bills',2,'','$user->rights->facture->lire','$conf->facture->enabled',2,'2017-08-30 15:14:30'),(162808,'auguria',1,'','left','accountancy',162792,NULL,NULL,2,'/compta/facture/list.php?leftmenu=customers_bills&amp;search_status=1','','BillShortStatusNotPaid',NULL,'bills',2,'','$user->rights->facture->lire','$conf->facture->enabled',2,'2017-08-30 15:14:30'),(162809,'auguria',1,'','left','accountancy',162792,NULL,NULL,3,'/compta/facture/list.php?leftmenu=customers_bills&amp;search_status=2','','BillShortStatusPaid',NULL,'bills',2,'','$user->rights->facture->lire','$conf->facture->enabled',2,'2017-08-30 15:14:30'),(162810,'auguria',1,'','left','accountancy',162792,NULL,NULL,4,'/compta/facture/list.php?leftmenu=customers_bills&amp;search_status=3','','BillShortStatusCanceled',NULL,'bills',2,'','$user->rights->facture->lire','$conf->facture->enabled',2,'2017-08-30 15:14:30'),(162987,'auguria',1,'','left','accountancy',161093,NULL,NULL,3,'/commande/list.php?leftmenu=orders&amp;search_status=3','','MenuOrdersToBill',NULL,'orders',0,'orders','$user->rights->commande->lire','$conf->commande->enabled',0,'2017-08-30 15:14:30'),(163087,'auguria',1,'','left','accountancy',161093,NULL,NULL,4,'/don/index.php?leftmenu=donations&amp;mainmenu=accountancy','','Donations',NULL,'donations',0,'donations','$user->rights->don->lire','$conf->don->enabled',2,'2017-08-30 15:14:30'),(163088,'auguria',1,'','left','accountancy',163087,NULL,NULL,0,'/don/card.php?leftmenu=donations&amp;mainmenu=accountancy&amp;action=create','','NewDonation',NULL,'donations',1,'','$user->rights->don->creer','$conf->don->enabled && $leftmenu==\"donations\"',2,'2017-08-30 15:14:30'),(163089,'auguria',1,'','left','accountancy',163087,NULL,NULL,1,'/don/list.php?leftmenu=donations&amp;mainmenu=accountancy','','List',NULL,'donations',1,'','$user->rights->don->lire','$conf->don->enabled && $leftmenu==\"donations\"',2,'2017-08-30 15:14:30'),(163187,'auguria',1,'','left','accountancy',161102,NULL,NULL,5,'/compta/deplacement/index.php?leftmenu=tripsandexpenses','','TripsAndExpenses',NULL,'trips',0,'tripsandexpenses','$user->rights->deplacement->lire','$conf->deplacement->enabled',0,'2017-08-30 15:14:30'),(163188,'auguria',1,'','left','accountancy',163187,NULL,NULL,1,'/compta/deplacement/card.php?action=create&amp;leftmenu=tripsandexpenses','','New',NULL,'trips',1,'','$user->rights->deplacement->creer','$conf->deplacement->enabled',0,'2017-08-30 15:14:30'),(163189,'auguria',1,'','left','accountancy',163187,NULL,NULL,2,'/compta/deplacement/list.php?leftmenu=tripsandexpenses','','List',NULL,'trips',1,'','$user->rights->deplacement->lire','$conf->deplacement->enabled',0,'2017-08-30 15:14:30'),(163190,'auguria',1,'','left','accountancy',163187,NULL,NULL,2,'/compta/deplacement/stats/index.php?leftmenu=tripsandexpenses','','Statistics',NULL,'trips',1,'','$user->rights->deplacement->lire','$conf->deplacement->enabled',0,'2017-08-30 15:14:30'),(163287,'auguria',1,'','left','accountancy',161093,NULL,NULL,6,'/compta/charges/index.php?leftmenu=tax&amp;mainmenu=accountancy','','MenuSpecialExpenses',NULL,'compta',0,'tax','(! empty($conf->tax->enabled) && $user->rights->tax->charges->lire) || (! empty($conf->salaries->enabled) && $user->rights->salaries->read)','$conf->tax->enabled || $conf->salaries->enabled',0,'2017-08-30 15:14:30'),(163297,'auguria',1,'','left','accountancy',163287,NULL,NULL,1,'/compta/salaries/index.php?leftmenu=tax_salary&amp;mainmenu=accountancy','','Salaries',NULL,'salaries',1,'tax_sal','$user->rights->salaries->payment->read','$conf->salaries->enabled',0,'2017-08-30 15:14:30'),(163298,'auguria',1,'','left','accountancy',163297,NULL,NULL,2,'/compta/salaries/card.php?leftmenu=tax_salary&amp;action=create','','NewPayment',NULL,'companies',2,'','$user->rights->salaries->payment->write','$conf->salaries->enabled && $leftmenu==\"tax_salary\"',0,'2017-08-30 15:14:30'),(163299,'auguria',1,'','left','accountancy',163297,NULL,NULL,3,'/compta/salaries/index.php?leftmenu=tax_salary','','Payments',NULL,'companies',2,'','$user->rights->salaries->payment->read','$conf->salaries->enabled && $leftmenu==\"tax_salary\"',0,'2017-08-30 15:14:30'),(163307,'auguria',1,'','left','accountancy',163287,NULL,NULL,1,'/loan/index.php?leftmenu=tax_loan&amp;mainmenu=accountancy','','Loans',NULL,'loan',1,'tax_loan','$user->rights->loan->read','$conf->loan->enabled',0,'2017-08-30 15:14:30'),(163308,'auguria',1,'','left','accountancy',163307,NULL,NULL,2,'/loan/card.php?leftmenu=tax_loan&amp;action=create','','NewLoan',NULL,'loan',2,'','$user->rights->loan->write','$conf->loan->enabled && $leftmenu==\"tax_loan\"',0,'2017-08-30 15:14:30'),(163310,'auguria',1,'','left','accountancy',163307,NULL,NULL,4,'/loan/calc.php?leftmenu=tax_loan','','Calculator',NULL,'companies',2,'','$user->rights->loan->calc','$conf->loan->enabled && $leftmenu==\"tax_loan\" && ! empty($conf->global->LOAN_SHOW_CALCULATOR)',0,'2017-08-30 15:14:30'),(163337,'auguria',1,'','left','accountancy',163287,NULL,NULL,1,'/compta/sociales/index.php?leftmenu=tax_social','','SocialContributions',NULL,'',1,'tax_social','$user->rights->tax->charges->lire','$conf->tax->enabled',0,'2017-08-30 15:14:30'),(163338,'auguria',1,'','left','accountancy',163337,NULL,NULL,2,'/compta/sociales/card.php?leftmenu=tax_social&amp;action=create','','MenuNewSocialContribution',NULL,'',2,'','$user->rights->tax->charges->creer','$conf->tax->enabled && $leftmenu==\"tax_social\"',0,'2017-08-30 15:14:30'),(163339,'auguria',1,'','left','accountancy',163337,NULL,NULL,3,'/compta/sociales/payments.php?leftmenu=tax_social&amp;mainmenu=accountancy&amp;mode=sconly','','Payments',NULL,'',2,'','$user->rights->tax->charges->lire','$conf->tax->enabled && $leftmenu==\"tax_social\"',0,'2017-08-30 15:14:30'),(163387,'auguria',1,'','left','accountancy',163287,NULL,NULL,7,'/compta/tva/index.php?leftmenu=tax_vat&amp;mainmenu=accountancy','','VAT',NULL,'companies',1,'tax_vat','$user->rights->tax->charges->lire','$conf->tax->enabled && empty($conf->global->TAX_DISABLE_VAT_MENUS)',0,'2017-08-30 15:14:30'),(163388,'auguria',1,'','left','accountancy',163387,NULL,NULL,0,'/compta/tva/card.php?leftmenu=tax_vat&amp;action=create','','New',NULL,'companies',2,'','$user->rights->tax->charges->creer','$conf->tax->enabled && empty($conf->global->TAX_DISABLE_VAT_MENUS) && $leftmenu==\"tax_vat\"',0,'2017-08-30 15:14:30'),(163389,'auguria',1,'','left','accountancy',163387,NULL,NULL,1,'/compta/tva/reglement.php?leftmenu=tax_vat','','List',NULL,'companies',2,'','$user->rights->tax->charges->lire','$conf->tax->enabled && empty($conf->global->TAX_DISABLE_VAT_MENUS) && $leftmenu==\"tax_vat\"',0,'2017-08-30 15:14:30'),(163390,'auguria',1,'','left','accountancy',163387,NULL,NULL,2,'/compta/tva/clients.php?leftmenu=tax_vat','','ReportByCustomers',NULL,'companies',2,'','$user->rights->tax->charges->lire','$conf->tax->enabled && empty($conf->global->TAX_DISABLE_VAT_MENUS) && $leftmenu==\"tax_vat\"',0,'2017-08-30 15:14:30'),(163391,'auguria',1,'','left','accountancy',163387,NULL,NULL,3,'/compta/tva/quadri_detail.php?leftmenu=tax_vat','','ReportByQuarter',NULL,'companies',2,'','$user->rights->tax->charges->lire','$conf->tax->enabled && empty($conf->global->TAX_DISABLE_VAT_MENUS) && $leftmenu==\"tax_vat\"',0,'2017-08-30 15:14:30'),(163487,'auguria',1,'','left','accountancy',161093,NULL,NULL,7,'/accountancy/index.php?leftmenu=accountancy','','MenuAccountancy',NULL,'accountancy',0,'accounting','! empty($conf->accounting->enabled) || $user->rights->accounting->bind->write || $user->rights->accounting->bind->write || $user->rights->compta->resultat->lire','$conf->accounting->enabled',0,'2017-08-30 15:14:30'),(163488,'auguria',1,'','left','accountancy',163487,NULL,NULL,2,'/accountancy/customer/index.php?leftmenu=dispatch_customer','','CustomersVentilation',NULL,'accountancy',1,'dispatch_customer','$user->rights->accounting->bind->write','$conf->accounting->enabled',0,'2017-08-30 15:14:30'),(163489,'auguria',1,'','left','accountancy',163488,NULL,NULL,3,'/accountancy/customer/list.php','','ToDispatch',NULL,'accountancy',2,'','$user->rights->accounting->bind->write','$conf->accounting->enabled && $leftmenu==\"dispatch_customer\"',0,'2017-08-30 15:14:30'),(163490,'auguria',1,'','left','accountancy',163488,NULL,NULL,4,'/accountancy/customer/lines.php','','Dispatched',NULL,'accountancy',2,'','$user->rights->accounting->bind->write','$conf->accounting->enabled && $leftmenu==\"dispatch_customer\"',0,'2017-08-30 15:14:30'),(163497,'auguria',1,'','left','accountancy',163487,NULL,NULL,5,'/accountancy/supplier/index.php?leftmenu=dispatch_supplier','','SuppliersVentilation',NULL,'accountancy',1,'ventil_supplier','$user->rights->accounting->bind->write','$conf->accounting->enabled && $conf->fournisseur->enabled',0,'2017-08-30 15:14:30'),(163498,'auguria',1,'','left','accountancy',163497,NULL,NULL,6,'/accountancy/supplier/list.php','','ToDispatch',NULL,'accountancy',2,'','$user->rights->accounting->bind->write','$conf->accounting->enabled && $conf->fournisseur->enabled && $leftmenu==\"dispatch_supplier\"',0,'2017-08-30 15:14:30'),(163499,'auguria',1,'','left','accountancy',163497,NULL,NULL,7,'/accountancy/supplier/lines.php','','Dispatched',NULL,'accountancy',2,'','$user->rights->accounting->bind->write','$conf->accounting->enabled && $conf->fournisseur->enabled && $leftmenu==\"dispatch_supplier\"',0,'2017-08-30 15:14:30'),(163507,'auguria',1,'','left','accountancy',163487,NULL,NULL,5,'/accountancy/expensereport/index.php?leftmenu=dispatch_expensereport','','ExpenseReportsVentilation',NULL,'accountancy',1,'ventil_expensereport','$user->rights->accounting->bind->write','$conf->accounting->enabled && $conf->expensereport->enabled',0,'2017-08-30 15:14:30'),(163508,'auguria',1,'','left','accountancy',163507,NULL,NULL,6,'/accountancy/expensereport/list.php','','ToDispatch',NULL,'accountancy',2,'','$user->rights->accounting->bind->write','$conf->accounting->enabled && $conf->expensereport->enabled && $leftmenu==\"dispatch_expensereport\"',0,'2017-08-30 15:14:30'),(163509,'auguria',1,'','left','accountancy',163507,NULL,NULL,7,'/accountancy/expensereport/lines.php','','Dispatched',NULL,'accountancy',2,'','$user->rights->accounting->bind->write','$conf->accounting->enabled && $conf->expensereport->enabled && $leftmenu==\"dispatch_expensereport\"',0,'2017-08-30 15:14:30'),(163517,'auguria',1,'','left','accountancy',163487,NULL,NULL,15,'/accountancy/bookkeeping/list.php','','Bookkeeping',NULL,'accountancy',1,'bookkeeping','$user->rights->accounting->mouvements->lire','$conf->accounting->enabled',0,'2017-08-30 15:14:30'),(163522,'auguria',1,'','left','accountancy',163487,NULL,NULL,16,'/accountancy/bookkeeping/balance.php','','AccountBalance',NULL,'accountancy',1,'balance','$user->rights->accounting->mouvements->lire','$conf->accounting->enabled',0,'2017-08-30 15:14:30'),(163527,'auguria',1,'','left','accountancy',163487,NULL,NULL,17,'/accountancy/report/result.php?mainmenu=accountancy&leftmenu=accountancy','','Reportings',NULL,'main',1,'report','$user->rights->compta->resultat->lire || $user->rights->accounting->comptarapport->lire','$conf->accounting->enabled',0,'2017-08-30 15:14:30'),(163528,'auguria',1,'','left','accountancy',163527,NULL,NULL,19,'/compta/resultat/index.php?mainmenu=accountancy&leftmenu=accountancy','','ReportInOut',NULL,'main',2,'','$user->rights->compta->resultat->lire || $user->rights->accounting->comptarapport->lire','$conf->accounting->enabled && $leftmenu==\"accountancy\"',0,'2017-08-30 15:14:30'),(163529,'auguria',1,'','left','accountancy',163528,NULL,NULL,18,'/accountancy/report/result.php?mainmenu=accountancy&leftmenu=accountancy','','ByAccounts',NULL,'main',3,'','$user->rights->compta->resultat->lire || $user->rights->accounting->comptarapport->lire','$conf->accounting->enabled && $leftmenu==\"accountancy\"',0,'2017-08-30 15:14:30'),(163530,'auguria',1,'','left','accountancy',163528,NULL,NULL,20,'/compta/resultat/clientfourn.php?mainmenu=accountancy&leftmenu=accountancy','','ByCompanies',NULL,'main',3,'','$user->rights->compta->resultat->lire || $user->rights->accounting->comptarapport->lire','$conf->accounting->enabled && $leftmenu==\"accountancy\"',0,'2017-08-30 15:14:30'),(163531,'auguria',1,'','left','accountancy',163527,NULL,NULL,21,'/compta/stats/index.php?mainmenu=accountancy&leftmenu=accountancy','','ReportTurnover',NULL,'main',2,'','$user->rights->compta->resultat->lire || $user->rights->accounting->comptarapport->lire','$conf->accounting->enabled && $leftmenu==\"accountancy\"',0,'2017-08-30 15:14:30'),(163532,'auguria',1,'','left','accountancy',163531,NULL,NULL,22,'/compta/stats/casoc.php?mainmenu=accountancy&leftmenu=accountancy','','ByCompanies',NULL,'main',3,'','$user->rights->compta->resultat->lire || $user->rights->accounting->comptarapport->lire','$conf->accounting->enabled && $leftmenu==\"accountancy\"',0,'2017-08-30 15:14:30'),(163533,'auguria',1,'','left','accountancy',163531,NULL,NULL,23,'/compta/stats/cabyuser.php?mainmenu=accountancy&leftmenu=accountancy','','ByUsers',NULL,'main',3,'','$user->rights->compta->resultat->lire || $user->rights->accounting->comptarapport->lire','$conf->accounting->enabled && $leftmenu==\"accountancy\"',0,'2017-08-30 15:14:30'),(163534,'auguria',1,'','left','accountancy',163531,NULL,NULL,24,'/compta/stats/cabyprodserv.php?mainmenu=accountancy&leftmenu=accountancy','','ByProductsAndServices',NULL,'main',3,'','$user->rights->compta->resultat->lire || $user->rights->accounting->comptarapport->lire','$conf->accounting->enabled && $leftmenu==\"accountancy\"',0,'2017-08-30 15:14:30'),(163537,'auguria',1,'','left','accountancy',163538,NULL,NULL,80,'/accountancy/admin/fiscalyear.php?mainmenu=accountancy&leftmenu=accountancy_admin','','FiscalPeriod',NULL,'admin',1,'accountancy_admin_period','','$conf->accounting->enabled && $leftmenu==\"accountancy_admin\" && $conf->global->MAIN_FEATURES_LEVEL > 0',2,'2017-08-30 15:14:30'),(163538,'auguria',1,'','left','accountancy',163487,NULL,NULL,1,'/accountancy/index.php?mainmenu=accountancy&leftmenu=accountancy_admin','','Setup',NULL,'accountancy',1,'accountancy_admin','$user->rights->accounting->chartofaccount','$conf->accounting->enabled',0,'2017-08-30 15:14:30'),(163541,'auguria',1,'','left','accountancy',163538,NULL,NULL,10,'/accountancy/admin/journals_list.php?id=35&mainmenu=accountancy&leftmenu=accountancy_admin','','AccountingJournals',NULL,'accountancy',2,'accountancy_admin_journal','$user->rights->accounting->chartofaccount','$conf->accounting->enabled && $leftmenu==\"accountancy_admin\"',0,'2017-08-30 15:14:30'),(163542,'auguria',1,'','left','accountancy',163538,NULL,NULL,20,'/accountancy/admin/account.php?mainmenu=accountancy&leftmenu=accountancy_admin','','Pcg_version',NULL,'accountancy',2,'accountancy_admin_chartmodel','$user->rights->accounting->chartofaccount','$conf->accounting->enabled && $leftmenu==\"accountancy_admin\"',0,'2017-08-30 15:14:30'),(163543,'auguria',1,'','left','accountancy',163538,NULL,NULL,30,'/accountancy/admin/account.php?mainmenu=accountancy&leftmenu=accountancy_admin','','Chartofaccounts',NULL,'accountancy',2,'accountancy_admin_chart','$user->rights->accounting->chartofaccount','$conf->accounting->enabled && $leftmenu==\"accountancy_admin\"',0,'2017-08-30 15:14:30'),(163544,'auguria',1,'','left','accountancy',163538,NULL,NULL,40,'/accountancy/admin/categories_list.php?id=32&mainmenu=accountancy&leftmenu=accountancy_admin','','AccountingCategory',NULL,'accountancy',2,'accountancy_admin_chart_group','$user->rights->accounting->chartofaccount','$conf->accounting->enabled && $leftmenu==\"accountancy_admin\"',0,'2017-08-30 15:14:30'),(163545,'auguria',1,'','left','accountancy',163538,NULL,NULL,50,'/accountancy/admin/defaultaccounts.php?mainmenu=accountancy&leftmenu=accountancy_admin','','MenuDefaultAccounts',NULL,'accountancy',2,'accountancy_admin_default','$user->rights->accounting->chartofaccount','$conf->accounting->enabled && $leftmenu==\"accountancy_admin\"',0,'2017-08-30 15:14:30'),(163546,'auguria',1,'','left','accountancy',163538,NULL,NULL,60,'/admin/dict.php?id=10&from=accountancy&search_country_id=__MYCOUNTRYID__&mainmenu=accountancy&leftmenu=accountancy_admin','','MenuVatAccounts',NULL,'accountancy',2,'accountancy_admin_vat','$user->rights->accounting->chartofaccount','$conf->accounting->enabled && $leftmenu==\"accountancy_admin\"',0,'2017-08-30 15:14:30'),(163547,'auguria',1,'','left','accountancy',163538,NULL,NULL,70,'/admin/dict.php?id=7&from=accountancy&search_country_id=__MYCOUNTRYID__&mainmenu=accountancy&leftmenu=accountancy_admin','','MenuTaxAccounts',NULL,'accountancy',2,'accountancy_admin_tax','$user->rights->accounting->chartofaccount','$conf->accounting->enabled && $leftmenu==\"accountancy_admin\"',0,'2017-08-30 15:14:30'),(163548,'auguria',1,'','left','accountancy',163538,NULL,NULL,80,'/admin/dict.php?id=17&from=accountancy&mainmenu=accountancy&leftmenu=accountancy_admin','','MenuExpenseReportAccounts',NULL,'accountancy',2,'accountancy_admin_expensereport','$user->rights->accounting->chartofaccount','$conf->accounting->enabled && $conf->expensereport->enabled && $leftmenu==\"accountancy_admin\"',0,'2017-08-30 15:14:30'),(163549,'auguria',1,'','left','accountancy',163538,NULL,NULL,90,'/accountancy/admin/productaccount.php?mainmenu=accountancy&leftmenu=accountancy_admin','','MenuProductsAccounts',NULL,'accountancy',2,'accountancy_admin_product','$user->rights->accounting->chartofaccount','$conf->accounting->enabled && $leftmenu==\"accountancy_admin\"',0,'2017-08-30 15:14:30'),(163587,'auguria',1,'','left','accountancy',161101,NULL,NULL,9,'/compta/prelevement/index.php?leftmenu=withdraw&amp;mainmenu=bank','','StandingOrders',NULL,'withdrawals',0,'withdraw','$user->rights->prelevement->bons->lire','$conf->prelevement->enabled',2,'2017-08-30 15:14:30'),(163589,'auguria',1,'','left','accountancy',163587,NULL,NULL,0,'/compta/prelevement/create.php?leftmenu=withdraw','','NewStandingOrder',NULL,'withdrawals',1,'','$user->rights->prelevement->bons->lire','$conf->prelevement->enabled && $leftmenu==\"withdraw\"',2,'2017-08-30 15:14:30'),(163590,'auguria',1,'','left','accountancy',163587,NULL,NULL,2,'/compta/prelevement/bons.php?leftmenu=withdraw','','WithdrawalsReceipts',NULL,'withdrawals',1,'','$user->rights->prelevement->bons->lire','$conf->prelevement->enabled && $leftmenu==\"withdraw\"',2,'2017-08-30 15:14:30'),(163591,'auguria',1,'','left','accountancy',163587,NULL,NULL,3,'/compta/prelevement/list.php?leftmenu=withdraw','','WithdrawalsLines',NULL,'withdrawals',1,'','$user->rights->prelevement->bons->lire','$conf->prelevement->enabled && $leftmenu==\"withdraw\"',2,'2017-08-30 15:14:30'),(163593,'auguria',1,'','left','accountancy',163587,NULL,NULL,5,'/compta/prelevement/rejets.php?leftmenu=withdraw','','Rejects',NULL,'withdrawals',1,'','$user->rights->prelevement->bons->lire','$conf->prelevement->enabled && $leftmenu==\"withdraw\"',2,'2017-08-30 15:14:30'),(163594,'auguria',1,'','left','accountancy',163587,NULL,NULL,6,'/compta/prelevement/stats.php?leftmenu=withdraw','','Statistics',NULL,'withdrawals',1,'','$user->rights->prelevement->bons->lire','$conf->prelevement->enabled && $leftmenu==\"withdraw\"',2,'2017-08-30 15:14:30'),(163687,'auguria',1,'','left','accountancy',161101,NULL,NULL,1,'/compta/bank/index.php?leftmenu=bank&amp;mainmenu=bank','','MenuBankCash',NULL,'banks',0,'bank','$user->rights->banque->lire','$conf->banque->enabled',0,'2017-08-30 15:14:30'),(163688,'auguria',1,'','left','accountancy',163687,NULL,NULL,0,'/compta/bank/card.php?action=create&amp;leftmenu=bank','','MenuNewFinancialAccount',NULL,'banks',1,'','$user->rights->banque->configurer','$conf->banque->enabled && ($leftmenu==\"bank\" || $leftmenu==\"checks\" || $leftmenu==\"withdraw\")',0,'2017-08-30 15:14:30'),(163690,'auguria',1,'','left','accountancy',163687,NULL,NULL,2,'/compta/bank/bankentries.php?leftmenu=bank','','ListTransactions',NULL,'banks',1,'','$user->rights->banque->lire','$conf->banque->enabled && ($leftmenu==\"bank\" || $leftmenu==\"checks\" || $leftmenu==\"withdraw\")',0,'2017-08-30 15:14:30'),(163691,'auguria',1,'','left','accountancy',163687,NULL,NULL,3,'/compta/bank/budget.php?leftmenu=bank','','ListTransactionsByCategory',NULL,'banks',1,'','$user->rights->banque->lire','$conf->banque->enabled && ($leftmenu==\"bank\" || $leftmenu==\"checks\" || $leftmenu==\"withdraw\")',0,'2017-08-30 15:14:30'),(163693,'auguria',1,'','left','accountancy',163687,NULL,NULL,5,'/compta/bank/transfer.php?leftmenu=bank','','BankTransfers',NULL,'banks',1,'','$user->rights->banque->transfer','$conf->banque->enabled && ($leftmenu==\"bank\" || $leftmenu==\"checks\" || $leftmenu==\"withdraw\")',0,'2017-08-30 15:14:30'),(163737,'auguria',1,'','left','accountancy',161101,NULL,NULL,4,'/categories/index.php?leftmenu=bank&amp;type=5','','Categories',NULL,'categories',0,'cat','$user->rights->categorie->lire','$conf->categorie->enabled',2,'2017-08-30 15:14:30'),(163738,'auguria',1,'','left','accountancy',163737,NULL,NULL,0,'/categories/card.php?leftmenu=bank&amp;action=create&amp;type=5','','NewCategory',NULL,'categories',1,'','$user->rights->categorie->creer','$conf->categorie->enabled',2,'2017-08-30 15:14:30'),(163787,'auguria',1,'','left','accountancy',161093,NULL,NULL,11,'/compta/resultat/index.php?leftmenu=ca&amp;mainmenu=accountancy','','Reportings',NULL,'main',0,'ca','$user->rights->compta->resultat->lire || $user->rights->accounting->comptarapport->lire','$conf->comptabilite->enabled',0,'2017-08-30 15:14:30'),(163792,'auguria',1,'','left','accountancy',163487,NULL,NULL,1,'','','Journalization',NULL,'main',1,'','$user->rights->accounting->comptarapport->lire','$conf->accounting->enabled',0,'2017-08-30 15:14:30'),(163793,'auguria',1,'','left','accountancy',163792,NULL,NULL,4,'/accountancy/journal/sellsjournal.php?mainmenu=accountancy&leftmenu=accountancy_journal&id_journal=1','','SellsJournal',NULL,'main',2,'','$user->rights->compta->resultat->lire || $user->rights->accounting->comptarapport->lire','$conf->accounting->enabled',0,'2017-08-30 15:14:30'),(163794,'auguria',1,'','left','accountancy',163792,NULL,NULL,1,'/accountancy/journal/bankjournal.php?mainmenu=accountancy&leftmenu=accountancy_journal&id_journal=3','','BankJournal',NULL,'main',2,'','$user->rights->compta->resultat->lire || $user->rights->accounting->comptarapport->lire','$conf->accounting->enabled',0,'2017-08-30 15:14:30'),(163795,'auguria',1,'','left','accountancy',163792,NULL,NULL,2,'/accountancy/journal/expensereportsjournal.php?mainmenu=accountancy&leftmenu=accountancy_journal&id_journal=6','','ExpenseReportJournal',NULL,'main',2,'','$user->rights->compta->resultat->lire || $user->rights->accounting->comptarapport->lire','$conf->accounting->enabled',0,'2017-08-30 15:14:30'),(163796,'auguria',1,'','left','accountancy',163792,NULL,NULL,3,'/accountancy/journal/purchasesjournal.php?mainmenu=accountancy&leftmenu=accountancy_journal&id_journal=2','','PurchasesJournal',NULL,'main',2,'','$user->rights->compta->resultat->lire || $user->rights->accounting->comptarapport->lire','$conf->accounting->enabled',0,'2017-08-30 15:14:30'),(163798,'auguria',1,'','left','accountancy',163787,NULL,NULL,0,'/compta/resultat/index.php?leftmenu=ca','','ReportInOut',NULL,'main',1,'','$user->rights->compta->resultat->lire || $user->rights->accounting->comptarapport->lire','$conf->comptabilite->enabled && $leftmenu==\"ca\"',0,'2017-08-30 15:14:30'),(163799,'auguria',1,'','left','accountancy',163788,NULL,NULL,0,'/compta/resultat/clientfourn.php?leftmenu=ca','','ByCompanies',NULL,'main',2,'','$user->rights->compta->resultat->lire || $user->rights->accounting->comptarapport->lire','$conf->comptabilite->enabled && $leftmenu==\"ca\"',0,'2017-08-30 15:14:30'),(163800,'auguria',1,'','left','accountancy',163787,NULL,NULL,1,'/compta/stats/index.php?leftmenu=ca','','ReportTurnover',NULL,'main',1,'','$user->rights->compta->resultat->lire || $user->rights->accounting->comptarapport->lire','$conf->comptabilite->enabled && $leftmenu==\"ca\"',0,'2017-08-30 15:14:30'),(163801,'auguria',1,'','left','accountancy',163790,NULL,NULL,0,'/compta/stats/casoc.php?leftmenu=ca','','ByCompanies',NULL,'main',2,'','$user->rights->compta->resultat->lire || $user->rights->accounting->comptarapport->lire','$conf->comptabilite->enabled && $leftmenu==\"ca\"',0,'2017-08-30 15:14:30'),(163802,'auguria',1,'','left','accountancy',163790,NULL,NULL,1,'/compta/stats/cabyuser.php?leftmenu=ca','','ByUsers',NULL,'main',2,'','$user->rights->compta->resultat->lire || $user->rights->accounting->comptarapport->lire','$conf->comptabilite->enabled && $leftmenu==\"ca\"',0,'2017-08-30 15:14:30'),(163803,'auguria',1,'','left','accountancy',163790,NULL,NULL,1,'/compta/stats/cabyprodserv.php?leftmenu=ca','','ByProductsAndServices',NULL,'main',2,'','$user->rights->compta->resultat->lire || $user->rights->accounting->comptarapport->lire','$conf->comptabilite->enabled && $leftmenu==\"ca\"',0,'2017-08-30 15:14:30'),(163887,'auguria',1,'','left','products',161090,NULL,NULL,0,'/product/index.php?leftmenu=product&amp;type=0','','Products',NULL,'products',0,'product','$user->rights->produit->lire','$conf->product->enabled',2,'2017-08-30 15:14:30'),(163888,'auguria',1,'','left','products',163887,NULL,NULL,0,'/product/card.php?leftmenu=product&amp;action=create&amp;type=0','','NewProduct',NULL,'products',1,'','$user->rights->produit->creer','$conf->product->enabled',2,'2017-08-30 15:14:30'),(163889,'auguria',1,'','left','products',163887,NULL,NULL,1,'/product/list.php?leftmenu=product&amp;type=0','','List',NULL,'products',1,'','$user->rights->produit->lire','$conf->product->enabled',2,'2017-08-30 15:14:30'),(163890,'auguria',1,'','left','products',163887,NULL,NULL,4,'/product/reassort.php?type=0','','Stocks',NULL,'products',1,'','$user->rights->produit->lire && $user->rights->stock->lire','$conf->product->enabled',2,'2017-08-30 15:14:30'),(163891,'auguria',1,'','left','products',163887,NULL,NULL,7,'/product/stats/card.php?id=all&amp;leftmenu=stats&amp;type=0','','Statistics',NULL,'main',1,'','$user->rights->produit->lire','$conf->propal->enabled',2,'2017-08-30 15:14:30'),(163892,'auguria',1,'','left','products',163887,NULL,NULL,5,'/product/reassortlot.php?type=0','','StocksByLotSerial',NULL,'products',1,'','$user->rights->produit->lire && $user->rights->stock->lire','$conf->productbatch->enabled',2,'2017-08-30 15:14:30'),(163893,'auguria',1,'','left','products',163887,NULL,NULL,6,'/product/stock/productlot_list.php','','LotSerial',NULL,'products',1,'','$user->rights->produit->lire && $user->rights->stock->lire','$conf->productbatch->enabled',2,'2017-08-30 15:14:30'),(163987,'auguria',1,'','left','products',161090,NULL,NULL,1,'/product/index.php?leftmenu=service&amp;type=1','','Services',NULL,'products',0,'service','$user->rights->service->lire','$conf->service->enabled',2,'2017-08-30 15:14:30'),(163988,'auguria',1,'','left','products',163987,NULL,NULL,0,'/product/card.php?leftmenu=service&amp;action=create&amp;type=1','','NewService',NULL,'products',1,'','$user->rights->service->creer','$conf->service->enabled',2,'2017-08-30 15:14:30'),(163989,'auguria',1,'','left','products',163987,NULL,NULL,1,'/product/list.php?leftmenu=service&amp;type=1','','List',NULL,'products',1,'','$user->rights->service->lire','$conf->service->enabled',2,'2017-08-30 15:14:30'),(163990,'auguria',1,'','left','products',163987,NULL,NULL,5,'/product/stats/card.php?id=all&amp;leftmenu=stats&amp;type=1','','Statistics',NULL,'main',1,'','$user->rights->service->lire','$conf->propal->enabled',2,'2017-08-30 15:14:30'),(164187,'auguria',1,'','left','products',161090,NULL,NULL,3,'/product/stock/index.php?leftmenu=stock','','Stock',NULL,'stocks',0,'stock','$user->rights->stock->lire','$conf->stock->enabled',2,'2017-08-30 15:14:30'),(164188,'auguria',1,'','left','products',164187,NULL,NULL,0,'/product/stock/card.php?action=create','','MenuNewWarehouse',NULL,'stocks',1,'','$user->rights->stock->creer','$conf->stock->enabled',2,'2017-08-30 15:14:30'),(164189,'auguria',1,'','left','products',164187,NULL,NULL,1,'/product/stock/list.php','','List',NULL,'stocks',1,'','$user->rights->stock->lire','$conf->stock->enabled',2,'2017-08-30 15:14:30'),(164191,'auguria',1,'','left','products',164187,NULL,NULL,3,'/product/stock/mouvement.php','','Movements',NULL,'stocks',1,'','$user->rights->stock->mouvement->lire','$conf->stock->enabled',2,'2017-08-30 15:14:30'),(164192,'auguria',1,'','left','products',164187,NULL,NULL,4,'/product/stock/replenish.php','','Replenishments',NULL,'stocks',1,'','$user->rights->stock->mouvement->creer && $user->rights->fournisseur->lire','$conf->stock->enabled && $conf->supplier_order->enabled',2,'2017-08-30 15:14:30'),(164193,'auguria',1,'','left','products',164187,NULL,NULL,5,'/product/stock/massstockmove.php','','MassStockTransferShort',NULL,'stocks',1,'','$user->rights->stock->mouvement->creer','$conf->stock->enabled',2,'2017-08-30 15:14:30'),(164287,'auguria',1,'','left','products',161090,NULL,NULL,4,'/categories/index.php?leftmenu=cat&amp;type=0','','Categories',NULL,'categories',0,'cat','$user->rights->categorie->lire','$conf->categorie->enabled',2,'2017-08-30 15:14:30'),(164288,'auguria',1,'','left','products',164287,NULL,NULL,0,'/categories/card.php?action=create&amp;type=0','','NewCategory',NULL,'categories',1,'','$user->rights->categorie->creer','$conf->categorie->enabled',2,'2017-08-30 15:14:30'),(164487,'auguria',1,'','left','project',161094,NULL,NULL,3,'/projet/activity/perweek.php?leftmenu=projects','','NewTimeSpent',NULL,'projects',0,'','$user->rights->projet->lire','$conf->projet->enabled && $conf->global->PROJECT_USE_TASKS',2,'2017-08-30 15:14:30'),(164687,'auguria',1,'','left','project',161094,NULL,NULL,0,'/projet/index.php?leftmenu=projects','','Projects',NULL,'projects',0,'projects','$user->rights->projet->lire','$conf->projet->enabled',2,'2017-08-30 15:14:30'),(164688,'auguria',1,'','left','project',164687,NULL,NULL,1,'/projet/card.php?leftmenu=projects&amp;action=create','','NewProject',NULL,'projects',1,'','$user->rights->projet->creer','$conf->projet->enabled',2,'2017-08-30 15:14:30'),(164689,'auguria',1,'','left','project',164687,NULL,NULL,2,'/projet/list.php?leftmenu=projects','','List',NULL,'projects',1,'','$user->rights->projet->lire','$conf->projet->enabled',2,'2017-08-30 15:14:30'),(164690,'auguria',1,'','left','project',164687,NULL,NULL,3,'/projet/stats/index.php?leftmenu=projects','','Statistics',NULL,'projects',1,'','$user->rights->projet->lire','$conf->projet->enabled',2,'2017-08-30 15:14:30'),(164787,'auguria',1,'','left','project',161094,NULL,NULL,0,'/projet/activity/index.php?leftmenu=projects','','Activities',NULL,'projects',0,'','$user->rights->projet->lire','$conf->projet->enabled && $conf->global->PROJECT_USE_TASKS',2,'2017-08-30 15:14:30'),(164788,'auguria',1,'','left','project',164787,NULL,NULL,1,'/projet/tasks.php?leftmenu=projects&amp;action=create','','NewTask',NULL,'projects',1,'','$user->rights->projet->creer','$conf->projet->enabled && $conf->global->PROJECT_USE_TASKS',2,'2017-08-30 15:14:30'),(164789,'auguria',1,'','left','project',164787,NULL,NULL,2,'/projet/tasks/list.php?leftmenu=projects','','List',NULL,'projects',1,'','$user->rights->projet->lire','$conf->projet->enabled && $conf->global->PROJECT_USE_TASKS',2,'2017-08-30 15:14:30'),(164791,'auguria',1,'','left','project',164787,NULL,NULL,4,'/projet/tasks/stats/index.php?leftmenu=projects','','Statistics',NULL,'projects',1,'','$user->rights->projet->lire','$conf->projet->enabled && $conf->global->PROJECT_USE_TASKS',2,'2017-08-30 15:14:30'),(164891,'auguria',1,'','left','project',161094,NULL,NULL,4,'/categories/index.php?leftmenu=cat&amp;type=6','','Categories',NULL,'categories',0,'cat','$user->rights->categorie->lire','$conf->categorie->enabled',2,'2017-08-30 15:14:30'),(164892,'auguria',1,'','left','project',164891,NULL,NULL,0,'/categories/card.php?action=create&amp;type=6','','NewCategory',NULL,'categories',1,'','$user->rights->categorie->creer','$conf->categorie->enabled',2,'2017-08-30 15:14:30'),(164987,'auguria',1,'','left','tools',161095,NULL,NULL,0,'/comm/mailing/index.php?leftmenu=mailing','','EMailings',NULL,'mails',0,'mailing','$user->rights->mailing->lire','$conf->mailing->enabled',0,'2017-08-30 15:14:30'),(164988,'auguria',1,'','left','tools',164987,NULL,NULL,0,'/comm/mailing/card.php?leftmenu=mailing&amp;action=create','','NewMailing',NULL,'mails',1,'','$user->rights->mailing->creer','$conf->mailing->enabled',0,'2017-08-30 15:14:30'),(164989,'auguria',1,'','left','tools',164987,NULL,NULL,1,'/comm/mailing/list.php?leftmenu=mailing','','List',NULL,'mails',1,'','$user->rights->mailing->lire','$conf->mailing->enabled',0,'2017-08-30 15:14:30'),(165187,'auguria',1,'','left','tools',161095,NULL,NULL,2,'/exports/index.php?leftmenu=export','','FormatedExport',NULL,'exports',0,'export','$user->rights->export->lire','$conf->export->enabled',2,'2017-08-30 15:14:30'),(165188,'auguria',1,'','left','tools',165187,NULL,NULL,0,'/exports/export.php?leftmenu=export','','NewExport',NULL,'exports',1,'','$user->rights->export->creer','$conf->export->enabled',2,'2017-08-30 15:14:30'),(165217,'auguria',1,'','left','tools',161095,NULL,NULL,2,'/imports/index.php?leftmenu=import','','FormatedImport',NULL,'exports',0,'import','$user->rights->import->run','$conf->import->enabled',2,'2017-08-30 15:14:30'),(165218,'auguria',1,'','left','tools',165217,NULL,NULL,0,'/imports/import.php?leftmenu=import','','NewImport',NULL,'exports',1,'','$user->rights->import->run','$conf->import->enabled',2,'2017-08-30 15:14:30'),(165287,'auguria',1,'','left','members',161100,NULL,NULL,0,'/adherents/index.php?leftmenu=members&amp;mainmenu=members','','Members',NULL,'members',0,'members','$user->rights->adherent->lire','$conf->adherent->enabled',2,'2017-08-30 15:14:30'),(165288,'auguria',1,'','left','members',165287,NULL,NULL,0,'/adherents/card.php?leftmenu=members&amp;action=create','','NewMember',NULL,'members',1,'','$user->rights->adherent->creer','$conf->adherent->enabled',2,'2017-08-30 15:14:30'),(165289,'auguria',1,'','left','members',165287,NULL,NULL,1,'/adherents/list.php','','List',NULL,'members',1,'','$user->rights->adherent->lire','$conf->adherent->enabled',2,'2017-08-30 15:14:30'),(165290,'auguria',1,'','left','members',165289,NULL,NULL,2,'/adherents/list.php?leftmenu=members&amp;statut=-1','','MenuMembersToValidate',NULL,'members',2,'','$user->rights->adherent->lire','$conf->adherent->enabled',2,'2017-08-30 15:14:30'),(165291,'auguria',1,'','left','members',165289,NULL,NULL,3,'/adherents/list.php?leftmenu=members&amp;statut=1','','MenuMembersValidated',NULL,'members',2,'','$user->rights->adherent->lire','$conf->adherent->enabled',2,'2017-08-30 15:14:30'),(165292,'auguria',1,'','left','members',165289,NULL,NULL,4,'/adherents/list.php?leftmenu=members&amp;statut=1&amp;filter=outofdate','','MenuMembersNotUpToDate',NULL,'members',2,'','$user->rights->adherent->lire','$conf->adherent->enabled',2,'2017-08-30 15:14:30'),(165293,'auguria',1,'','left','members',165289,NULL,NULL,5,'/adherents/list.php?leftmenu=members&amp;statut=1&amp;filter=uptodate','','MenuMembersUpToDate',NULL,'members',2,'','$user->rights->adherent->lire','$conf->adherent->enabled',2,'2017-08-30 15:14:30'),(165294,'auguria',1,'','left','members',165289,NULL,NULL,6,'/adherents/list.php?leftmenu=members&amp;statut=0','','MenuMembersResiliated',NULL,'members',2,'','$user->rights->adherent->lire','$conf->adherent->enabled',2,'2017-08-30 15:14:30'),(165295,'auguria',1,'','left','members',165287,NULL,NULL,7,'/adherents/stats/geo.php?leftmenu=members&amp;mode=memberbycountry','','MenuMembersStats',NULL,'members',1,'','$user->rights->adherent->lire','$conf->adherent->enabled',2,'2017-08-30 15:14:30'),(165387,'auguria',1,'','left','members',161100,NULL,NULL,1,'/adherents/index.php?leftmenu=members&amp;mainmenu=members','','Subscriptions',NULL,'compta',0,'','$user->rights->adherent->cotisation->lire','$conf->adherent->enabled',2,'2017-08-30 15:14:30'),(165388,'auguria',1,'','left','members',165387,NULL,NULL,0,'/adherents/list.php?statut=-1&amp;leftmenu=accountancy&amp;mainmenu=members','','NewSubscription',NULL,'compta',1,'','$user->rights->adherent->cotisation->creer','$conf->adherent->enabled',2,'2017-08-30 15:14:30'),(165389,'auguria',1,'','left','members',165387,NULL,NULL,1,'/adherents/subscription/list.php?leftmenu=members','','List',NULL,'compta',1,'','$user->rights->adherent->cotisation->lire','$conf->adherent->enabled',2,'2017-08-30 15:14:30'),(165390,'auguria',1,'','left','members',165387,NULL,NULL,7,'/adherents/stats/index.php?leftmenu=members','','MenuMembersStats',NULL,'members',1,'','$user->rights->adherent->lire','$conf->adherent->enabled',2,'2017-08-30 15:14:30'),(165589,'auguria',1,'','left','members',165287,NULL,NULL,9,'/adherents/htpasswd.php?leftmenu=export','','Filehtpasswd',NULL,'members',1,'','$user->rights->adherent->export','! empty($conf->global->MEMBER_LINK_TO_HTPASSWDFILE) && $conf->adherent->enabled',2,'2017-08-30 15:14:30'),(165590,'auguria',1,'','left','members',165287,NULL,NULL,10,'/adherents/cartes/carte.php?leftmenu=export','','MembersCards',NULL,'members',1,'','$user->rights->adherent->export','$conf->adherent->enabled',2,'2017-08-30 15:14:30'),(165687,'auguria',1,'','left','hrm',161102,NULL,NULL,1,'/user/index.php?leftmenu=hrm&mode=employee','','Employees',NULL,'hrm',0,'hrm','$user->rights->hrm->employee->read','$conf->hrm->enabled',0,'2017-08-30 15:14:30'),(165688,'auguria',1,'','left','hrm',165687,NULL,NULL,1,'/user/card.php?action=create&employee=1','','NewEmployee',NULL,'hrm',1,'','$user->rights->hrm->employee->write','$conf->hrm->enabled',0,'2017-08-30 15:14:30'),(165689,'auguria',1,'','left','hrm',165687,NULL,NULL,2,'/user/index.php?$leftmenu=hrm&mode=employee&contextpage=employeelist','','List',NULL,'hrm',1,'','$user->rights->hrm->employee->read','$conf->hrm->enabled',0,'2017-08-30 15:14:30'),(165787,'auguria',1,'','left','members',161100,NULL,NULL,5,'/adherents/type.php?leftmenu=setup&amp;mainmenu=members','','MembersTypes',NULL,'members',0,'setup','$user->rights->adherent->configurer','$conf->adherent->enabled',2,'2017-08-30 15:14:30'),(165788,'auguria',1,'','left','members',165787,NULL,NULL,0,'/adherents/type.php?leftmenu=setup&amp;mainmenu=members&amp;action=create','','New',NULL,'members',1,'','$user->rights->adherent->configurer','$conf->adherent->enabled',2,'2017-08-30 15:14:30'),(165789,'auguria',1,'','left','members',165787,NULL,NULL,1,'/adherents/type.php?leftmenu=setup&amp;mainmenu=members','','List',NULL,'members',1,'','$user->rights->adherent->configurer','$conf->adherent->enabled',2,'2017-08-30 15:14:30'),(166087,'auguria',1,'','left','hrm',161102,NULL,NULL,1,'/holiday/list.php?&leftmenu=hrm','','CPTitreMenu',NULL,'holiday',0,'hrm','$user->rights->holiday->read','$conf->holiday->enabled',0,'2017-08-30 15:14:30'),(166088,'auguria',1,'','left','hrm',166087,NULL,NULL,1,'/holiday/card.php?&action=request','','MenuAddCP',NULL,'holiday',1,'','$user->rights->holiday->write','$conf->holiday->enabled',0,'2017-08-30 15:14:30'),(166089,'auguria',1,'','left','hrm',166087,NULL,NULL,1,'/holiday/list.php?&leftmenu=hrm','','List',NULL,'holiday',1,'','$user->rights->holiday->read','$conf->holiday->enabled',0,'2017-08-30 15:14:30'),(166090,'auguria',1,'','left','hrm',166089,NULL,NULL,1,'/holiday/list.php?select_statut=2&leftmenu=hrm','','ListToApprove',NULL,'trips',2,'','$user->rights->holiday->read','$conf->holiday->enabled',0,'2017-08-30 15:14:30'),(166091,'auguria',1,'','left','hrm',166087,NULL,NULL,2,'/holiday/define_holiday.php?&action=request','','MenuConfCP',NULL,'holiday',1,'','$user->rights->holiday->define_holiday','$conf->holiday->enabled',0,'2017-08-30 15:14:30'),(166092,'auguria',1,'','left','hrm',166087,NULL,NULL,3,'/holiday/view_log.php?&action=request','','MenuLogCP',NULL,'holiday',1,'','$user->rights->holiday->define_holiday','$conf->holiday->enabled',0,'2017-08-30 15:14:30'),(166187,'auguria',1,'','left','commercial',161092,NULL,NULL,6,'/fourn/commande/index.php?leftmenu=orders_suppliers','','SuppliersOrders',NULL,'orders',0,'orders_suppliers','$user->rights->fournisseur->commande->lire','$conf->supplier_order->enabled',2,'2017-08-30 15:14:30'),(166188,'auguria',1,'','left','commercial',166187,NULL,NULL,0,'/fourn/commande/card.php?action=create&amp;leftmenu=orders_suppliers','','NewOrder',NULL,'orders',1,'','$user->rights->fournisseur->commande->creer','$conf->supplier_order->enabled',2,'2017-08-30 15:14:30'),(166189,'auguria',1,'','left','commercial',166187,NULL,NULL,1,'/fourn/commande/list.php?leftmenu=orders_suppliers&amp;search_status=0','','List',NULL,'orders',1,'','$user->rights->fournisseur->commande->lire','$conf->supplier_order->enabled',2,'2017-08-30 15:14:30'),(166195,'auguria',1,'','left','commercial',166187,NULL,NULL,7,'/commande/stats/index.php?leftmenu=orders_suppliers&amp;mode=supplier','','Statistics',NULL,'orders',1,'','$user->rights->fournisseur->commande->lire','$conf->supplier_order->enabled',2,'2017-08-30 15:14:30'),(166287,'auguria',1,'','left','members',161100,NULL,NULL,3,'/categories/index.php?leftmenu=cat&amp;type=3','','MembersCategoriesShort',NULL,'categories',0,'cat','$user->rights->categorie->lire','$conf->adherent->enabled && $conf->categorie->enabled',2,'2017-08-30 15:14:30'),(166288,'auguria',1,'','left','members',166287,NULL,NULL,0,'/categories/card.php?action=create&amp;type=3','','NewCategory',NULL,'categories',1,'','$user->rights->categorie->creer','$conf->adherent->enabled && $conf->categorie->enabled',2,'2017-08-30 15:14:30'),(166387,'auguria',1,'','left','hrm',161102,NULL,NULL,5,'/expensereport/index.php?leftmenu=expensereport','','TripsAndExpenses',NULL,'trips',0,'expensereport','$user->rights->expensereport->lire','$conf->expensereport->enabled',0,'2017-08-30 15:14:30'),(166388,'auguria',1,'','left','hrm',166387,NULL,NULL,1,'/expensereport/card.php?action=create&amp;leftmenu=expensereport','','New',NULL,'trips',1,'','$user->rights->expensereport->creer','$conf->expensereport->enabled',0,'2017-08-30 15:14:30'),(166389,'auguria',1,'','left','hrm',166387,NULL,NULL,2,'/expensereport/list.php?leftmenu=expensereport','','List',NULL,'trips',1,'','$user->rights->expensereport->lire','$conf->expensereport->enabled',0,'2017-08-30 15:14:30'),(166390,'auguria',1,'','left','hrm',166389,NULL,NULL,2,'/expensereport/list.php?search_status=2&amp;leftmenu=expensereport','','ListToApprove',NULL,'trips',2,'','$user->rights->expensereport->approve','$conf->expensereport->enabled',0,'2017-08-30 15:14:30'),(166391,'auguria',1,'','left','hrm',166387,NULL,NULL,2,'/expensereport/stats/index.php?leftmenu=expensereport','','Statistics',NULL,'trips',1,'','$user->rights->expensereport->lire','$conf->expensereport->enabled',0,'2017-08-30 15:14:30'),(167182,'all',1,'knowledgemanagement','left','ticket',-1,NULL,'ticket',101,'/knowledgemanagement/knowledgerecord_list.php','','MenuKnowledgeRecord','<span class=\"fas fa-ticket-alt infobox-contrat rotate90 paddingright pictofixedwidth em092\" style=\"\"></span>','knowledgemanagement',NULL,'knowledgemanagement_knowledgerecord','$user->rights->knowledgemanagement->knowledgerecord->read','$conf->knowledgemanagement->enabled',2,'2022-02-07 13:39:27'),(167183,'all',1,'knowledgemanagement','left','ticket',-1,'knowledgemanagement_knowledgerecord','ticket',111,'/knowledgemanagement/knowledgerecord_list.php','','ListKnowledgeRecord','','knowledgemanagement',NULL,'knowledgemanagement_list','$user->rights->knowledgemanagement->knowledgerecord->read','$conf->knowledgemanagement->enabled',2,'2022-02-07 13:39:27'),(167184,'all',1,'knowledgemanagement','left','ticket',-1,'knowledgemanagement_knowledgerecord','ticket',110,'/knowledgemanagement/knowledgerecord_card.php?action=create','','NewKnowledgeRecord','','knowledgemanagement',NULL,'knowledgemanagement_new','$user->rights->knowledgemanagement->knowledgerecord->write','$conf->knowledgemanagement->enabled',2,'2022-02-07 13:39:27'),(167185,'all',1,'knowledgemanagement','left','ticket',-1,'knowledgemanagement_knowledgerecord','ticket',112,'/categories/index.php?type=13','','Categories','','knowledgemanagement',NULL,NULL,'$user->rights->knowledgemanagement->knowledgerecord->read','$conf->knowledgemanagement->enabled',0,'2022-02-07 13:39:27'),(167530,'all',1,'modulebuilder','left','tools',-1,NULL,'tools',100,'/modulebuilder/index.php?mainmenu=tools&amp;leftmenu=devtools','_modulebuilder','ModuleBuilder','<span class=\"fas fa-bug paddingright pictofixedwidth\" style=\"\"></span>','modulebuilder',NULL,'devtools_modulebuilder','$user->hasRight(\"modulebuilder\", \"run\")','isModEnabled(\"modulebuilder\")',0,'2023-02-09 17:37:02'),(167533,'all',1,'aaa','top','aaa',0,NULL,NULL,1001,'/aaa/aaaindex.php','','ModuleAaaName','<span class=\"fa fa-generic paddingright pictofixedwidth valignmiddle\" style=\"\"></span>','aaa@aaa',NULL,NULL,'1','isModEnabled(\"aaa\")',2,'2023-02-09 17:38:11'),(167534,'all',1,'aaa','left','aaa',-1,NULL,'aaa',1102,'/aaa/aao_list.php','','List Aao','','aaa@aaa',NULL,'aaa_aao','1','$conf->aaa->enabled',2,'2023-02-09 17:38:11'),(167535,'all',1,'aaa','left','aaa',-1,'aaa_aao','aaa',1103,'/aaa/aao_card.php?action=create','','New Aao','','aaa@aaa',NULL,'aaa_aao','1','$conf->aaa->enabled',2,'2023-02-09 17:38:11'),(167670,'all',1,'workstation','left','mrp',-1,NULL,'mrp',1101,'','','Workstations','<span class=\"fas fa-pallet  em088 paddingright pictofixedwidth\" style=\" color: #a69944;\"></span>','mrp',NULL,'workstation_workstation','$user->rights->workstation->workstation->read','$conf->workstation->enabled',2,'2023-08-13 15:40:21'),(167671,'all',1,'workstation','left','mrp',-1,'workstation_workstation','mrp',1102,'/workstation/workstation_card.php?action=create','','WorkstationCreate','','mrp',NULL,'workstation_workstation_left_create','$user->rights->workstation->workstation->write','$conf->workstation->enabled',2,'2023-08-13 15:40:21'),(167672,'all',1,'workstation','left','mrp',-1,'workstation_workstation','mrp',1104,'/workstation/workstation_list.php','','List','','mrp',NULL,'workstation_workstation_left_list','$user->rights->workstation->workstation->read','$conf->workstation->enabled',2,'2023-08-13 15:40:21'),(167673,'all',1,'eventorganization','left','project',-1,NULL,'project',1001,'','','EventOrganizationMenuLeft','<span class=\"fas fa-project-diagram  em088 infobox-project paddingright pictofixedwidth\" style=\"\"></span>','eventorganization',NULL,'eventorganization','$user->rights->eventorganization->read','$conf->eventorganization->enabled',2,'2023-08-13 15:40:29'),(167674,'all',1,'eventorganization','left','project',-1,'eventorganization','project',1002,'/projet/list.php?search_usage_event_organization=1&search_status=99&mainmenu=project&contextpage=organizedevents','','List','','eventorganization@eventorganization',NULL,NULL,'$user->rights->eventorganization->read','$conf->eventorganization->enabled',2,'2023-08-13 15:40:29'),(167675,'all',1,'eventorganization','left','project',-1,'eventorganization','project',1003,'/projet/card.php?leftmenu=projects&action=create&usage_organize_event=1&usage_opportunity=0','','New','','eventorganization@eventorganization',NULL,NULL,'$user->rights->eventorganization->write','$conf->eventorganization->enabled',2,'2023-08-13 15:40:29'),(167676,'all',1,'eventorganization','left','project',-1,NULL,'project',1004,'','','ConferenceOrBooth','<span class=\"fas fa-chalkboard-teacher  em088 infobox-project paddingright pictofixedwidth\" style=\"\"></span>','eventorganization',NULL,'eventorganizationconforbooth','$user->rights->eventorganization->read','$conf->eventorganization->enabled',2,'2023-08-13 15:40:29'),(167677,'all',1,'eventorganization','left','project',-1,'eventorganizationconforbooth','project',1005,'/eventorganization/conferenceorbooth_list.php?mainmenu=project','','List','','eventorganization',NULL,NULL,'$user->rights->eventorganization->read','$conf->eventorganization->enabled',2,'2023-08-13 15:40:29'),(167678,'all',1,'eventorganization','left','project',-1,'eventorganizationconforbooth','project',1006,'/eventorganization/conferenceorbooth_card.php?leftmenu=projects&action=create','','New','','eventorganization',NULL,NULL,'$user->rights->eventorganization->write','$conf->eventorganization->enabled',2,'2023-08-13 15:40:29'),(167695,'all',1,'partnership','left','companies',-1,NULL,'companies',1101,'/partnership/partnership_list.php','','Partnership','<span class=\"fas fa-handshake  em080 paddingright pictofixedwidth\" style=\" color: #6c6aa8;\"></span>','partnership',NULL,'partnership','$user->rights->partnership->read','$conf->partnership->enabled',2,'2023-08-15 10:35:26'),(167696,'all',1,'partnership','left','companies',-1,'partnership','companies',1102,'/partnership/partnership_card.php?action=create','','NewPartnership','','partnership',NULL,'partnership_new','$user->rights->partnership->write','$conf->partnership->enabled',2,'2023-08-15 10:35:26'),(167697,'all',1,'partnership','left','companies',-1,'partnership','companies',1103,'/partnership/partnership_list.php','','ListOfPartnerships','','partnership',NULL,'partnership_list','$user->rights->partnership->read','$conf->partnership->enabled',2,'2023-08-15 10:35:26'),(167797,'all',1,'agenda','top','agenda',0,NULL,NULL,86,'/comm/action/index.php','','TMenuAgenda','<span class=\"fas fa-calendar-alt infobox-action pictofixedwidth\" style=\"\"></span>','agenda',NULL,NULL,'$user->hasRight(\"agenda\", \"myactions\", \"read\") || $user->hasRight(\"resource\", \"read\")','isModEnabled(\"agenda\") || isModEnabled(\"resource\")',2,'2024-01-03 16:35:44'),(167798,'all',1,'agenda','left','agenda',167797,NULL,NULL,100,'/comm/action/index.php?mainmenu=agenda&amp;leftmenu=agenda','','Actions','<span class=\"fas fa-calendar-alt infobox-action paddingright pictofixedwidth\" style=\"\"></span>','agenda',NULL,NULL,'$user->hasRight(\"agenda\", \"myactions\", \"read\")','isModEnabled(\"agenda\")',2,'2024-01-03 16:35:44'),(167799,'all',1,'agenda','left','agenda',167798,NULL,NULL,101,'/comm/action/card.php?mainmenu=agenda&amp;leftmenu=agenda&amp;action=create','','NewAction','','commercial',NULL,NULL,'($user->hasRight(\"agenda\", \"myactions\", \"create\") || $user->hasRight(\"agenda\", \"allactions\", \"create\"))','isModEnabled(\"agenda\")',2,'2024-01-03 16:35:44'),(167800,'all',1,'agenda','left','agenda',167798,NULL,NULL,140,'/comm/action/index.php?action=default&amp;mainmenu=agenda&amp;leftmenu=agenda','','Calendar','','agenda',NULL,NULL,'$user->hasRight(\"agenda\", \"myactions\", \"read\")','isModEnabled(\"agenda\")',2,'2024-01-03 16:35:44'),(167801,'all',1,'agenda','left','agenda',167800,NULL,NULL,141,'/comm/action/index.php?action=default&amp;mainmenu=agenda&amp;leftmenu=agenda&amp;status=todo&amp;filter=mine','','MenuToDoMyActions','','agenda',NULL,NULL,'$user->hasRight(\"agenda\", \"myactions\", \"read\")','isModEnabled(\"agenda\")',2,'2024-01-03 16:35:44'),(167802,'all',1,'agenda','left','agenda',167800,NULL,NULL,142,'/comm/action/index.php?action=default&amp;mainmenu=agenda&amp;leftmenu=agenda&amp;status=done&amp;filter=mine','','MenuDoneMyActions','','agenda',NULL,NULL,'$user->hasRight(\"agenda\", \"myactions\", \"read\")','isModEnabled(\"agenda\")',2,'2024-01-03 16:35:44'),(167803,'all',1,'agenda','left','agenda',167800,NULL,NULL,143,'/comm/action/index.php?action=default&amp;mainmenu=agenda&amp;leftmenu=agenda&amp;status=todo&amp;filtert=-1','','MenuToDoActions','','agenda',NULL,NULL,'$user->hasRight(\"agenda\", \"allactions\", \"read\")','isModEnabled(\"agenda\")',2,'2024-01-03 16:35:44'),(167804,'all',1,'agenda','left','agenda',167800,NULL,NULL,144,'/comm/action/index.php?action=default&amp;mainmenu=agenda&amp;leftmenu=agenda&amp;status=done&amp;filtert=-1','','MenuDoneActions','','agenda',NULL,NULL,'$user->hasRight(\"agenda\", \"allactions\", \"read\")','isModEnabled(\"agenda\")',2,'2024-01-03 16:35:44'),(167805,'all',1,'agenda','left','agenda',167798,NULL,NULL,110,'/comm/action/list.php?mode=show_list&amp;mainmenu=agenda&amp;leftmenu=agenda','','List','','agenda',NULL,NULL,'$user->hasRight(\"agenda\", \"myactions\", \"read\")','isModEnabled(\"agenda\")',2,'2024-01-03 16:35:44'),(167806,'all',1,'agenda','left','agenda',167805,NULL,NULL,111,'/comm/action/list.php?mode=show_list&amp;mainmenu=agenda&amp;leftmenu=agenda&amp;status=todo&amp;filter=mine','','MenuToDoMyActions','','agenda',NULL,NULL,'$user->hasRight(\"agenda\", \"myactions\", \"read\")','isModEnabled(\"agenda\")',2,'2024-01-03 16:35:44'),(167807,'all',1,'agenda','left','agenda',167805,NULL,NULL,112,'/comm/action/list.php?mode=show_list&amp;mainmenu=agenda&amp;leftmenu=agenda&amp;status=done&amp;filter=mine','','MenuDoneMyActions','','agenda',NULL,NULL,'$user->hasRight(\"agenda\", \"myactions\", \"read\")','isModEnabled(\"agenda\")',2,'2024-01-03 16:35:44'),(167808,'all',1,'agenda','left','agenda',167805,NULL,NULL,113,'/comm/action/list.php?mode=show_list&amp;mainmenu=agenda&amp;leftmenu=agenda&amp;status=todo&amp;filtert=-1','','MenuToDoActions','','agenda',NULL,NULL,'$user->hasRight(\"agenda\", \"allactions\", \"read\")','isModEnabled(\"agenda\")',2,'2024-01-03 16:35:44'),(167809,'all',1,'agenda','left','agenda',167805,NULL,NULL,114,'/comm/action/list.php?mode=show_list&amp;mainmenu=agenda&amp;leftmenu=agenda&amp;status=done&amp;filtert=-1','','MenuDoneActions','','agenda',NULL,NULL,'$user->hasRight(\"agenda\", \"allactions\", \"read\")','isModEnabled(\"agenda\")',2,'2024-01-03 16:35:44'),(167810,'all',1,'agenda','left','agenda',167798,NULL,NULL,160,'/comm/action/rapport/index.php?mainmenu=agenda&amp;leftmenu=agenda','','Reportings','','agenda',NULL,NULL,'$user->hasRight(\"agenda\", \"allactions\", \"read\")','isModEnabled(\"agenda\")',2,'2024-01-03 16:35:44'),(167811,'all',1,'agenda','left','agenda',167798,NULL,NULL,170,'/categories/index.php?mainmenu=agenda&amp;leftmenu=agenda&type=10','','Categories','','agenda',NULL,NULL,'$user->hasRight(\"agenda\", \"allactions\", \"read\")','isModEnabled(\"categorie\")',2,'2024-01-03 16:35:44'),(167812,'all',1,'barcode','left','tools',-1,NULL,'tools',200,'/barcode/printsheet.php?mainmenu=tools&leftmenu=barcodeprint','','BarCodePrintsheet','<span class=\"fas fa-barcode paddingright pictofixedwidth\" style=\"\"></span>','products',NULL,'barcodeprint','$user->hasRight(\"barcode\", \"read\")','isModEnabled(\"barcode\")',0,'2024-01-03 16:35:45'),(167813,'all',1,'barcode','left','home',-1,'admintools','home',300,'/barcode/codeinit.php?mainmenu=home&leftmenu=admintools','','MassBarcodeInit','','products',NULL,NULL,'$user->admin','isModEnabled(\"barcode\") && preg_match(\'/^(admintools|all)/\',$leftmenu)',0,'2024-01-03 16:35:45'),(167814,'all',1,'cron','left','home',-1,'admintools','home',500,'/cron/list.php?leftmenu=admintools','','CronList','','cron',NULL,NULL,'$user->rights->cron->read','$conf->cron->enabled && preg_match(\'/^(admintools|all)/\', $leftmenu)',2,'2024-01-03 16:35:45'),(167815,'all',1,'blockedlog','left','tools',-1,NULL,'tools',200,'/blockedlog/admin/blockedlog_list.php?mainmenu=tools&leftmenu=blockedlogbrowser','','BrowseBlockedLog','<span class=\"fas fa-cogs  em080 paddingright pictofixedwidth\" style=\" color: #999;\"></span>','blockedlog',NULL,'blockedlogbrowser','$user->rights->blockedlog->read','$conf->blockedlog->enabled',2,'2024-01-03 16:35:45'),(167816,'all',1,'ecm','top','ecm',0,NULL,NULL,82,'/ecm/index.php','','MenuECM','<span class=\"fas fa-folder-open pictofixedwidth\" style=\"\"></span>','ecm',NULL,NULL,'$user->rights->ecm->read || $user->rights->ecm->upload || $user->rights->ecm->setup','isModEnabled(\"ecm\")',2,'2024-01-03 16:35:45'),(167817,'all',1,'ecm','left','ecm',-1,NULL,'ecm',101,'/ecm/index.php?mainmenu=ecm&leftmenu=ecm','','ECMArea','<span class=\"fas fa-folder-open paddingright pictofixedwidth\" style=\"\"></span>','ecm',NULL,'ecm','$user->rights->ecm->read || $user->rights->ecm->upload','$user->rights->ecm->read || $user->rights->ecm->upload',2,'2024-01-03 16:35:45'),(167818,'all',1,'ecm','left','ecm',-1,'ecm','ecm',102,'/ecm/index.php?action=file_manager&mainmenu=ecm&leftmenu=ecm','','ECMSectionsManual','','ecm',NULL,'ecm_manual','$user->rights->ecm->read || $user->rights->ecm->upload','$user->rights->ecm->read || $user->rights->ecm->upload',2,'2024-01-03 16:35:45'),(167819,'all',1,'ecm','left','ecm',-1,'ecm','ecm',103,'/ecm/index_auto.php?action=file_manager&mainmenu=ecm&leftmenu=ecm','','ECMSectionsAuto','','ecm',NULL,NULL,'$user->rights->ecm->read || $user->rights->ecm->upload','($user->rights->ecm->read || $user->rights->ecm->upload) && !getDolGlobalInt(\"ECM_AUTO_TREE_HIDEN\")',2,'2024-01-03 16:35:45'),(167820,'all',1,'ecm','left','ecm',-1,'ecm','ecm',104,'/ecm/index_medias.php?action=file_manager&mainmenu=ecm&leftmenu=ecm','','ECMSectionsMedias','','ecm',NULL,NULL,'$user->rights->ecm->read || $user->rights->ecm->upload','($user->rights->ecm->read || $user->rights->ecm->upload) && getDolGlobalInt(\"MAIN_FEATURES_LEVEL\") == 2',2,'2024-01-03 16:35:45'),(167821,'all',1,'margins','left','billing',-1,NULL,'billing',100,'/margin/index.php','','Margins','<span class=\"fas fa-calculator infobox-bank_account paddingright pictofixedwidth\" style=\"\"></span>','margins',NULL,'margins','$user->rights->margins->liretous','isModEnabled(\"margin\")',2,'2024-01-03 16:35:45'),(167822,'all',1,'opensurvey','left','tools',-1,NULL,'tools',200,'/opensurvey/index.php?mainmenu=tools&leftmenu=opensurvey','','Survey','<span class=\"fas fa-check-double infobox-adherent paddingright pictofixedwidth\" style=\"\"></span>','opensurvey',NULL,'opensurvey','$user->rights->opensurvey->read','$conf->opensurvey->enabled',0,'2024-01-03 16:35:46'),(167823,'all',1,'opensurvey','left','tools',-1,'opensurvey','tools',210,'/opensurvey/wizard/index.php','','NewSurvey','','opensurvey',NULL,'opensurvey_new','$user->rights->opensurvey->write','$conf->opensurvey->enabled',0,'2024-01-03 16:35:46'),(167824,'all',1,'opensurvey','left','tools',-1,'opensurvey','tools',220,'/opensurvey/list.php','','List','','opensurvey',NULL,'opensurvey_list','$user->rights->opensurvey->read','$conf->opensurvey->enabled',0,'2024-01-03 16:35:46'),(167825,'all',1,'printing','left','home',-1,'admintools','home',300,'/printing/index.php?mainmenu=home&leftmenu=admintools','','MenuDirectPrinting','','printing',NULL,NULL,'$user->rights->printing->read','$conf->printing->enabled && preg_match(\'/^(admintools|all)/\', $leftmenu)',0,'2024-01-03 16:35:46'),(167826,'all',1,'recruitment','left','hrm',-1,NULL,'hrm',1001,'/recruitment/index.php','','Recruitment','<span class=\"fas fa-id-card-alt infobox-adherent paddingright pictofixedwidth\" style=\"\"></span>','recruitment',NULL,'recruitmentjobposition','$user->hasRight(\"recruitment\", \"recruitmentjobposition\", \"read\")','$conf->recruitment->enabled',2,'2024-01-03 16:35:46'),(167827,'all',1,'recruitment','left','hrm',-1,'recruitmentjobposition','hrm',1002,'/recruitment/recruitmentjobposition_card.php?action=create','','NewPositionToBeFilled','','recruitment',NULL,'recruitment_recruitmentjobposition_new','$user->rights->recruitment->recruitmentjobposition->write','$conf->recruitment->enabled',2,'2024-01-03 16:35:46'),(167828,'all',1,'recruitment','left','hrm',-1,'recruitmentjobposition','hrm',1003,'/recruitment/recruitmentjobposition_list.php','','ListOfPositionsToBeFilled','','recruitment',NULL,'recruitment_recruitmentjobposition_list','$user->hasRight(\"recruitment\", \"recruitmentjobposition\", \"read\")','$conf->recruitment->enabled',2,'2024-01-03 16:35:46'),(167829,'all',1,'recruitment','left','hrm',-1,'recruitmentjobposition','hrm',1004,'/recruitment/recruitmentcandidature_card.php?action=create','','NewCandidature','','recruitment',NULL,'recruitment_recruitmentcandidature_new','$user->rights->recruitment->recruitmentjobposition->write','$conf->recruitment->enabled',2,'2024-01-03 16:35:46'),(167830,'all',1,'recruitment','left','hrm',-1,'recruitmentjobposition','hrm',1005,'/recruitment/recruitmentcandidature_list.php','','ListOfCandidatures','','recruitment',NULL,'recruitment_recruitmentcandidature_list','$user->hasRight(\"recruitment\", \"recruitmentjobposition\", \"read\")','$conf->recruitment->enabled',2,'2024-01-03 16:35:46'),(167831,'all',1,'resource','left','agenda',-1,NULL,'agenda',100,'/resource/list.php','','MenuResourceIndex','<span class=\"fas fa-laptop-house  em092 infobox-action paddingright pictofixedwidth em92\" style=\"\"></span>','resource',NULL,'resource','$user->rights->resource->read','1',0,'2024-01-03 16:35:46'),(167832,'all',1,'resource','left','agenda',-1,'resource','agenda',101,'/resource/card.php?action=create','','MenuResourceAdd','','resource',NULL,'resource_add','$user->rights->resource->write','1',0,'2024-01-03 16:35:46'),(167833,'all',1,'resource','left','agenda',-1,'resource','agenda',102,'/resource/list.php','','List','','resource',NULL,'resource_list','$user->rights->resource->read','1',0,'2024-01-03 16:35:46'),(167834,'all',1,'stripe','left','bank',-1,NULL,'bank',100,'','','StripeAccount','<span class=\"fab fa-stripe-s paddingright pictofixedwidth\" style=\"\"></span>','stripe',NULL,'stripe','$user->rights->banque->lire','isModEnabled(\"stripe\") && isModenabled(\"banque\")',0,'2024-01-03 16:35:46'),(167835,'all',1,'stripe','left','bank',-1,'stripe','bank',102,'/stripe/charge.php','','StripeChargeList','','stripe',NULL,NULL,'$user->rights->banque->lire','isModEnabled(\"stripe\") && isModenabled(\"banque\") && getDolGlobalInt(\"MAIN_FEATURES_LEVEL\") >= 1',0,'2024-01-03 16:35:46'),(167836,'all',1,'stripe','left','bank',-1,'stripe','bank',102,'/stripe/transaction.php','','StripeTransactionList','','stripe',NULL,NULL,'$user->rights->banque->lire','isModEnabled(\"stripe\") && isModenabled(\"banque\") && getDolGlobalInt(\"MAIN_FEATURES_LEVEL\") >= 2',0,'2024-01-03 16:35:46'),(167837,'all',1,'stripe','left','bank',-1,'stripe','bank',103,'/stripe/payout.php','','StripePayoutList','','stripe',NULL,NULL,'$user->rights->banque->lire','isModEnabled(\"stripe\") && isModenabled(\"banque\")',0,'2024-01-03 16:35:46'),(167838,'all',1,'ticket','left','ticket',-1,NULL,'ticket',101,'/ticket/index.php','','Ticket','<span class=\"fas fa-ticket-alt infobox-contrat paddingright pictofixedwidth em092\" style=\"\"></span>','ticket',NULL,'ticket','$user->rights->ticket->read','isModEnabled(\"ticket\")',2,'2024-01-03 16:35:47'),(167839,'all',1,'ticket','left','ticket',-1,'ticket','ticket',102,'/ticket/card.php?action=create','','NewTicket','','ticket',NULL,NULL,'$user->rights->ticket->write','isModEnabled(\"ticket\")',2,'2024-01-03 16:35:47'),(167840,'all',1,'ticket','left','ticket',-1,'ticket','ticket',103,'/ticket/list.php?search_fk_status=non_closed','','List','','ticket',NULL,'ticketlist','$user->rights->ticket->read','isModEnabled(\"ticket\")',2,'2024-01-03 16:35:47'),(167841,'all',1,'ticket','left','ticket',-1,'ticket','ticket',105,'/ticket/list.php?mode=mine&search_fk_status=non_closed','','MenuTicketMyAssign','','ticket',NULL,'ticketmy','$user->rights->ticket->read','isModEnabled(\"ticket\")',0,'2024-01-03 16:35:47'),(167842,'all',1,'ticket','left','ticket',-1,'ticket','ticket',107,'/ticket/stats/index.php','','Statistics','','ticket',NULL,NULL,'$user->rights->ticket->read','isModEnabled(\"ticket\")',0,'2024-01-03 16:35:47'),(167843,'all',1,'ticket','left','ticket',-1,'ticket','ticket',107,'/categories/index.php?type=12','','Categories','','ticket',NULL,NULL,'$user->rights->ticket->read','$conf->categorie->enabled',0,'2024-01-03 16:35:47'),(167844,'all',1,'takepos','top','takepos',0,NULL,NULL,1001,'/takepos/index.php','takepos','PointOfSaleShort','<span class=\"fas fa-cash-register infobox-bank_account pictofixedwidth\" style=\"\"></span>','cashdesk',NULL,NULL,'$user->rights->takepos->run','$conf->takepos->enabled',2,'2024-01-03 16:35:47'),(167845,'all',1,'website','top','website',0,NULL,NULL,100,'/website/index.php','','WebSites','<span class=\"fas fa-globe-americas pictofixedwidth em092\" style=\" color: #304;\"></span>','website',NULL,NULL,'$user->rights->website->read','$conf->website->enabled',2,'2024-01-03 16:35:47');

--
-- Table structure for table `llx_mrp_mo`
--

CREATE TABLE `llx_mrp_mo` (
  `rowid` int(11) NOT NULL AUTO_INCREMENT,
  `ref` varchar(128) NOT NULL DEFAULT '(PROV)',
  `entity` int(11) NOT NULL DEFAULT 1,
  `label` varchar(255) DEFAULT NULL,
  `qty` double NOT NULL,
  `fk_warehouse` int(11) DEFAULT NULL,
  `fk_soc` int(11) DEFAULT NULL,
  `note_public` text DEFAULT NULL,
  `note_private` text DEFAULT NULL,
  `date_creation` datetime NOT NULL,
  `tms` timestamp NOT NULL DEFAULT current_timestamp() ON UPDATE current_timestamp(),
  `fk_user_creat` int(11) NOT NULL,
  `fk_user_modif` int(11) DEFAULT NULL,
  `import_key` varchar(14) DEFAULT NULL,
  `model_pdf` varchar(255) DEFAULT NULL,
  `status` int(11) NOT NULL,
  `fk_product` int(11) NOT NULL,
  `date_start_planned` datetime DEFAULT NULL,
  `date_end_planned` datetime DEFAULT NULL,
  `fk_bom` int(11) DEFAULT NULL,
  `fk_project` int(11) DEFAULT NULL,
  `date_valid` datetime DEFAULT NULL,
  `fk_user_valid` int(11) DEFAULT NULL,
  `last_main_doc` varchar(255) DEFAULT NULL,
  `mrptype` int(11) DEFAULT 0,
  `fk_parent_line` int(11) DEFAULT NULL,
  PRIMARY KEY (`rowid`),
  KEY `idx_mrp_mo_ref` (`ref`),
  KEY `idx_mrp_mo_entity` (`entity`),
  KEY `idx_mrp_mo_fk_soc` (`fk_soc`),
  KEY `fk_mrp_mo_fk_user_creat` (`fk_user_creat`),
  KEY `idx_mrp_mo_status` (`status`),
  KEY `idx_mrp_mo_fk_product` (`fk_product`),
  KEY `idx_mrp_mo_date_start_planned` (`date_start_planned`),
  KEY `idx_mrp_mo_date_end_planned` (`date_end_planned`),
  KEY `idx_mrp_mo_fk_bom` (`fk_bom`),
  KEY `idx_mrp_mo_fk_project` (`fk_project`),
  CONSTRAINT `fk_mrp_mo_fk_user_creat` FOREIGN KEY (`fk_user_creat`) REFERENCES `llx_user` (`rowid`)
) ENGINE=InnoDB AUTO_INCREMENT=30 DEFAULT CHARSET=utf8mb3 COLLATE=utf8mb3_unicode_ci;

--
-- Dumping data for table `llx_mrp_mo`
--

INSERT INTO `llx_mrp_mo` VALUES (5,'MO1912-0002',1,'Build 2 apple pies for CIO birthday',3,2,10,NULL,NULL,'2019-12-20 16:42:08','2020-01-13 11:29:30',12,12,NULL,NULL,3,4,NULL,NULL,6,7,'2019-12-20 20:32:09',12,NULL,0,NULL),(8,'MO1912-0001',1,NULL,1,NULL,NULL,NULL,NULL,'2019-12-20 17:01:21','2019-12-20 13:25:47',12,NULL,NULL,NULL,1,3,NULL,NULL,6,NULL,'2019-12-20 17:25:47',12,NULL,0,NULL),(14,'MO2001-0003',1,NULL,10,NULL,NULL,NULL,'Production very dangerous','2020-01-02 23:46:54','2020-01-06 02:48:22',12,12,NULL,NULL,2,4,NULL,NULL,6,NULL,'2020-01-02 23:57:42',12,NULL,0,NULL),(18,'MO2001-0004',1,NULL,2,2,NULL,NULL,NULL,'2020-01-03 13:34:34','2020-01-03 10:10:41',12,12,NULL,NULL,1,4,NULL,NULL,6,NULL,'2020-01-03 14:10:41',12,NULL,0,NULL),(22,'(PROV22)',1,'label',1,NULL,26,NULL,NULL,'2020-01-08 19:42:15','2023-01-17 12:47:53',12,NULL,NULL,NULL,0,4,'2020-01-08 16:41:00','2020-01-08 17:41:00',6,4,NULL,NULL,NULL,0,NULL),(23,'(PROV23)',1,NULL,1,NULL,26,NULL,NULL,'2020-01-08 19:45:04','2022-12-26 11:20:09',12,NULL,NULL,NULL,0,4,'2020-01-08 16:42:00','2020-01-08 17:42:00',6,4,NULL,NULL,NULL,0,NULL),(24,'MO2001-0006',1,NULL,1,NULL,26,NULL,NULL,'2020-01-08 19:46:41','2020-01-13 11:13:19',12,NULL,NULL,NULL,2,4,NULL,NULL,6,6,'2020-01-13 15:11:54',12,NULL,0,NULL),(26,'(PROV26)',1,NULL,1,NULL,NULL,NULL,NULL,'2020-01-08 19:49:22','2020-01-08 15:49:22',12,NULL,NULL,NULL,0,4,NULL,NULL,6,NULL,NULL,NULL,NULL,0,NULL),(27,'(PROV27)',1,NULL,1,NULL,NULL,NULL,NULL,'2020-01-08 19:49:50','2020-01-08 15:49:50',12,NULL,NULL,NULL,0,4,NULL,NULL,6,NULL,NULL,NULL,NULL,0,NULL),(28,'MO2001-0005',1,NULL,1,NULL,NULL,NULL,NULL,'2020-01-08 20:09:40','2020-01-08 16:21:22',12,NULL,NULL,NULL,2,4,NULL,NULL,6,NULL,'2020-01-08 20:12:55',12,NULL,0,NULL),(29,'(PROV29)',1,NULL,3,NULL,NULL,NULL,NULL,'2020-01-08 21:00:55','2020-01-08 17:00:55',12,NULL,NULL,NULL,0,4,NULL,NULL,NULL,NULL,NULL,NULL,NULL,0,NULL);

--
-- Table structure for table `llx_mrp_mo_extrafields`
--

CREATE TABLE `llx_mrp_mo_extrafields` (
  `rowid` int(11) NOT NULL AUTO_INCREMENT,
  `tms` timestamp NOT NULL DEFAULT current_timestamp() ON UPDATE current_timestamp(),
  `fk_object` int(11) NOT NULL,
  `import_key` varchar(14) DEFAULT NULL,
  PRIMARY KEY (`rowid`),
  KEY `idx_mrp_mo_fk_object` (`fk_object`)
) ENGINE=InnoDB DEFAULT CHARSET=utf8mb3 COLLATE=utf8mb3_unicode_ci;

--
-- Dumping data for table `llx_mrp_mo_extrafields`
--


--
-- Table structure for table `llx_mrp_production`
--

CREATE TABLE `llx_mrp_production` (
  `rowid` int(11) NOT NULL AUTO_INCREMENT,
  `fk_mo` int(11) NOT NULL,
  `origin_id` int(11) DEFAULT NULL,
  `origin_type` varchar(10) DEFAULT NULL,
  `position` int(11) NOT NULL DEFAULT 0,
  `fk_product` int(11) NOT NULL,
  `fk_warehouse` int(11) DEFAULT NULL,
  `qty` double NOT NULL DEFAULT 1,
  `batch` varchar(128) DEFAULT NULL,
  `role` varchar(10) DEFAULT NULL,
  `fk_mrp_production` int(11) DEFAULT NULL,
  `fk_stock_movement` int(11) DEFAULT NULL,
  `date_creation` datetime NOT NULL,
  `tms` timestamp NOT NULL DEFAULT current_timestamp() ON UPDATE current_timestamp(),
  `fk_user_creat` int(11) NOT NULL,
  `fk_user_modif` int(11) DEFAULT NULL,
  `import_key` varchar(14) DEFAULT NULL,
  `qty_frozen` smallint(6) DEFAULT 0,
  `disable_stock_change` smallint(6) DEFAULT 0,
  `fk_default_workstation` int(11) DEFAULT NULL,
  `fk_unit` int(11) DEFAULT NULL,
  PRIMARY KEY (`rowid`),
  KEY `fk_mrp_production_product` (`fk_product`),
  KEY `fk_mrp_production_stock_movement` (`fk_stock_movement`),
  KEY `idx_mrp_production_fk_mo` (`fk_mo`),
  CONSTRAINT `fk_mrp_production_mo` FOREIGN KEY (`fk_mo`) REFERENCES `llx_mrp_mo` (`rowid`),
  CONSTRAINT `fk_mrp_production_product` FOREIGN KEY (`fk_product`) REFERENCES `llx_product` (`rowid`),
  CONSTRAINT `fk_mrp_production_stock_movement` FOREIGN KEY (`fk_stock_movement`) REFERENCES `llx_stock_mouvement` (`rowid`)
) ENGINE=InnoDB AUTO_INCREMENT=215 DEFAULT CHARSET=utf8mb3 COLLATE=utf8mb3_unicode_ci;

--
-- Dumping data for table `llx_mrp_production`
--

INSERT INTO `llx_mrp_production` VALUES (13,8,NULL,NULL,1,3,NULL,1,NULL,'toproduce',NULL,NULL,'2019-12-20 17:01:21','2019-12-20 13:01:21',12,NULL,NULL,NULL,NULL,NULL,NULL),(14,8,NULL,NULL,0,25,NULL,4,NULL,'toconsume',NULL,NULL,'2019-12-20 17:01:21','2019-12-20 13:01:21',12,NULL,NULL,0,0,NULL,NULL),(15,8,NULL,NULL,0,3,NULL,1,NULL,'toconsume',NULL,NULL,'2019-12-20 17:01:21','2019-12-20 13:01:21',12,NULL,NULL,0,1,NULL,NULL),(49,5,NULL,NULL,1,4,NULL,3,NULL,'toproduce',NULL,NULL,'2019-12-20 20:32:00','2019-12-20 16:32:00',12,NULL,NULL,NULL,NULL,NULL,NULL),(50,5,NULL,NULL,0,25,NULL,12,NULL,'toconsume',NULL,NULL,'2019-12-20 20:32:00','2019-12-20 16:32:00',12,NULL,NULL,0,0,NULL,NULL),(51,5,NULL,NULL,0,3,NULL,3,NULL,'toconsume',NULL,NULL,'2019-12-20 20:32:00','2019-12-20 16:32:00',12,NULL,NULL,0,1,NULL,NULL),(52,14,NULL,NULL,1,4,NULL,10,NULL,'toproduce',NULL,NULL,'2020-01-02 23:46:54','2020-01-02 19:46:54',12,NULL,NULL,NULL,NULL,NULL,NULL),(53,14,NULL,NULL,0,25,NULL,40,NULL,'toconsume',NULL,NULL,'2020-01-02 23:46:54','2020-01-02 19:46:54',12,NULL,NULL,0,0,NULL,NULL),(54,14,NULL,NULL,0,3,NULL,10,NULL,'toconsume',NULL,NULL,'2020-01-02 23:46:54','2020-01-02 19:46:54',12,NULL,NULL,0,1,NULL,NULL),(68,18,NULL,NULL,1,4,NULL,2,NULL,'toproduce',NULL,NULL,'2020-01-03 14:10:33','2020-01-03 10:10:33',12,NULL,NULL,NULL,NULL,NULL,NULL),(69,18,NULL,NULL,1,25,NULL,8,NULL,'toconsume',NULL,NULL,'2020-01-03 14:10:33','2020-01-03 10:10:33',12,NULL,NULL,0,0,NULL,NULL),(70,18,NULL,NULL,3,3,NULL,2,NULL,'toconsume',NULL,NULL,'2020-01-03 14:10:33','2020-01-03 10:10:33',12,NULL,NULL,0,1,NULL,NULL),(71,18,NULL,NULL,2,2,NULL,1,NULL,'toconsume',NULL,NULL,'2020-01-03 14:10:33','2020-01-03 10:10:33',12,NULL,NULL,1,0,NULL,NULL),(93,5,NULL,NULL,0,25,1,12,'','consumed',50,23,'2020-01-06 05:44:30','2020-01-06 01:44:30',12,NULL,NULL,NULL,NULL,NULL,NULL),(95,5,NULL,NULL,0,4,2,3,'','produced',49,24,'2020-01-06 05:44:30','2020-01-06 01:44:30',12,NULL,NULL,NULL,NULL,NULL,NULL),(96,5,NULL,NULL,0,25,1,2,'','consumed',50,25,'2020-01-06 05:54:05','2020-01-06 01:54:05',12,NULL,NULL,NULL,NULL,NULL,NULL),(97,5,NULL,NULL,0,3,NULL,2,'','consumed',51,NULL,'2020-01-06 05:54:05','2020-01-06 01:54:05',12,NULL,NULL,NULL,NULL,NULL,NULL),(98,5,NULL,NULL,0,4,2,3,'','produced',49,26,'2020-01-06 05:54:05','2020-01-06 01:54:05',12,NULL,NULL,NULL,NULL,NULL,NULL),(99,14,NULL,NULL,0,25,1,1,'','consumed',53,27,'2020-01-06 06:44:49','2020-01-06 02:44:49',12,NULL,NULL,NULL,NULL,NULL,NULL),(100,14,NULL,NULL,0,3,NULL,10,'','consumed',54,NULL,'2020-01-06 06:44:49','2020-01-06 02:44:49',12,NULL,NULL,NULL,NULL,NULL,NULL),(101,14,NULL,NULL,0,4,1,1,'','produced',52,28,'2020-01-06 06:44:49','2020-01-06 02:44:49',12,NULL,NULL,NULL,NULL,NULL,NULL),(102,14,NULL,NULL,0,25,1,1,'','consumed',53,29,'2020-01-06 06:46:03','2020-01-06 02:46:03',12,NULL,NULL,NULL,NULL,NULL,NULL),(103,14,NULL,NULL,0,3,NULL,1,'','consumed',54,NULL,'2020-01-06 06:46:03','2020-01-06 02:46:03',12,NULL,NULL,NULL,NULL,NULL,NULL),(104,14,NULL,NULL,0,4,1,1,'','produced',52,30,'2020-01-06 06:46:03','2020-01-06 02:46:03',12,NULL,NULL,NULL,NULL,NULL,NULL),(105,14,NULL,NULL,0,25,1,1,'','consumed',53,31,'2020-01-06 06:48:22','2020-01-06 02:48:22',12,NULL,NULL,NULL,NULL,NULL,NULL),(106,14,NULL,NULL,0,3,NULL,1,'','consumed',54,NULL,'2020-01-06 06:48:22','2020-01-06 02:48:22',12,NULL,NULL,NULL,NULL,NULL,NULL),(107,14,NULL,NULL,0,4,1,1,'','produced',52,32,'2020-01-06 06:48:22','2020-01-06 02:48:22',12,NULL,NULL,NULL,NULL,NULL,NULL),(108,14,NULL,NULL,0,25,1,1,'','consumed',53,33,'2020-01-06 06:50:05','2020-01-06 02:50:05',12,NULL,NULL,NULL,NULL,NULL,NULL),(109,14,NULL,NULL,0,3,NULL,1,'','consumed',54,NULL,'2020-01-06 06:50:05','2020-01-06 02:50:05',12,NULL,NULL,NULL,NULL,NULL,NULL),(110,14,NULL,NULL,0,4,1,1,'','produced',52,34,'2020-01-06 06:50:05','2020-01-06 02:50:05',12,NULL,NULL,NULL,NULL,NULL,NULL),(111,5,NULL,NULL,0,25,1,2,'','consumed',50,35,'2020-01-07 20:25:02','2020-01-07 16:25:02',12,NULL,NULL,NULL,NULL,NULL,NULL),(112,5,NULL,NULL,0,3,NULL,1,'','consumed',51,NULL,'2020-01-07 20:25:02','2020-01-07 16:25:02',12,NULL,NULL,NULL,NULL,NULL,NULL),(113,5,NULL,NULL,0,4,2,1,'','produced',49,36,'2020-01-07 20:25:02','2020-01-07 16:25:02',12,NULL,NULL,NULL,NULL,NULL,NULL),(132,5,NULL,NULL,0,25,1,1,'','consumed',50,46,'2020-01-07 21:53:58','2020-01-07 17:53:58',12,NULL,NULL,NULL,NULL,NULL,NULL),(135,5,NULL,NULL,0,25,1,1,'','consumed',50,48,'2020-01-07 21:54:12','2020-01-07 17:54:12',12,NULL,NULL,NULL,NULL,NULL,NULL),(140,5,NULL,NULL,0,25,1,1,'','consumed',50,51,'2020-01-07 22:00:55','2020-01-07 18:00:55',12,NULL,NULL,NULL,NULL,NULL,NULL),(142,5,NULL,NULL,0,4,1,1,'','produced',49,52,'2020-01-07 22:00:55','2020-01-07 18:00:55',12,NULL,NULL,NULL,NULL,NULL,NULL),(143,14,NULL,NULL,0,25,1,1,'','consumed',53,53,'2020-01-07 22:39:52','2020-01-07 18:39:52',12,NULL,NULL,NULL,NULL,NULL,NULL),(144,14,NULL,NULL,0,3,NULL,1,'','consumed',54,NULL,'2020-01-07 22:39:52','2020-01-07 18:39:52',12,NULL,NULL,NULL,NULL,NULL,NULL),(145,14,NULL,NULL,0,4,1,2,'','produced',52,54,'2020-01-07 22:39:52','2020-01-07 18:39:52',12,NULL,NULL,NULL,NULL,NULL,NULL),(146,14,NULL,NULL,0,25,1,2,'','consumed',53,55,'2020-01-07 23:09:04','2020-01-07 19:09:04',12,NULL,NULL,NULL,NULL,NULL,NULL),(148,14,NULL,NULL,0,4,1,4,'','produced',52,56,'2020-01-07 23:09:04','2020-01-07 19:09:04',12,NULL,NULL,NULL,NULL,NULL,NULL),(149,5,NULL,NULL,0,25,1,1,'','consumed',50,57,'2020-01-07 23:50:40','2020-01-07 19:50:40',12,NULL,NULL,NULL,NULL,NULL,NULL),(152,5,NULL,NULL,0,25,1,1,'','consumed',50,59,'2020-01-07 23:51:27','2020-01-07 19:51:27',12,NULL,NULL,NULL,NULL,NULL,NULL),(161,5,NULL,NULL,0,25,1,1,'','consumed',50,63,'2020-01-08 00:29:24','2020-01-07 20:29:24',12,NULL,NULL,NULL,NULL,NULL,NULL),(167,5,NULL,NULL,0,25,1,1,'','consumed',50,66,'2020-01-08 01:09:15','2020-01-07 21:09:15',12,NULL,NULL,NULL,NULL,NULL,NULL),(170,5,NULL,NULL,0,25,1,1,'','consumed',50,68,'2020-01-08 01:15:02','2020-01-07 21:15:02',12,NULL,NULL,NULL,NULL,NULL,NULL),(171,5,NULL,NULL,0,25,1,1.1,'','consumed',50,69,'2020-01-08 01:17:16','2020-01-07 21:17:16',12,NULL,NULL,NULL,NULL,NULL,NULL),(172,22,NULL,NULL,1,4,NULL,1,NULL,'toproduce',NULL,NULL,'2020-01-08 19:42:15','2020-01-08 15:42:15',12,NULL,NULL,NULL,NULL,NULL,NULL),(173,22,NULL,NULL,1,25,NULL,4,NULL,'toconsume',NULL,NULL,'2020-01-08 19:42:15','2020-01-08 15:42:15',12,NULL,NULL,0,0,NULL,NULL),(174,22,NULL,NULL,3,3,NULL,1,NULL,'toconsume',NULL,NULL,'2020-01-08 19:42:15','2020-01-08 15:42:15',12,NULL,NULL,0,1,NULL,NULL),(175,22,NULL,NULL,2,2,NULL,1,NULL,'toconsume',NULL,NULL,'2020-01-08 19:42:15','2020-01-08 15:42:15',12,NULL,NULL,1,0,NULL,NULL),(176,22,NULL,NULL,0,1,NULL,3,NULL,'toconsume',NULL,NULL,'2020-01-08 19:42:15','2020-01-08 15:42:15',12,NULL,NULL,0,0,NULL,NULL),(177,23,NULL,NULL,1,4,NULL,1,NULL,'toproduce',NULL,NULL,'2020-01-08 19:45:04','2020-01-08 15:45:04',12,NULL,NULL,NULL,NULL,NULL,NULL),(178,23,NULL,NULL,1,25,NULL,4,NULL,'toconsume',NULL,NULL,'2020-01-08 19:45:04','2020-01-08 15:45:04',12,NULL,NULL,0,0,NULL,NULL),(179,23,NULL,NULL,3,3,NULL,1,NULL,'toconsume',NULL,NULL,'2020-01-08 19:45:04','2020-01-08 15:45:04',12,NULL,NULL,0,1,NULL,NULL),(180,23,NULL,NULL,2,2,NULL,1,NULL,'toconsume',NULL,NULL,'2020-01-08 19:45:04','2020-01-08 15:45:04',12,NULL,NULL,1,0,NULL,NULL),(181,23,NULL,NULL,0,1,NULL,3,NULL,'toconsume',NULL,NULL,'2020-01-08 19:45:04','2020-01-08 15:45:04',12,NULL,NULL,0,0,NULL,NULL),(182,24,NULL,NULL,1,4,NULL,1,NULL,'toproduce',NULL,NULL,'2020-01-08 19:46:41','2020-01-08 15:46:41',12,NULL,NULL,NULL,NULL,NULL,NULL),(183,24,NULL,NULL,1,25,NULL,4,NULL,'toconsume',NULL,NULL,'2020-01-08 19:46:41','2020-01-08 15:46:41',12,NULL,NULL,0,0,NULL,NULL),(184,24,NULL,NULL,3,3,NULL,1,NULL,'toconsume',NULL,NULL,'2020-01-08 19:46:41','2020-01-08 15:46:41',12,NULL,NULL,0,1,NULL,NULL),(185,24,NULL,NULL,2,2,NULL,1,NULL,'toconsume',NULL,NULL,'2020-01-08 19:46:41','2020-01-08 15:46:41',12,NULL,NULL,1,0,NULL,NULL),(186,24,NULL,NULL,0,1,NULL,3,NULL,'toconsume',NULL,NULL,'2020-01-08 19:46:41','2020-01-08 15:46:41',12,NULL,NULL,0,0,NULL,NULL),(192,26,NULL,NULL,1,4,NULL,1,NULL,'toproduce',NULL,NULL,'2020-01-08 19:49:22','2020-01-08 15:49:22',12,NULL,NULL,NULL,NULL,NULL,NULL),(193,26,NULL,NULL,1,25,NULL,4,NULL,'toconsume',NULL,NULL,'2020-01-08 19:49:22','2020-01-08 15:49:22',12,NULL,NULL,0,0,NULL,NULL),(194,26,NULL,NULL,3,3,NULL,1,NULL,'toconsume',NULL,NULL,'2020-01-08 19:49:22','2020-01-08 15:49:22',12,NULL,NULL,0,1,NULL,NULL),(195,26,NULL,NULL,2,2,NULL,1,NULL,'toconsume',NULL,NULL,'2020-01-08 19:49:22','2020-01-08 15:49:22',12,NULL,NULL,1,0,NULL,NULL),(196,26,NULL,NULL,0,1,NULL,3,NULL,'toconsume',NULL,NULL,'2020-01-08 19:49:22','2020-01-08 15:49:22',12,NULL,NULL,0,0,NULL,NULL),(197,27,NULL,NULL,1,4,NULL,1,NULL,'toproduce',NULL,NULL,'2020-01-08 19:49:50','2020-01-08 15:49:50',12,NULL,NULL,NULL,NULL,NULL,NULL),(198,27,NULL,NULL,1,25,NULL,4,NULL,'toconsume',NULL,NULL,'2020-01-08 19:49:50','2020-01-08 15:49:50',12,NULL,NULL,0,0,NULL,NULL),(199,27,NULL,NULL,3,3,NULL,1,NULL,'toconsume',NULL,NULL,'2020-01-08 19:49:50','2020-01-08 15:49:50',12,NULL,NULL,0,1,NULL,NULL),(200,27,NULL,NULL,2,2,NULL,1,NULL,'toconsume',NULL,NULL,'2020-01-08 19:49:50','2020-01-08 15:49:50',12,NULL,NULL,1,0,NULL,NULL),(201,27,NULL,NULL,0,1,NULL,3,NULL,'toconsume',NULL,NULL,'2020-01-08 19:49:50','2020-01-08 15:49:50',12,NULL,NULL,0,0,NULL,NULL),(202,28,NULL,NULL,1,4,NULL,1,NULL,'toproduce',NULL,NULL,'2020-01-08 20:09:40','2020-01-08 16:09:40',12,NULL,NULL,NULL,NULL,NULL,NULL),(203,28,NULL,NULL,1,25,NULL,4,NULL,'toconsume',NULL,NULL,'2020-01-08 20:09:40','2020-01-08 16:09:40',12,NULL,NULL,0,0,NULL,NULL),(204,28,NULL,NULL,3,3,NULL,1,NULL,'toconsume',NULL,NULL,'2020-01-08 20:09:40','2020-01-08 16:09:40',12,NULL,NULL,0,1,NULL,NULL),(205,28,NULL,NULL,2,2,NULL,1,NULL,'toconsume',NULL,NULL,'2020-01-08 20:09:40','2020-01-08 16:09:40',12,NULL,NULL,1,0,NULL,NULL),(206,28,NULL,NULL,0,1,NULL,3,NULL,'toconsume',NULL,NULL,'2020-01-08 20:09:40','2020-01-08 16:09:40',12,NULL,NULL,0,0,NULL,NULL),(207,28,NULL,NULL,0,25,1,1,'','consumed',203,70,'2020-01-08 20:21:22','2020-01-08 16:21:22',12,NULL,NULL,NULL,NULL,NULL,NULL),(210,28,NULL,NULL,0,1,1,1.1,'000000','consumed',206,73,'2020-01-08 20:41:18','2020-01-08 16:41:18',12,NULL,NULL,NULL,NULL,NULL,NULL),(211,28,NULL,NULL,0,4,1,1.2,'aaa','produced',202,74,'2020-01-08 20:41:19','2020-01-08 16:41:19',12,NULL,NULL,NULL,NULL,NULL,NULL),(212,24,NULL,NULL,0,25,1,1,'','consumed',183,75,'2020-01-13 15:13:19','2020-01-13 11:13:19',12,NULL,NULL,NULL,NULL,NULL,NULL),(213,24,NULL,NULL,0,1,1,0.1,'000000','consumed',186,76,'2020-01-13 15:14:15','2020-01-13 11:14:15',12,NULL,NULL,NULL,NULL,NULL,NULL),(214,22,NULL,'free',0,1,NULL,1,NULL,'toconsume',NULL,NULL,'2022-12-26 11:49:33','2022-12-26 11:49:33',12,NULL,NULL,NULL,NULL,NULL,NULL);

--
-- Table structure for table `llx_mrp_production_extrafields`
--

CREATE TABLE `llx_mrp_production_extrafields` (
  `rowid` int(11) NOT NULL AUTO_INCREMENT,
  `tms` timestamp NOT NULL DEFAULT current_timestamp() ON UPDATE current_timestamp(),
  `fk_object` int(11) NOT NULL,
  `import_key` varchar(14) DEFAULT NULL,
  PRIMARY KEY (`rowid`),
  KEY `idx_mrp_production_fk_object` (`fk_object`)
) ENGINE=InnoDB DEFAULT CHARSET=utf8mb3 COLLATE=utf8mb3_unicode_ci;

--
-- Dumping data for table `llx_mrp_production_extrafields`
--


--
-- Table structure for table `llx_multicurrency`
--

CREATE TABLE `llx_multicurrency` (
  `rowid` int(11) NOT NULL AUTO_INCREMENT,
  `date_create` datetime DEFAULT NULL,
  `code` varchar(255) DEFAULT NULL,
  `name` varchar(255) DEFAULT NULL,
  `entity` int(11) DEFAULT 1,
  `fk_user` int(11) DEFAULT NULL,
  PRIMARY KEY (`rowid`)
) ENGINE=InnoDB AUTO_INCREMENT=4 DEFAULT CHARSET=utf8mb3 COLLATE=utf8mb3_unicode_ci;

--
-- Dumping data for table `llx_multicurrency`
--

INSERT INTO `llx_multicurrency` VALUES (1,'2017-02-15 21:17:16','EUR','Euros (€)',1,12),(2,'2020-01-01 19:20:09','USD','US Dollars ($)',1,12),(3,'2022-12-31 11:35:01','AED','United Arab Emirates Dirham (AED)',1,12);

--
-- Table structure for table `llx_multicurrency_rate`
--

CREATE TABLE `llx_multicurrency_rate` (
  `rowid` int(11) NOT NULL AUTO_INCREMENT,
  `date_sync` datetime DEFAULT NULL,
  `rate` double NOT NULL DEFAULT 0,
  `fk_multicurrency` int(11) NOT NULL,
  `entity` int(11) DEFAULT 1,
  `rate_indirect` double DEFAULT 0,
  PRIMARY KEY (`rowid`)
) ENGINE=InnoDB AUTO_INCREMENT=5 DEFAULT CHARSET=utf8mb3 COLLATE=utf8mb3_unicode_ci;

--
-- Dumping data for table `llx_multicurrency_rate`
--

INSERT INTO `llx_multicurrency_rate` VALUES (1,'2017-02-15 21:17:16',1,1,1,0),(2,'2020-01-01 19:20:09',1.2,2,1,0),(3,'2022-12-31 11:35:01',1.2,3,1,0),(4,'2022-12-31 00:00:00',1.3,2,1,0);

--
-- Table structure for table `llx_notify`
--

CREATE TABLE `llx_notify` (
  `rowid` int(11) NOT NULL AUTO_INCREMENT,
  `tms` timestamp NOT NULL DEFAULT current_timestamp() ON UPDATE current_timestamp(),
  `daten` datetime DEFAULT NULL,
  `fk_action` int(11) NOT NULL,
  `fk_soc` int(11) DEFAULT NULL,
  `fk_contact` int(11) DEFAULT NULL,
  `fk_user` int(11) DEFAULT NULL,
  `objet_type` varchar(24) NOT NULL,
  `objet_id` int(11) NOT NULL,
  `email` varchar(255) DEFAULT NULL,
  `type` varchar(16) DEFAULT 'email',
  `type_target` varchar(16) DEFAULT NULL,
  PRIMARY KEY (`rowid`)
) ENGINE=InnoDB DEFAULT CHARSET=utf8mb3 COLLATE=utf8mb3_unicode_ci;

--
-- Dumping data for table `llx_notify`
--


--
-- Table structure for table `llx_notify_def`
--

CREATE TABLE `llx_notify_def` (
  `rowid` int(11) NOT NULL AUTO_INCREMENT,
  `tms` timestamp NOT NULL DEFAULT current_timestamp() ON UPDATE current_timestamp(),
  `datec` date DEFAULT NULL,
  `fk_action` int(11) NOT NULL,
  `fk_soc` int(11) DEFAULT NULL,
  `fk_contact` int(11) DEFAULT NULL,
  `fk_user` int(11) DEFAULT NULL,
  `type` varchar(16) DEFAULT 'email',
  `email` varchar(255) DEFAULT NULL,
  `threshold` double(24,8) DEFAULT NULL,
  `context` varchar(128) DEFAULT NULL,
  PRIMARY KEY (`rowid`)
) ENGINE=InnoDB DEFAULT CHARSET=utf8mb3 COLLATE=utf8mb3_unicode_ci;

--
-- Dumping data for table `llx_notify_def`
--


--
-- Table structure for table `llx_notify_def_object`
--

CREATE TABLE `llx_notify_def_object` (
  `id` int(11) NOT NULL AUTO_INCREMENT,
  `entity` int(11) NOT NULL DEFAULT 1,
  `objet_type` varchar(16) DEFAULT NULL,
  `objet_id` int(11) NOT NULL,
  `type_notif` varchar(16) DEFAULT 'browser',
  `date_notif` datetime DEFAULT NULL,
  `user_id` int(11) DEFAULT NULL,
  `moreparam` varchar(255) DEFAULT NULL,
  PRIMARY KEY (`id`)
) ENGINE=InnoDB DEFAULT CHARSET=utf8mb3 COLLATE=utf8mb3_unicode_ci;

--
-- Dumping data for table `llx_notify_def_object`
--


--
-- Table structure for table `llx_oauth_state`
--

CREATE TABLE `llx_oauth_state` (
  `rowid` int(11) NOT NULL AUTO_INCREMENT,
  `service` varchar(36) DEFAULT NULL,
  `state` varchar(128) DEFAULT NULL,
  `fk_user` int(11) DEFAULT NULL,
  `fk_adherent` int(11) DEFAULT NULL,
  `entity` int(11) DEFAULT NULL,
  PRIMARY KEY (`rowid`)
) ENGINE=InnoDB DEFAULT CHARSET=utf8mb3 COLLATE=utf8mb3_unicode_ci;

--
-- Dumping data for table `llx_oauth_state`
--


--
-- Table structure for table `llx_oauth_token`
--

CREATE TABLE `llx_oauth_token` (
  `rowid` int(11) NOT NULL AUTO_INCREMENT,
  `service` varchar(36) DEFAULT NULL,
  `token` text DEFAULT NULL,
  `fk_soc` int(11) DEFAULT NULL,
  `fk_user` int(11) DEFAULT NULL,
  `fk_adherent` int(11) DEFAULT NULL,
  `entity` int(11) DEFAULT NULL,
  `tokenstring` text DEFAULT NULL,
  `state` text DEFAULT NULL,
  `restricted_ips` varchar(200) DEFAULT NULL,
  `datec` datetime DEFAULT NULL,
  `tms` timestamp NOT NULL DEFAULT current_timestamp() ON UPDATE current_timestamp(),
  PRIMARY KEY (`rowid`)
) ENGINE=InnoDB AUTO_INCREMENT=30 DEFAULT CHARSET=utf8mb3 COLLATE=utf8mb3_unicode_ci;

--
-- Dumping data for table `llx_oauth_token`
--


--
-- Table structure for table `llx_object_lang`
--

CREATE TABLE `llx_object_lang` (
  `rowid` int(11) NOT NULL AUTO_INCREMENT,
  `fk_object` int(11) NOT NULL DEFAULT 0,
  `type_object` varchar(32) NOT NULL,
  `property` varchar(32) NOT NULL,
  `lang` varchar(5) NOT NULL DEFAULT '0',
  `value` text DEFAULT NULL,
  `import_key` varchar(14) DEFAULT NULL,
  PRIMARY KEY (`rowid`),
  UNIQUE KEY `uk_object_lang` (`fk_object`,`type_object`,`property`,`lang`)
) ENGINE=InnoDB DEFAULT CHARSET=utf8mb3 COLLATE=utf8mb3_unicode_ci;

--
-- Dumping data for table `llx_object_lang`
--


--
-- Table structure for table `llx_onlinesignature`
--

CREATE TABLE `llx_onlinesignature` (
  `rowid` int(11) NOT NULL AUTO_INCREMENT,
  `entity` int(11) NOT NULL DEFAULT 1,
  `object_type` varchar(32) NOT NULL,
  `object_id` int(11) NOT NULL,
  `datec` datetime NOT NULL,
  `tms` timestamp NOT NULL DEFAULT current_timestamp() ON UPDATE current_timestamp(),
  `name` varchar(255) NOT NULL,
  `ip` varchar(128) DEFAULT NULL,
  `pathoffile` varchar(255) DEFAULT NULL,
  PRIMARY KEY (`rowid`)
) ENGINE=InnoDB DEFAULT CHARSET=utf8mb3 COLLATE=utf8mb3_unicode_ci;

--
-- Dumping data for table `llx_onlinesignature`
--


--
-- Table structure for table `llx_opensurvey_comments`
--

CREATE TABLE `llx_opensurvey_comments` (
  `id_comment` int(10) unsigned NOT NULL AUTO_INCREMENT,
  `id_sondage` char(16) NOT NULL,
  `comment` text NOT NULL,
  `usercomment` text DEFAULT NULL,
  `ip` varchar(250) DEFAULT NULL,
  `date_creation` datetime DEFAULT NULL,
  PRIMARY KEY (`id_comment`),
  KEY `idx_id_comment` (`id_comment`),
  KEY `idx_id_sondage` (`id_sondage`)
) ENGINE=InnoDB AUTO_INCREMENT=31 DEFAULT CHARSET=utf8mb3 COLLATE=utf8mb3_unicode_ci;

--
-- Dumping data for table `llx_opensurvey_comments`
--

INSERT INTO `llx_opensurvey_comments` VALUES (2,'434dio8rxfljs3p1','aaa','aaa',NULL,NULL),(5,'434dio8rxfljs3p1','aaa','aaa',NULL,NULL),(6,'434dio8rxfljs3p1','gfh','jj',NULL,NULL),(11,'434dio8rxfljs3p1','fsdf','fdsf',NULL,NULL),(12,'3imby4hf7joiilsu','fsdf','aa',NULL,NULL),(16,'3imby4hf7joiilsu','gdfg','gfdg',NULL,NULL),(17,'3imby4hf7joiilsu','gfdgd','gdfgd',NULL,NULL),(18,'om4e7azfiurnjtqe','fds','fdsf',NULL,NULL),(26,'qgsfrgb922rqzocy','gfdg','gfdg',NULL,NULL),(27,'qgsfrgb922rqzocy','gfdg','gfd',NULL,NULL),(30,'ckanvbe7kt3rdb3h','hfgh','fdfds',NULL,NULL);

--
-- Table structure for table `llx_opensurvey_formquestions`
--

CREATE TABLE `llx_opensurvey_formquestions` (
  `rowid` int(11) NOT NULL AUTO_INCREMENT,
  `id_sondage` varchar(16) DEFAULT NULL,
  `question` text DEFAULT NULL,
  `available_answers` text DEFAULT NULL,
  PRIMARY KEY (`rowid`)
) ENGINE=InnoDB DEFAULT CHARSET=utf8mb3 COLLATE=utf8mb3_unicode_ci;

--
-- Dumping data for table `llx_opensurvey_formquestions`
--


--
-- Table structure for table `llx_opensurvey_sondage`
--

CREATE TABLE `llx_opensurvey_sondage` (
  `id_sondage` varchar(16) NOT NULL,
  `commentaires` text DEFAULT NULL,
  `mail_admin` varchar(128) DEFAULT NULL,
  `nom_admin` varchar(64) DEFAULT NULL,
  `fk_user_creat` int(11) NOT NULL,
  `titre` text NOT NULL,
  `date_fin` datetime DEFAULT NULL,
  `status` int(11) DEFAULT 1,
  `format` varchar(2) NOT NULL,
  `mailsonde` tinyint(4) NOT NULL DEFAULT 0,
  `tms` timestamp NOT NULL DEFAULT current_timestamp() ON UPDATE current_timestamp(),
  `entity` int(11) NOT NULL DEFAULT 1,
  `allow_comments` tinyint(4) NOT NULL DEFAULT 1,
  `allow_spy` tinyint(4) NOT NULL DEFAULT 1,
  `sujet` text DEFAULT NULL,
  PRIMARY KEY (`id_sondage`),
  KEY `idx_date_fin` (`date_fin`)
) ENGINE=InnoDB DEFAULT CHARSET=utf8mb3 COLLATE=utf8mb3_unicode_ci;

--
-- Dumping data for table `llx_opensurvey_sondage`
--

INSERT INTO `llx_opensurvey_sondage` VALUES ('m4467s2mtk6khmxc','What is your prefered date for a brunch','myemail@aaa.com','fdfds',0,'Date of next brunch','2015-03-07 00:00:00',2,'D',1,'2023-08-15 12:17:28',1,1,1,',1483473600'),('tim1dye8x5eeetxu','Please vote for the candidate you want to have for our new president this year.',NULL,NULL,12,'Election of new president','2017-02-26 04:00:00',1,'A',0,'2023-08-15 12:17:28',1,1,0,'Alan Candide@foragainst,Alex Candor@foragainst');

--
-- Table structure for table `llx_opensurvey_user_formanswers`
--

CREATE TABLE `llx_opensurvey_user_formanswers` (
  `fk_user_survey` int(11) NOT NULL,
  `fk_question` int(11) NOT NULL,
  `reponses` text DEFAULT NULL
) ENGINE=InnoDB DEFAULT CHARSET=utf8mb3 COLLATE=utf8mb3_unicode_ci;

--
-- Dumping data for table `llx_opensurvey_user_formanswers`
--


--
-- Table structure for table `llx_opensurvey_user_studs`
--

CREATE TABLE `llx_opensurvey_user_studs` (
  `id_users` int(11) NOT NULL AUTO_INCREMENT,
  `nom` varchar(64) NOT NULL,
  `id_sondage` varchar(16) NOT NULL,
  `reponses` varchar(200) NOT NULL,
  `ip` varchar(250) DEFAULT NULL,
  `date_creation` datetime DEFAULT NULL,
  PRIMARY KEY (`id_users`),
  KEY `idx_id_users` (`id_users`),
  KEY `idx_nom` (`nom`),
  KEY `idx_id_sondage` (`id_sondage`),
  KEY `idx_opensurvey_user_studs_id_users` (`id_users`),
  KEY `idx_opensurvey_user_studs_nom` (`nom`),
  KEY `idx_opensurvey_user_studs_id_sondage` (`id_sondage`)
) ENGINE=InnoDB AUTO_INCREMENT=31 DEFAULT CHARSET=utf8mb3 COLLATE=utf8mb3_unicode_ci;

--
-- Dumping data for table `llx_opensurvey_user_studs`
--

INSERT INTO `llx_opensurvey_user_studs` VALUES (1,'gfdgdf','om4e7azfiurnjtqe','01',NULL,NULL),(2,'aa','3imby4hf7joiilsu','210',NULL,NULL),(3,'fsdf','z2qcqjh5pm1q4p99','0110',NULL,NULL),(5,'hfghf','z2qcqjh5pm1q4p99','1110',NULL,NULL),(6,'qqqq','ah9xvaqu1ajjrqse','000111',NULL,NULL),(7,'hjgh','ah9xvaqu1ajjrqse','000010',NULL,NULL),(8,'bcvb','qgsfrgb922rqzocy','011000',NULL,NULL),(9,'gdfg','ah9xvaqu1ajjrqse','001000',NULL,NULL),(10,'ggg','ah9xvaqu1ajjrqse','000100',NULL,NULL),(11,'gfdgd','ah9xvaqu1ajjrqse','001000',NULL,NULL),(12,'hhhh','ah9xvaqu1ajjrqse','010000',NULL,NULL),(13,'iii','ah9xvaqu1ajjrqse','000100',NULL,NULL),(14,'kkk','ah9xvaqu1ajjrqse','001000',NULL,NULL),(15,'lllll','ah9xvaqu1ajjrqse','000001',NULL,NULL),(16,'kk','ah9xvaqu1ajjrqse','000001',NULL,NULL),(17,'gggg','ah9xvaqu1ajjrqse','001000',NULL,NULL),(18,'mmmm','ah9xvaqu1ajjrqse','000000',NULL,NULL),(19,'jkjkj','ah9xvaqu1ajjrqse','000001',NULL,NULL),(20,'azerty','8mcdnf2hgcntfibe','012',NULL,NULL),(21,'hfghfg','8mcdnf2hgcntfibe','012',NULL,NULL),(22,'fd','ckanvbe7kt3rdb3h','10',NULL,NULL),(25,'John Doe','m4467s2mtk6khmxc','1',NULL,NULL),(26,'Martial Bill','m4467s2mtk6khmxc','01',NULL,NULL),(27,'Marissa Campbell','m4467s2mtk6khmxc','11',NULL,NULL),(28,'Leonard Cast','m4467s2mtk6khmxc','01',NULL,NULL),(29,'John Doe','tim1dye8x5eeetxu','01',NULL,NULL),(30,'Eldy','tim1dye8x5eeetxu','11',NULL,NULL);

--
-- Table structure for table `llx_overwrite_trans`
--

CREATE TABLE `llx_overwrite_trans` (
  `rowid` int(11) NOT NULL AUTO_INCREMENT,
  `entity` int(11) NOT NULL DEFAULT 1,
  `lang` varchar(5) DEFAULT NULL,
  `transkey` varchar(128) DEFAULT NULL,
  `transvalue` text DEFAULT NULL,
  PRIMARY KEY (`rowid`),
  UNIQUE KEY `uk_overwrite_trans` (`entity`,`lang`,`transkey`)
) ENGINE=InnoDB DEFAULT CHARSET=utf8mb3 COLLATE=utf8mb3_unicode_ci;

--
-- Dumping data for table `llx_overwrite_trans`
--


--
-- Table structure for table `llx_paiement`
--

CREATE TABLE `llx_paiement` (
  `rowid` int(11) NOT NULL AUTO_INCREMENT,
  `ref` varchar(30) NOT NULL DEFAULT '',
  `ref_ext` varchar(255) DEFAULT NULL,
  `entity` int(11) NOT NULL DEFAULT 1,
  `datec` datetime DEFAULT NULL,
  `tms` timestamp NOT NULL DEFAULT current_timestamp() ON UPDATE current_timestamp(),
  `datep` datetime DEFAULT NULL,
  `amount` double(24,8) DEFAULT NULL,
  `fk_paiement` int(11) NOT NULL,
  `num_paiement` varchar(50) DEFAULT NULL,
  `note` text DEFAULT NULL,
  `fk_bank` int(11) NOT NULL DEFAULT 0,
  `fk_user_creat` int(11) DEFAULT NULL,
  `fk_user_modif` int(11) DEFAULT NULL,
  `statut` smallint(6) NOT NULL DEFAULT 0,
  `fk_export_compta` int(11) NOT NULL DEFAULT 0,
  `pos_change` double(24,8) DEFAULT 0.00000000,
  `multicurrency_amount` double(24,8) DEFAULT 0.00000000,
  `ext_payment_id` varchar(255) DEFAULT NULL,
  `ext_payment_site` varchar(128) DEFAULT NULL,
  PRIMARY KEY (`rowid`)
) ENGINE=InnoDB AUTO_INCREMENT=46 DEFAULT CHARSET=utf8mb3 COLLATE=utf8mb3_unicode_ci;

--
-- Dumping data for table `llx_paiement`
--

INSERT INTO `llx_paiement` VALUES (3,'',NULL,1,'2013-07-18 20:50:47','2023-08-13 15:39:14','2023-07-08 12:00:00',10.00000000,4,'','',6,1,NULL,0,0,0.00000000,0.00000000,NULL,NULL),(5,'',NULL,1,'2013-08-01 03:34:11','2023-08-13 15:39:14','2023-08-01 03:34:11',5.63000000,6,'','Payment Invoice FA1108-0003',8,1,NULL,0,0,0.00000000,0.00000000,NULL,NULL),(6,'',NULL,1,'2013-08-06 20:33:54','2023-08-13 15:39:14','2023-08-06 20:33:53',5.98000000,4,'','Payment Invoice FA1108-0004',13,1,NULL,0,0,0.00000000,0.00000000,NULL,NULL),(8,'',NULL,1,'2013-08-08 02:53:40','2023-08-13 15:39:14','2023-08-08 12:00:00',26.10000000,4,'','',14,1,NULL,0,0,0.00000000,0.00000000,NULL,NULL),(9,'',NULL,1,'2013-08-08 02:55:58','2023-08-13 15:39:14','2023-08-08 12:00:00',26.96000000,1,'','',15,1,NULL,0,0,0.00000000,0.00000000,NULL,NULL),(17,'',NULL,1,'2014-12-09 15:28:44','2024-01-03 16:32:23','2023-12-09 12:00:00',2.00000000,4,'','',16,1,NULL,0,0,0.00000000,0.00000000,NULL,NULL),(18,'',NULL,1,'2014-12-09 15:28:53','2024-01-03 16:32:23','2023-12-09 12:00:00',-2.00000000,4,'','',17,1,NULL,0,0,0.00000000,0.00000000,NULL,NULL),(19,'',NULL,1,'2014-12-09 17:35:55','2024-01-03 16:32:23','2023-12-09 12:00:00',-2.00000000,4,'','',18,1,NULL,0,0,0.00000000,0.00000000,NULL,NULL),(20,'',NULL,1,'2014-12-09 17:37:02','2024-01-03 16:32:23','2023-12-09 12:00:00',2.00000000,4,'','',19,1,NULL,0,0,0.00000000,0.00000000,NULL,NULL),(21,'',NULL,1,'2014-12-09 18:35:07','2024-01-03 16:32:23','2023-12-09 12:00:00',-2.00000000,4,'','',20,1,NULL,0,0,0.00000000,0.00000000,NULL,NULL),(23,'',NULL,1,'2014-12-12 18:54:33','2024-01-03 16:32:23','2023-12-12 12:00:00',1.00000000,1,'','',21,1,NULL,0,0,0.00000000,0.00000000,NULL,NULL),(24,'',NULL,1,'2015-03-06 16:48:16','2023-08-13 15:39:14','2023-03-06 00:00:00',20.00000000,4,'','Adhésion/cotisation 2016',22,1,NULL,0,0,0.00000000,0.00000000,NULL,NULL),(25,'',NULL,1,'2015-03-20 14:30:11','2023-08-13 15:39:14','2023-03-20 00:00:00',10.00000000,2,'','Adhésion/cotisation 2011',23,1,NULL,0,0,0.00000000,0.00000000,NULL,NULL),(26,'',NULL,1,'2016-03-02 19:57:58','2023-08-13 15:39:14','2023-07-09 12:00:00',605.00000000,2,'','',24,1,NULL,0,0,0.00000000,0.00000000,NULL,NULL),(29,'',NULL,1,'2016-03-02 20:01:39','2023-08-13 15:39:14','2023-03-19 12:00:00',500.00000000,4,'','',26,1,NULL,0,0,0.00000000,0.00000000,NULL,NULL),(30,'',NULL,1,'2016-03-02 20:02:06','2023-08-13 15:39:14','2023-03-21 12:00:00',400.00000000,2,'','',27,1,NULL,0,0,0.00000000,0.00000000,NULL,NULL),(32,'',NULL,1,'2016-03-03 19:22:32','2024-01-03 16:32:23','2023-10-03 12:00:00',-400.00000000,4,'','',28,1,NULL,0,0,0.00000000,0.00000000,NULL,NULL),(33,'',NULL,1,'2016-03-03 19:23:16','2023-08-13 15:39:14','2023-03-10 12:00:00',-300.00000000,4,'','',29,1,NULL,0,0,0.00000000,0.00000000,NULL,NULL),(34,'PAY1603-0001',NULL,1,'2017-02-06 08:10:24','2023-08-13 15:39:14','2023-03-22 12:00:00',150.00000000,7,'','',33,12,NULL,0,0,0.00000000,150.00000000,NULL,NULL),(35,'PAY1603-0002',NULL,1,'2017-02-06 08:10:50','2023-08-13 15:39:14','2023-03-25 12:00:00',140.00000000,3,'','',34,12,NULL,0,0,0.00000000,140.00000000,NULL,NULL),(36,'PAY1702-0003',NULL,1,'2017-02-21 16:07:43','2023-08-13 15:39:14','2023-02-21 12:00:00',50.00000000,3,'T170201','',37,12,NULL,0,0,0.00000000,50.00000000,NULL,NULL),(38,'PAY1803-0004',NULL,1,'2018-03-16 13:59:31','2023-08-13 15:39:14','2023-03-16 12:00:00',10.00000000,7,'','',39,12,NULL,0,0,0.00000000,10.00000000,NULL,NULL),(39,'PAY1801-0005',NULL,1,'2019-10-04 10:28:14','2023-08-13 15:39:14','2023-01-19 12:00:00',5.63000000,4,'','',41,12,NULL,0,0,0.00000000,5.63000000,NULL,NULL),(40,'PAY2001-0006',NULL,1,'2020-01-16 02:36:48','2023-08-13 15:39:14','2023-01-16 12:00:00',20.50000000,2,'','',50,12,NULL,0,0,0.00000000,20.50000000,NULL,NULL),(41,'PAY2001-0007',NULL,1,'2020-01-21 10:23:17','2023-08-13 15:39:14','2023-01-21 00:00:00',50.00000000,7,'','Subscription 2017',53,12,NULL,0,0,0.00000000,50.00000000,NULL,NULL),(42,'PAY2001-0008',NULL,1,'2020-01-21 10:23:28','2023-08-13 15:39:14','2023-01-21 00:00:00',50.00000000,7,'','Subscription 2018',54,12,NULL,0,0,0.00000000,50.00000000,NULL,NULL),(43,'PAY2001-0009',NULL,1,'2020-01-21 10:23:49','2023-08-13 15:39:14','2023-01-21 00:00:00',50.00000000,6,'','Subscription 2019',55,12,NULL,0,0,0.00000000,50.00000000,NULL,NULL),(45,'PAY2212-0010','',1,'2023-02-06 09:18:07','2024-01-03 16:32:23','2023-12-11 08:00:00',1.00000000,3,'','',57,12,NULL,0,0,0.00000000,1.00000000,NULL,NULL);

--
-- Table structure for table `llx_paiement_facture`
--

CREATE TABLE `llx_paiement_facture` (
  `rowid` int(11) NOT NULL AUTO_INCREMENT,
  `fk_paiement` int(11) DEFAULT NULL,
  `fk_facture` int(11) DEFAULT NULL,
  `amount` double(24,8) DEFAULT NULL,
  `multicurrency_amount` double(24,8) DEFAULT 0.00000000,
  `multicurrency_code` varchar(3) DEFAULT NULL,
  `multicurrency_tx` double(24,8) DEFAULT 1.00000000,
  PRIMARY KEY (`rowid`),
  UNIQUE KEY `uk_paiement_facture` (`fk_paiement`,`fk_facture`),
  KEY `idx_paiement_facture_fk_facture` (`fk_facture`),
  KEY `idx_paiement_facture_fk_paiement` (`fk_paiement`),
  CONSTRAINT `fk_paiement_facture_fk_facture` FOREIGN KEY (`fk_facture`) REFERENCES `llx_facture` (`rowid`),
  CONSTRAINT `fk_paiement_facture_fk_paiement` FOREIGN KEY (`fk_paiement`) REFERENCES `llx_paiement` (`rowid`)
) ENGINE=InnoDB AUTO_INCREMENT=50 DEFAULT CHARSET=utf8mb3 COLLATE=utf8mb3_unicode_ci;

--
-- Dumping data for table `llx_paiement_facture`
--

INSERT INTO `llx_paiement_facture` VALUES (3,3,2,10.00000000,0.00000000,NULL,1.00000000),(5,5,5,5.63000000,0.00000000,NULL,1.00000000),(6,6,6,5.98000000,0.00000000,NULL,1.00000000),(9,8,2,16.10000000,0.00000000,NULL,1.00000000),(10,8,8,10.00000000,0.00000000,NULL,1.00000000),(11,9,3,15.00000000,0.00000000,NULL,1.00000000),(12,9,9,11.96000000,0.00000000,NULL,1.00000000),(24,20,9,1.00000000,0.00000000,NULL,1.00000000),(31,26,32,600.00000000,0.00000000,NULL,1.00000000),(36,29,32,500.00000000,0.00000000,NULL,1.00000000),(37,30,32,400.00000000,0.00000000,NULL,1.00000000),(38,34,211,150.00000000,150.00000000,NULL,1.00000000),(39,35,211,140.00000000,140.00000000,NULL,1.00000000),(40,36,211,50.00000000,50.00000000,NULL,1.00000000),(42,38,149,10.00000000,10.00000000,NULL,1.00000000),(43,39,150,5.63000000,5.63000000,NULL,1.00000000),(44,40,224,20.50000000,20.50000000,NULL,1.00000000),(45,41,229,50.00000000,50.00000000,NULL,1.00000000),(46,42,230,50.00000000,50.00000000,NULL,1.00000000),(47,43,231,50.00000000,50.00000000,NULL,1.00000000),(49,45,148,1.00000000,1.00000000,NULL,1.00000000);

--
-- Table structure for table `llx_paiementcharge`
--

CREATE TABLE `llx_paiementcharge` (
  `rowid` int(11) NOT NULL AUTO_INCREMENT,
  `fk_charge` int(11) DEFAULT NULL,
  `datec` datetime DEFAULT NULL,
  `tms` timestamp NOT NULL DEFAULT current_timestamp() ON UPDATE current_timestamp(),
  `datep` datetime DEFAULT NULL,
  `amount` double(24,8) DEFAULT NULL,
  `fk_typepaiement` int(11) NOT NULL,
  `num_paiement` varchar(50) DEFAULT NULL,
  `note` text DEFAULT NULL,
  `fk_bank` int(11) NOT NULL,
  `fk_user_creat` int(11) DEFAULT NULL,
  `fk_user_modif` int(11) DEFAULT NULL,
  PRIMARY KEY (`rowid`)
) ENGINE=InnoDB AUTO_INCREMENT=8 DEFAULT CHARSET=utf8mb3 COLLATE=utf8mb3_unicode_ci;

--
-- Dumping data for table `llx_paiementcharge`
--

INSERT INTO `llx_paiementcharge` VALUES (4,4,'2013-08-05 23:11:37','2013-08-05 21:11:37','2013-08-05 12:00:00',10.00000000,2,'','',12,1,NULL),(6,6,'2019-12-26 01:48:30','2019-12-25 21:48:30','2019-12-25 12:00:00',5.00000000,2,'','',43,12,NULL),(7,6,'2019-12-26 01:48:46','2019-12-25 21:48:46','2019-12-25 12:00:00',5.00000000,4,'','',44,12,NULL);

--
-- Table structure for table `llx_paiementfourn`
--

CREATE TABLE `llx_paiementfourn` (
  `rowid` int(11) NOT NULL AUTO_INCREMENT,
  `ref` varchar(30) DEFAULT NULL,
  `entity` int(11) DEFAULT NULL,
  `tms` timestamp NOT NULL DEFAULT current_timestamp() ON UPDATE current_timestamp(),
  `datec` datetime DEFAULT NULL,
  `datep` datetime DEFAULT NULL,
  `amount` double(24,8) DEFAULT NULL,
  `fk_user_author` int(11) DEFAULT NULL,
  `fk_user_modif` int(11) DEFAULT NULL,
  `fk_paiement` int(11) NOT NULL,
  `num_paiement` varchar(50) DEFAULT NULL,
  `note` text DEFAULT NULL,
  `fk_bank` int(11) NOT NULL,
  `statut` smallint(6) NOT NULL DEFAULT 0,
  `multicurrency_amount` double(24,8) DEFAULT 0.00000000,
  `model_pdf` varchar(255) DEFAULT NULL,
  PRIMARY KEY (`rowid`)
) ENGINE=InnoDB AUTO_INCREMENT=5 DEFAULT CHARSET=utf8mb3 COLLATE=utf8mb3_unicode_ci;

--
-- Dumping data for table `llx_paiementfourn`
--

INSERT INTO `llx_paiementfourn` VALUES (1,'1',1,'2018-01-19 11:17:47','2018-01-22 18:56:34','2018-01-22 12:00:00',900.00000000,12,NULL,4,'','',30,0,0.00000000,NULL),(2,'SPAY1702-0001',1,'2017-02-01 15:02:45','2017-02-01 19:02:44','2017-02-01 12:00:00',200.00000000,12,NULL,4,'','',32,0,200.00000000,NULL),(4,'SPAY2001-0002',1,'2020-01-01 16:28:49','2020-01-01 20:28:49','2020-01-01 12:00:00',-304.69000000,12,NULL,2,'','',47,0,-304.69000000,NULL);

--
-- Table structure for table `llx_paiementfourn_facturefourn`
--

CREATE TABLE `llx_paiementfourn_facturefourn` (
  `rowid` int(11) NOT NULL AUTO_INCREMENT,
  `fk_paiementfourn` int(11) DEFAULT NULL,
  `fk_facturefourn` int(11) DEFAULT NULL,
  `amount` double DEFAULT 0,
  `multicurrency_amount` double(24,8) DEFAULT 0.00000000,
  `multicurrency_code` varchar(3) DEFAULT NULL,
  `multicurrency_tx` double(24,8) DEFAULT 1.00000000,
  PRIMARY KEY (`rowid`),
  UNIQUE KEY `uk_paiementfourn_facturefourn` (`fk_paiementfourn`,`fk_facturefourn`),
  KEY `idx_paiementfourn_facturefourn_fk_facture` (`fk_facturefourn`),
  KEY `idx_paiementfourn_facturefourn_fk_paiement` (`fk_paiementfourn`)
) ENGINE=InnoDB AUTO_INCREMENT=5 DEFAULT CHARSET=utf8mb3 COLLATE=utf8mb3_unicode_ci;

--
-- Dumping data for table `llx_paiementfourn_facturefourn`
--

INSERT INTO `llx_paiementfourn_facturefourn` VALUES (1,1,16,900,0.00000000,NULL,1.00000000),(2,2,20,200,200.00000000,NULL,1.00000000),(4,4,27,-304.69,-304.69000000,NULL,1.00000000);

--
-- Table structure for table `llx_partnership`
--

CREATE TABLE `llx_partnership` (
  `rowid` int(11) NOT NULL AUTO_INCREMENT,
  `ref` varchar(128) NOT NULL DEFAULT '(PROV)',
  `status` smallint(6) NOT NULL DEFAULT 0,
  `fk_soc` int(11) DEFAULT NULL,
  `fk_member` int(11) DEFAULT NULL,
  `email_partnership` varchar(64) DEFAULT NULL,
  `date_partnership_start` date NOT NULL,
  `date_partnership_end` date DEFAULT NULL,
  `entity` int(11) NOT NULL DEFAULT 1,
  `reason_decline_or_cancel` text DEFAULT NULL,
  `date_creation` datetime NOT NULL,
  `fk_user_creat` int(11) DEFAULT NULL,
  `tms` timestamp NOT NULL DEFAULT current_timestamp() ON UPDATE current_timestamp(),
  `fk_user_modif` int(11) DEFAULT NULL,
  `note_private` text DEFAULT NULL,
  `note_public` text DEFAULT NULL,
  `last_main_doc` varchar(255) DEFAULT NULL,
  `count_last_url_check_error` int(11) DEFAULT 0,
  `import_key` varchar(14) DEFAULT NULL,
  `model_pdf` varchar(255) DEFAULT NULL,
  `last_check_backlink` datetime DEFAULT NULL,
  `fk_type` int(11) NOT NULL DEFAULT 0,
  `url_to_check` varchar(255) DEFAULT NULL,
  `ip` varchar(250) DEFAULT NULL,
  PRIMARY KEY (`rowid`),
  UNIQUE KEY `uk_partnership_ref` (`ref`,`entity`),
  UNIQUE KEY `uk_fk_type_fk_soc` (`fk_type`,`fk_soc`,`date_partnership_start`),
  UNIQUE KEY `uk_fk_type_fk_member` (`fk_type`,`fk_member`,`date_partnership_start`),
  KEY `idx_partnership_rowid` (`rowid`),
  KEY `idx_partnership_ref` (`ref`),
  KEY `idx_partnership_fk_soc` (`fk_soc`),
  KEY `llx_partnership_fk_user_creat` (`fk_user_creat`),
  KEY `idx_partnership_status` (`status`),
  KEY `idx_partnership_fk_member` (`fk_member`),
  KEY `idx_partnership_entity` (`entity`),
  CONSTRAINT `llx_partnership_fk_user_creat` FOREIGN KEY (`fk_user_creat`) REFERENCES `llx_user` (`rowid`)
) ENGINE=InnoDB AUTO_INCREMENT=2 DEFAULT CHARSET=utf8mb3 COLLATE=utf8mb3_unicode_ci;

--
-- Dumping data for table `llx_partnership`
--

INSERT INTO `llx_partnership` VALUES (1,'PSHIP2302-0001',2,26,NULL,NULL,'2023-02-15','2023-03-01',1,NULL,'2023-02-15 08:19:48',12,'2023-02-26 00:09:00',12,NULL,NULL,NULL,NULL,NULL,NULL,NULL,1,'mmmmhh',NULL);

--
-- Table structure for table `llx_partnership_extrafields`
--

CREATE TABLE `llx_partnership_extrafields` (
  `rowid` int(11) NOT NULL AUTO_INCREMENT,
  `tms` timestamp NOT NULL DEFAULT current_timestamp() ON UPDATE current_timestamp(),
  `fk_object` int(11) NOT NULL,
  `import_key` varchar(14) DEFAULT NULL,
  `fdsf` varchar(255) DEFAULT NULL,
  PRIMARY KEY (`rowid`),
  KEY `idx_partnership_fk_object` (`fk_object`),
  KEY `idx_partnership_extrafields` (`fk_object`)
) ENGINE=InnoDB AUTO_INCREMENT=14 DEFAULT CHARSET=utf8mb3 COLLATE=utf8mb3_unicode_ci;

--
-- Dumping data for table `llx_partnership_extrafields`
--

INSERT INTO `llx_partnership_extrafields` VALUES (13,'2023-08-15 10:35:57',1,NULL,'hhh');

--
-- Table structure for table `llx_payment_donation`
--

CREATE TABLE `llx_payment_donation` (
  `rowid` int(11) NOT NULL AUTO_INCREMENT,
  `fk_donation` int(11) DEFAULT NULL,
  `datec` datetime DEFAULT NULL,
  `tms` timestamp NOT NULL DEFAULT current_timestamp() ON UPDATE current_timestamp(),
  `datep` datetime DEFAULT NULL,
  `amount` double(24,8) DEFAULT NULL,
  `fk_typepayment` int(11) NOT NULL,
  `num_payment` varchar(50) DEFAULT NULL,
  `note` text DEFAULT NULL,
  `ext_payment_id` varchar(255) DEFAULT NULL,
  `ext_payment_site` varchar(128) DEFAULT NULL,
  `fk_bank` int(11) NOT NULL,
  `fk_user_creat` int(11) DEFAULT NULL,
  `fk_user_modif` int(11) DEFAULT NULL,
  PRIMARY KEY (`rowid`)
) ENGINE=InnoDB AUTO_INCREMENT=2 DEFAULT CHARSET=utf8mb3 COLLATE=utf8mb3_unicode_ci;

--
-- Dumping data for table `llx_payment_donation`
--

INSERT INTO `llx_payment_donation` VALUES (1,3,'2017-09-06 20:08:36','2017-09-06 16:08:36','2017-09-06 12:00:00',10.00000000,4,'','',NULL,NULL,38,12,NULL);

--
-- Table structure for table `llx_payment_expensereport`
--

CREATE TABLE `llx_payment_expensereport` (
  `rowid` int(11) NOT NULL AUTO_INCREMENT,
  `fk_expensereport` int(11) DEFAULT NULL,
  `datec` datetime DEFAULT NULL,
  `tms` timestamp NOT NULL DEFAULT current_timestamp() ON UPDATE current_timestamp(),
  `datep` datetime DEFAULT NULL,
  `amount` double(24,8) DEFAULT NULL,
  `fk_typepayment` int(11) NOT NULL,
  `num_payment` varchar(50) DEFAULT NULL,
  `note` text DEFAULT NULL,
  `fk_bank` int(11) NOT NULL,
  `fk_user_creat` int(11) DEFAULT NULL,
  `fk_user_modif` int(11) DEFAULT NULL,
  PRIMARY KEY (`rowid`)
) ENGINE=InnoDB AUTO_INCREMENT=3 DEFAULT CHARSET=utf8mb3 COLLATE=utf8mb3_unicode_ci;

--
-- Dumping data for table `llx_payment_expensereport`
--

INSERT INTO `llx_payment_expensereport` VALUES (1,1,'2017-02-16 02:13:13','2017-02-15 22:13:13','2017-02-16 12:00:00',5.00000000,7,'','',0,12,NULL),(2,1,'2017-02-16 02:22:09','2017-02-15 22:22:09','2017-02-16 12:00:00',1.00000000,7,'','',36,12,NULL);

--
-- Table structure for table `llx_payment_loan`
--

CREATE TABLE `llx_payment_loan` (
  `rowid` int(11) NOT NULL AUTO_INCREMENT,
  `fk_loan` int(11) DEFAULT NULL,
  `datec` datetime DEFAULT NULL,
  `tms` timestamp NOT NULL DEFAULT current_timestamp() ON UPDATE current_timestamp(),
  `datep` datetime DEFAULT NULL,
  `amount_capital` double(24,8) DEFAULT NULL,
  `amount_insurance` double(24,8) DEFAULT NULL,
  `amount_interest` double(24,8) DEFAULT NULL,
  `fk_typepayment` int(11) NOT NULL,
  `num_payment` varchar(50) DEFAULT NULL,
  `note_private` text DEFAULT NULL,
  `note_public` text DEFAULT NULL,
  `fk_bank` int(11) NOT NULL,
  `fk_user_creat` int(11) DEFAULT NULL,
  `fk_user_modif` int(11) DEFAULT NULL,
  PRIMARY KEY (`rowid`)
) ENGINE=InnoDB AUTO_INCREMENT=4 DEFAULT CHARSET=utf8mb3 COLLATE=utf8mb3_unicode_ci;

--
-- Dumping data for table `llx_payment_loan`
--

INSERT INTO `llx_payment_loan` VALUES (1,3,'2023-02-16 07:59:23','2023-02-16 10:59:23','2023-02-16 12:00:00',1.00000000,2.00000000,3.00000000,2,'0','','',58,12,NULL),(2,3,'2023-02-16 08:19:44','2023-02-16 11:19:44','2023-02-16 12:00:00',2.00000000,2.00000000,2.00000000,6,'0','','',59,12,NULL),(3,3,'2023-02-16 08:20:12','2023-02-16 11:20:12','2023-02-16 12:00:00',2.00000000,2.00000000,2.00000000,2,'0','','',61,12,NULL);

--
-- Table structure for table `llx_payment_salary`
--

CREATE TABLE `llx_payment_salary` (
  `rowid` int(11) NOT NULL AUTO_INCREMENT,
  `ref` varchar(30) DEFAULT NULL,
  `tms` timestamp NOT NULL DEFAULT current_timestamp() ON UPDATE current_timestamp(),
  `datec` datetime DEFAULT NULL,
  `fk_user` int(11) DEFAULT NULL,
  `datep` datetime DEFAULT NULL,
  `datev` date DEFAULT NULL,
  `salary` double(24,8) DEFAULT NULL,
  `amount` double(24,8) DEFAULT NULL,
  `fk_projet` int(11) DEFAULT NULL,
  `fk_typepayment` int(11) NOT NULL,
  `num_payment` varchar(50) DEFAULT NULL,
  `label` varchar(255) DEFAULT NULL,
  `datesp` date DEFAULT NULL,
  `dateep` date DEFAULT NULL,
  `entity` int(11) NOT NULL DEFAULT 1,
  `note` text DEFAULT NULL,
  `fk_bank` int(11) DEFAULT NULL,
  `fk_user_author` int(11) DEFAULT NULL,
  `fk_user_modif` int(11) DEFAULT NULL,
  `fk_salary` int(11) DEFAULT NULL,
  PRIMARY KEY (`rowid`),
  KEY `idx_payment_salary_ref` (`num_payment`),
  KEY `idx_payment_salary_user` (`fk_user`,`entity`),
  KEY `idx_payment_salary_datep` (`datep`),
  KEY `idx_payment_salary_datesp` (`datesp`),
  KEY `idx_payment_salary_dateep` (`dateep`),
  CONSTRAINT `fk_payment_salary_user` FOREIGN KEY (`fk_user`) REFERENCES `llx_user` (`rowid`)
) ENGINE=InnoDB AUTO_INCREMENT=5 DEFAULT CHARSET=utf8mb3 COLLATE=utf8mb3_unicode_ci;

--
-- Dumping data for table `llx_payment_salary`
--

INSERT INTO `llx_payment_salary` VALUES (1,'1','2021-04-15 10:22:55','2019-10-08 13:18:50',19,'2019-10-08 00:00:00','2019-10-08',2700.00000000,1000.00000000,0,2,'','Salary payment','2019-09-01','2019-09-30',1,NULL,42,12,NULL,1),(4,NULL,'2023-01-06 15:36:21','2023-01-06 12:36:21',NULL,'2023-01-06 00:00:00',NULL,NULL,100.00000000,NULL,6,'',NULL,NULL,NULL,1,'',56,12,NULL,4);

--
-- Table structure for table `llx_payment_various`
--

CREATE TABLE `llx_payment_various` (
  `rowid` int(11) NOT NULL AUTO_INCREMENT,
  `ref` varchar(30) DEFAULT NULL,
  `tms` timestamp NOT NULL DEFAULT current_timestamp() ON UPDATE current_timestamp(),
  `datec` datetime DEFAULT NULL,
  `datep` date DEFAULT NULL,
  `datev` date DEFAULT NULL,
  `sens` smallint(6) NOT NULL DEFAULT 0,
  `amount` double(24,8) NOT NULL DEFAULT 0.00000000,
  `fk_typepayment` int(11) NOT NULL,
  `num_payment` varchar(50) DEFAULT NULL,
  `label` varchar(255) DEFAULT NULL,
  `accountancy_code` varchar(32) DEFAULT NULL,
  `fk_projet` int(11) DEFAULT NULL,
  `entity` int(11) NOT NULL DEFAULT 1,
  `note` text DEFAULT NULL,
  `fk_bank` int(11) DEFAULT NULL,
  `fk_user_author` int(11) DEFAULT NULL,
  `fk_user_modif` int(11) DEFAULT NULL,
  `subledger_account` varchar(32) DEFAULT NULL,
  PRIMARY KEY (`rowid`)
) ENGINE=InnoDB AUTO_INCREMENT=5 DEFAULT CHARSET=utf8mb3 COLLATE=utf8mb3_unicode_ci;

--
-- Dumping data for table `llx_payment_various`
--

INSERT INTO `llx_payment_various` VALUES (2,NULL,'2019-12-25 22:14:38','2017-07-14 18:46:19','2017-07-14','2017-07-14',0,123.00000000,4,'','Miscellaneous payment','518',4,1,NULL,48,12,NULL,NULL),(4,NULL,'2020-01-10 00:42:47','2020-01-10 04:42:47','2020-01-10','2020-01-10',0,10.00000000,0,'','Miscellaneous payment','105',0,1,'',49,12,0,'556');

--
-- Table structure for table `llx_payment_vat`
--

CREATE TABLE `llx_payment_vat` (
  `rowid` int(11) NOT NULL AUTO_INCREMENT,
  `fk_tva` int(11) DEFAULT NULL,
  `datec` datetime DEFAULT NULL,
  `tms` timestamp NOT NULL DEFAULT current_timestamp() ON UPDATE current_timestamp(),
  `datep` datetime DEFAULT NULL,
  `amount` double(24,8) DEFAULT 0.00000000,
  `fk_typepaiement` int(11) NOT NULL,
  `num_paiement` varchar(50) DEFAULT NULL,
  `note` text DEFAULT NULL,
  `fk_bank` int(11) NOT NULL,
  `fk_user_creat` int(11) DEFAULT NULL,
  `fk_user_modif` int(11) DEFAULT NULL,
  PRIMARY KEY (`rowid`)
) ENGINE=InnoDB DEFAULT CHARSET=utf8mb3 COLLATE=utf8mb3_unicode_ci;

--
-- Dumping data for table `llx_payment_vat`
--


--
-- Table structure for table `llx_pos_cash_fence`
--

CREATE TABLE `llx_pos_cash_fence` (
  `rowid` int(11) NOT NULL AUTO_INCREMENT,
  `entity` int(11) NOT NULL DEFAULT 1,
  `ref` varchar(64) DEFAULT NULL,
  `label` varchar(255) DEFAULT NULL,
  `opening` double(24,8) DEFAULT 0.00000000,
  `cash` double(24,8) DEFAULT 0.00000000,
  `card` double(24,8) DEFAULT 0.00000000,
  `cheque` double(24,8) DEFAULT 0.00000000,
  `status` int(11) DEFAULT NULL,
  `date_creation` datetime NOT NULL,
  `date_valid` datetime DEFAULT NULL,
  `day_close` int(11) DEFAULT NULL,
  `month_close` int(11) DEFAULT NULL,
  `year_close` int(11) DEFAULT NULL,
  `posmodule` varchar(30) DEFAULT NULL,
  `posnumber` varchar(30) DEFAULT NULL,
  `fk_user_creat` int(11) DEFAULT NULL,
  `fk_user_valid` int(11) DEFAULT NULL,
  `tms` timestamp NOT NULL DEFAULT current_timestamp() ON UPDATE current_timestamp(),
  `import_key` varchar(14) DEFAULT NULL,
  PRIMARY KEY (`rowid`)
) ENGINE=InnoDB AUTO_INCREMENT=2 DEFAULT CHARSET=utf8mb3 COLLATE=utf8mb3_unicode_ci;

--
-- Dumping data for table `llx_pos_cash_fence`
--

INSERT INTO `llx_pos_cash_fence` VALUES (1,1,'1',NULL,-324.29000000,400.00000000,0.00000000,0.00000000,1,'2019-12-22 23:01:02','2019-12-22 23:01:48',NULL,11,2019,'takepos','1',NULL,12,'2019-12-22 19:01:48',NULL);

--
-- Table structure for table `llx_prelevement`
--

CREATE TABLE `llx_prelevement` (
  `rowid` int(11) NOT NULL AUTO_INCREMENT,
  `fk_facture` int(11) DEFAULT NULL,
  `fk_prelevement_lignes` int(11) NOT NULL,
  `fk_facture_fourn` int(11) DEFAULT NULL,
  `fk_salary` int(11) DEFAULT NULL,
  PRIMARY KEY (`rowid`),
  KEY `idx_prelevement_fk_prelevement_lignes` (`fk_prelevement_lignes`),
  CONSTRAINT `fk_prelevement_fk_prelevement_lignes` FOREIGN KEY (`fk_prelevement_lignes`) REFERENCES `llx_prelevement_lignes` (`rowid`)
) ENGINE=InnoDB AUTO_INCREMENT=2 DEFAULT CHARSET=utf8mb3 COLLATE=utf8mb3_unicode_ci;

--
-- Dumping data for table `llx_prelevement`
--

INSERT INTO `llx_prelevement` VALUES (1,211,1,NULL,NULL);

--
-- Table structure for table `llx_prelevement_bons`
--

CREATE TABLE `llx_prelevement_bons` (
  `rowid` int(11) NOT NULL AUTO_INCREMENT,
  `ref` varchar(12) DEFAULT NULL,
  `entity` int(11) NOT NULL DEFAULT 1,
  `datec` datetime DEFAULT NULL,
  `amount` double(24,8) DEFAULT NULL,
  `statut` smallint(6) DEFAULT 0,
  `credite` smallint(6) DEFAULT 0,
  `note` text DEFAULT NULL,
  `date_trans` datetime DEFAULT NULL,
  `method_trans` smallint(6) DEFAULT NULL,
  `fk_user_trans` int(11) DEFAULT NULL,
  `date_credit` datetime DEFAULT NULL,
  `fk_user_credit` int(11) DEFAULT NULL,
  `type` varchar(16) DEFAULT 'debit-order',
  `fk_bank_account` int(11) DEFAULT NULL,
  PRIMARY KEY (`rowid`),
  UNIQUE KEY `uk_prelevement_bons_ref` (`ref`,`entity`)
) ENGINE=InnoDB AUTO_INCREMENT=2 DEFAULT CHARSET=utf8mb3 COLLATE=utf8mb3_unicode_ci;

--
-- Dumping data for table `llx_prelevement_bons`
--

INSERT INTO `llx_prelevement_bons` VALUES (1,'T170201',1,'2017-02-21 15:53:46',50.00000000,2,0,NULL,'2017-02-21 12:00:00',0,12,'2017-02-21 12:00:00',12,'debit-order',NULL);

--
-- Table structure for table `llx_prelevement_demande`
--

CREATE TABLE `llx_prelevement_demande` (
  `rowid` int(11) NOT NULL AUTO_INCREMENT,
  `fk_facture` int(11) DEFAULT NULL,
  `amount` double(24,8) DEFAULT NULL,
  `date_demande` datetime NOT NULL,
  `traite` smallint(6) DEFAULT 0,
  `date_traite` datetime DEFAULT NULL,
  `fk_prelevement_bons` int(11) DEFAULT NULL,
  `fk_user_demande` int(11) NOT NULL,
  `code_banque` varchar(128) DEFAULT NULL,
  `code_guichet` varchar(6) DEFAULT NULL,
  `number` varchar(255) DEFAULT NULL,
  `cle_rib` varchar(5) DEFAULT NULL,
  `entity` int(11) DEFAULT NULL,
  `sourcetype` varchar(32) DEFAULT NULL,
  `ext_payment_id` varchar(255) DEFAULT NULL,
  `ext_payment_site` varchar(128) DEFAULT NULL,
  `fk_facture_fourn` int(11) DEFAULT NULL,
  `fk_salary` int(11) DEFAULT NULL,
  `type` varchar(12) DEFAULT '',
  PRIMARY KEY (`rowid`),
  KEY `idx_prelevement_demande_fk_facture` (`fk_facture`),
  KEY `idx_prelevement_demande_fk_facture_fourn` (`fk_facture_fourn`),
  KEY `idx_prelevement_demande_ext_payment_id` (`ext_payment_id`)
) ENGINE=InnoDB AUTO_INCREMENT=13 DEFAULT CHARSET=utf8mb3 COLLATE=utf8mb3_unicode_ci;

--
-- Dumping data for table `llx_prelevement_demande`
--

INSERT INTO `llx_prelevement_demande` VALUES (1,211,50.00000000,'2017-02-06 08:11:17',1,'2017-02-21 15:53:46',1,12,'','','','',NULL,NULL,NULL,NULL,NULL,NULL,'ban'),(2,5,NULL,'2020-01-01 14:35:21',0,NULL,NULL,0,NULL,NULL,NULL,NULL,1,'member','pi_1Fw4XtGr4FnPvt5gmHCi23hC','StripeTest',NULL,NULL,''),(3,6,NULL,'2020-01-01 14:50:42',0,NULL,NULL,0,NULL,NULL,NULL,NULL,1,'member','pi_1Fw4mkGr4FnPvt5gaMAjhU23','StripeTest',NULL,NULL,''),(4,7,NULL,'2020-01-01 14:59:09',0,NULL,NULL,0,NULL,NULL,NULL,NULL,1,'member','pi_1Fw4uvGr4FnPvt5gPJHfyUQt','StripeTest',NULL,NULL,''),(5,8,NULL,'2020-01-01 15:08:10',0,NULL,NULL,0,NULL,NULL,NULL,NULL,1,'member','pi_1Fw53eGr4FnPvt5gY0i3EWWR','StripeTest',NULL,NULL,''),(6,9,NULL,'2020-01-01 15:27:14',0,NULL,NULL,0,NULL,NULL,NULL,NULL,1,'member','pi_1Fw5M6Gr4FnPvt5gyICZxNY7','StripeTest',NULL,NULL,''),(7,10,NULL,'2020-01-01 15:36:11',0,NULL,NULL,0,NULL,NULL,NULL,NULL,1,'member','pi_1Fw5UlGr4FnPvt5gdsfT25YK','StripeTest',NULL,NULL,''),(8,11,NULL,'2020-01-01 15:44:14',0,NULL,NULL,0,NULL,NULL,NULL,NULL,1,'member','pi_1Fw5cYGr4FnPvt5ggY1HBL2m','StripeTest',NULL,NULL,''),(9,12,NULL,'2020-01-01 16:52:06',0,NULL,NULL,0,NULL,NULL,NULL,NULL,1,'member','pi_1Fw6gDGr4FnPvt5gjuuxU6K3','StripeTest',NULL,NULL,''),(10,55,4.84000000,'2023-02-04 12:42:38',0,NULL,NULL,12,'','','','',1,'facture',NULL,NULL,NULL,NULL,'ban'),(11,235,0.50000000,'2023-02-27 11:40:22',0,NULL,NULL,12,'','','','',1,'facture',NULL,NULL,NULL,NULL,'ban'),(12,238,20.00000000,'2023-03-08 06:40:57',0,NULL,NULL,12,'','','','',1,'facture',NULL,NULL,NULL,NULL,'ban');

--
-- Table structure for table `llx_prelevement_lignes`
--

CREATE TABLE `llx_prelevement_lignes` (
  `rowid` int(11) NOT NULL AUTO_INCREMENT,
  `fk_prelevement_bons` int(11) DEFAULT NULL,
  `fk_soc` int(11) NOT NULL,
  `statut` smallint(6) DEFAULT 0,
  `client_nom` varchar(255) DEFAULT NULL,
  `amount` double(24,8) DEFAULT NULL,
  `code_banque` varchar(128) DEFAULT NULL,
  `code_guichet` varchar(6) DEFAULT NULL,
  `number` varchar(255) DEFAULT NULL,
  `cle_rib` varchar(5) DEFAULT NULL,
  `note` text DEFAULT NULL,
  `fk_user` int(11) DEFAULT NULL,
  `tms` timestamp NOT NULL DEFAULT current_timestamp() ON UPDATE current_timestamp(),
  PRIMARY KEY (`rowid`),
  KEY `idx_prelevement_lignes_fk_prelevement_bons` (`fk_prelevement_bons`),
  CONSTRAINT `fk_prelevement_lignes_fk_prelevement_bons` FOREIGN KEY (`fk_prelevement_bons`) REFERENCES `llx_prelevement_bons` (`rowid`)
) ENGINE=InnoDB AUTO_INCREMENT=2 DEFAULT CHARSET=utf8mb3 COLLATE=utf8mb3_unicode_ci;

--
-- Dumping data for table `llx_prelevement_lignes`
--

INSERT INTO `llx_prelevement_lignes` VALUES (1,1,19,2,'Magic Food Store',50.00000000,'','','','',NULL,NULL,'2024-01-03 16:32:41');

--
-- Table structure for table `llx_prelevement_rejet`
--

CREATE TABLE `llx_prelevement_rejet` (
  `rowid` int(11) NOT NULL AUTO_INCREMENT,
  `fk_prelevement_lignes` int(11) DEFAULT NULL,
  `date_rejet` datetime DEFAULT NULL,
  `motif` int(11) DEFAULT NULL,
  `date_creation` datetime DEFAULT NULL,
  `fk_user_creation` int(11) DEFAULT NULL,
  `note` text DEFAULT NULL,
  `afacturer` tinyint(4) DEFAULT 0,
  `fk_facture` int(11) DEFAULT NULL,
  PRIMARY KEY (`rowid`)
) ENGINE=InnoDB DEFAULT CHARSET=utf8mb3 COLLATE=utf8mb3_unicode_ci;

--
-- Dumping data for table `llx_prelevement_rejet`
--


--
-- Table structure for table `llx_printing`
--

CREATE TABLE `llx_printing` (
  `rowid` int(11) NOT NULL AUTO_INCREMENT,
  `tms` timestamp NOT NULL DEFAULT current_timestamp() ON UPDATE current_timestamp(),
  `datec` datetime DEFAULT NULL,
  `printer_name` text NOT NULL,
  `printer_location` text NOT NULL,
  `printer_id` varchar(255) NOT NULL,
  `copy` int(11) NOT NULL DEFAULT 1,
  `module` varchar(16) NOT NULL,
  `driver` varchar(16) NOT NULL,
  `userid` int(11) DEFAULT NULL,
  PRIMARY KEY (`rowid`)
) ENGINE=InnoDB DEFAULT CHARSET=utf8mb3 COLLATE=utf8mb3_unicode_ci;

--
-- Dumping data for table `llx_printing`
--


--
-- Table structure for table `llx_product`
--

CREATE TABLE `llx_product` (
  `rowid` int(11) NOT NULL AUTO_INCREMENT,
  `datec` datetime DEFAULT NULL,
  `tms` timestamp NOT NULL DEFAULT current_timestamp() ON UPDATE current_timestamp(),
  `virtual` tinyint(4) NOT NULL DEFAULT 0,
  `fk_parent` int(11) DEFAULT 0,
  `ref` varchar(128) NOT NULL,
  `entity` int(11) NOT NULL DEFAULT 1,
  `ref_ext` varchar(128) DEFAULT NULL,
  `label` varchar(255) NOT NULL,
  `description` text DEFAULT NULL,
  `note` text DEFAULT NULL,
  `customcode` varchar(32) DEFAULT NULL,
  `fk_country` int(11) DEFAULT NULL,
  `price` double(24,8) DEFAULT 0.00000000,
  `price_ttc` double(24,8) DEFAULT 0.00000000,
  `price_min` double(24,8) DEFAULT 0.00000000,
  `price_min_ttc` double(24,8) DEFAULT 0.00000000,
  `price_base_type` varchar(3) DEFAULT 'HT',
  `tva_tx` double(6,3) DEFAULT NULL,
  `recuperableonly` int(11) NOT NULL DEFAULT 0,
  `localtax1_tx` double(6,3) DEFAULT 0.000,
  `localtax1_type` varchar(10) NOT NULL DEFAULT '0',
  `localtax2_tx` double(6,3) DEFAULT 0.000,
  `localtax2_type` varchar(10) NOT NULL DEFAULT '0',
  `fk_user_author` int(11) DEFAULT NULL,
  `fk_user_modif` int(11) DEFAULT NULL,
  `tosell` tinyint(4) DEFAULT 1,
  `tobuy` tinyint(4) DEFAULT 1,
  `onportal` smallint(6) DEFAULT 0,
  `tobatch` tinyint(4) NOT NULL DEFAULT 0,
  `sell_or_eat_by_mandatory` tinyint(4) NOT NULL DEFAULT 0,
  `fk_product_type` int(11) DEFAULT 0,
  `duration` varchar(6) DEFAULT NULL,
  `seuil_stock_alerte` float DEFAULT NULL,
  `url` varchar(255) DEFAULT NULL,
  `barcode` varchar(255) DEFAULT NULL,
  `fk_barcode_type` int(11) DEFAULT NULL,
  `accountancy_code_sell` varchar(32) DEFAULT NULL,
  `accountancy_code_sell_intra` varchar(32) DEFAULT NULL,
  `accountancy_code_sell_export` varchar(32) DEFAULT NULL,
  `accountancy_code_buy` varchar(32) DEFAULT NULL,
  `accountancy_code_buy_intra` varchar(32) DEFAULT NULL,
  `accountancy_code_buy_export` varchar(32) DEFAULT NULL,
  `partnumber` varchar(32) DEFAULT NULL,
  `weight` float DEFAULT NULL,
  `weight_units` tinyint(4) DEFAULT NULL,
  `length` float DEFAULT NULL,
  `length_units` tinyint(4) DEFAULT NULL,
  `surface` float DEFAULT NULL,
  `surface_units` tinyint(4) DEFAULT NULL,
  `volume` float DEFAULT NULL,
  `volume_units` tinyint(4) DEFAULT NULL,
  `stock` double DEFAULT NULL,
  `pmp` double(24,8) NOT NULL DEFAULT 0.00000000,
  `fifo` double(24,8) DEFAULT NULL,
  `lifo` double(24,8) DEFAULT NULL,
  `canvas` varchar(32) DEFAULT 'default@product',
  `finished` tinyint(4) DEFAULT NULL,
  `hidden` tinyint(4) DEFAULT 0,
  `import_key` varchar(14) DEFAULT NULL,
  `desiredstock` float DEFAULT NULL,
  `fk_price_expression` int(11) DEFAULT NULL,
  `fk_unit` int(11) DEFAULT NULL,
  `cost_price` double(24,8) DEFAULT NULL,
  `default_vat_code` varchar(10) DEFAULT NULL,
  `price_autogen` smallint(6) DEFAULT 0,
  `note_public` text DEFAULT NULL,
  `model_pdf` varchar(255) DEFAULT '',
  `width` float DEFAULT NULL,
  `width_units` tinyint(4) DEFAULT NULL,
  `height` float DEFAULT NULL,
  `height_units` tinyint(4) DEFAULT NULL,
  `fk_default_warehouse` int(11) DEFAULT NULL,
  `fk_project` int(11) DEFAULT NULL,
  `net_measure` float DEFAULT NULL,
  `net_measure_units` tinyint(4) DEFAULT NULL,
  `fk_state` int(11) DEFAULT NULL,
  `batch_mask` varchar(32) DEFAULT NULL,
  `lifetime` int(11) DEFAULT NULL,
  `qc_frequency` int(11) DEFAULT NULL,
  `mandatory_period` tinyint(4) DEFAULT 0,
  `fk_default_bom` int(11) DEFAULT NULL,
  `fk_default_workstation` int(11) DEFAULT NULL,
  `stockable_product` int(11) NOT NULL DEFAULT 1,
  PRIMARY KEY (`rowid`),
  UNIQUE KEY `uk_product_ref` (`ref`,`entity`),
  UNIQUE KEY `uk_product_barcode` (`barcode`,`fk_barcode_type`,`entity`),
  KEY `idx_product_label` (`label`),
  KEY `idx_product_barcode` (`barcode`),
  KEY `idx_product_import_key` (`import_key`),
  KEY `idx_product_fk_country` (`fk_country`),
  KEY `idx_product_fk_user_author` (`fk_user_author`),
  KEY `idx_product_fk_barcode_type` (`fk_barcode_type`),
  KEY `fk_product_fk_unit` (`fk_unit`),
  KEY `idx_product_seuil_stock_alerte` (`seuil_stock_alerte`),
  KEY `fk_product_default_warehouse` (`fk_default_warehouse`),
  KEY `idx_product_fk_project` (`fk_project`),
  KEY `fk_product_finished` (`finished`),
  CONSTRAINT `fk_product_barcode_type` FOREIGN KEY (`fk_barcode_type`) REFERENCES `llx_c_barcode_type` (`rowid`),
  CONSTRAINT `fk_product_default_warehouse` FOREIGN KEY (`fk_default_warehouse`) REFERENCES `llx_entrepot` (`rowid`),
  CONSTRAINT `fk_product_finished` FOREIGN KEY (`finished`) REFERENCES `llx_c_product_nature` (`code`),
  CONSTRAINT `fk_product_fk_country` FOREIGN KEY (`fk_country`) REFERENCES `llx_c_country` (`rowid`),
  CONSTRAINT `fk_product_fk_unit` FOREIGN KEY (`fk_unit`) REFERENCES `llx_c_units` (`rowid`)
) ENGINE=InnoDB AUTO_INCREMENT=35 DEFAULT CHARSET=utf8mb3 COLLATE=utf8mb3_unicode_ci;

--
-- Dumping data for table `llx_product`
--

INSERT INTO `llx_product` VALUES (1,'2012-07-08 14:33:17','2023-01-24 10:28:30',0,0,'PINKDRESS',1,NULL,'Pink dress','A beatifull pink dress','','',NULL,9.00000000,10.12500000,0.00000000,0.00000000,'HT',12.500,0,0.000,'0',0.000,'0',1,12,1,1,0,1,0,0,'',NULL,NULL,'123456789066',2,'','701','','','','',NULL,670,-3,NULL,0,NULL,0,NULL,0,2.8,0.00000000,NULL,NULL,NULL,1,0,NULL,NULL,NULL,NULL,NULL,NULL,0,NULL,'',NULL,0,NULL,0,NULL,NULL,NULL,NULL,NULL,'',NULL,NULL,0,NULL,NULL,1),(2,'2012-07-09 00:30:01','2019-11-28 15:09:50',0,0,'PEARPIE',1,NULL,'Pear Pie','','','',NULL,10.00000000,12.00000000,8.33333000,10.00000000,'TTC',20.000,0,0.000,'0',0.000,'0',1,12,1,1,0,0,0,0,'',NULL,NULL,'123456789077',2,'','','','',NULL,NULL,NULL,NULL,0,NULL,0,NULL,0,NULL,0,998,0.00000000,NULL,NULL,NULL,1,0,NULL,NULL,NULL,NULL,NULL,NULL,0,NULL,'',NULL,NULL,NULL,NULL,NULL,NULL,NULL,NULL,NULL,NULL,NULL,NULL,0,NULL,NULL,1),(3,'2012-07-09 00:30:25','2018-01-16 16:40:03',0,0,'CAKECONTRIB',1,NULL,'Cake making contribution','','','',NULL,0.00000000,0.00000000,0.00000000,0.00000000,'HT',12.500,0,0.000,'0',0.000,'0',1,NULL,1,1,0,0,0,1,'1m',NULL,NULL,'123456789088',2,'701CAKEM',NULL,NULL,'601CAKEM',NULL,NULL,NULL,NULL,NULL,NULL,NULL,NULL,NULL,NULL,NULL,NULL,0.00000000,NULL,NULL,NULL,0,0,NULL,NULL,NULL,NULL,NULL,NULL,0,NULL,'',NULL,NULL,NULL,NULL,NULL,NULL,NULL,NULL,NULL,NULL,NULL,NULL,0,NULL,NULL,1),(4,'2012-07-10 14:44:06','2021-04-15 11:40:18',0,0,'APPLEPIE',1,NULL,'Apple Pie','Nice Bio Apple Pie.<br />\r\n&nbsp;','','',NULL,9.00000000,9.00000000,6.00000000,6.00000000,'HT',0.000,0,9.000,'1',9.000,'1',1,12,1,1,0,1,0,0,'',NULL,NULL,'123456789034',2,'701','','','601',NULL,NULL,NULL,500,-3,NULL,0,NULL,0,NULL,0,1021.2,10.00000000,NULL,NULL,NULL,1,0,NULL,NULL,NULL,NULL,NULL,'CGST+SGST',0,NULL,'',NULL,NULL,NULL,NULL,NULL,NULL,NULL,NULL,NULL,NULL,NULL,NULL,0,NULL,NULL,1),(5,'2013-07-20 23:11:38','2022-12-16 10:00:14',0,0,'DOLIDROID',1,NULL,'DoliDroid, Android app for Dolibarr','<strong><span style=\"font-family:roboto,uilanguagefont,arial,sans-serif; font-size:14px\">DoliDroid is the Android front-end client for Dolibarr ERP &amp; CRM web software.</span><br />\r\n<span style=\"font-family:roboto,uilanguagefont,arial,sans-serif; font-size:14px\">This application is not a standalone program. It is a front end to use a online hosted Dolibarr ERP &amp; CRM software (an Open-source web software to manage your business).</span></strong>\r\n<p><u>The advantage of DoliDroid are :</u><br />\r\n- DoliDroid is not a duplicate code of Dolibarr, but a front-end of a Dolibarr web installation, so all your online existing features are supported by this application. This is also true for external modules features.<br />\r\n- Upgrading Dolibarr will not break DoliDroid.<br />\r\n- DoliDroid use embedded image resources to reduce bandwidth usage.<br />\r\n- DoliDroid use internal cache for pages that should not change (like menu page)<br />\r\n- Connections parameters are saved. No need to enter them each time you use DoliDroid.<br />\r\n- Integration with your phone or other applications (Clicking on PDF open PDF reader, clicking onto email or phone launch your email application or launch Android dialer, ...)</p>\r\n\r\n<p><span style=\"color:#DAA520\"><strong>WARNING !&nbsp;</strong></span></p>\r\n\r\n<p>This application need Android 4.0+ and a hosted Dolibarr ERP &amp; CRM version 3.5 or newer accessible by internet<br />\r\n(For example, when hosted on any SaaS solution like DoliCloud -&nbsp;<a href=\"https://www.google.com/url?q=https://www.google.com/url?q%3Dhttp://www.dolicloud.com%26sa%3DD%26usg%3DAFQjCNGdd9htz4JDciiMtScpBwK83qIRkw&amp;sa=D&amp;usg=AFQjCNGMpCbxNnU5BiK59e368K5AR0l_pg\" style=\"text-decoration: none; color: rgb(51, 105, 30); cursor: pointer;\" target=\"_blank\">http://www.dolicloud.com</a>).</p>','','',NULL,10.00000000,10.00000000,0.00000000,0.00000000,'HT',0.000,0,9.000,'1',9.000,'1',1,12,1,1,0,0,0,0,'',NULL,'https://play.google.com/store/apps/details?id=com.nltechno.dolidroidpro','123456789023',2,'701','','','601','','',NULL,NULL,0,NULL,0,NULL,0,NULL,0,NULL,0.00000000,NULL,NULL,'',NULL,0,NULL,NULL,NULL,NULL,NULL,'CGST+SGST',0,NULL,'',NULL,0,NULL,0,NULL,NULL,NULL,NULL,NULL,'',NULL,NULL,0,NULL,NULL,1),(10,'2011-12-31 00:00:00','2017-02-16 00:12:09',0,0,'COMP-XP4523',1,NULL,'Computer XP4523','A powerfull computer XP4523&nbsp;','This product is imported.<br />\r\nWarning: Delay to get it are not reliable.','USXP765',11,100.00000000,110.00000000,0.00000000,0.00000000,'HT',10.000,0,0.000,'0',0.000,'0',NULL,12,1,1,0,1,0,0,'',150,NULL,'123456789055',2,'701OLDC',NULL,NULL,'601OLDC',NULL,NULL,NULL,1.7,0,NULL,0,NULL,0,NULL,0,110,0.00000000,NULL,NULL,NULL,NULL,0,'20110729232310',200,NULL,NULL,NULL,NULL,0,NULL,'',NULL,NULL,NULL,NULL,NULL,NULL,NULL,NULL,NULL,NULL,NULL,NULL,0,NULL,NULL,1),(11,'2015-01-13 20:24:42','2019-10-08 17:21:07',0,0,'ROLLUPABC',1,NULL,'Rollup Dolibarr','A nice rollup','','',NULL,0.00000000,0.00000000,0.00000000,0.00000000,'HT',0.000,0,0.000,'0',0.000,'0',1,12,1,1,0,0,0,0,'',NULL,NULL,'123456789044',2,'','','','',NULL,NULL,NULL,95,-3,NULL,0,2.34,-4,NULL,0,-1,0.00000000,NULL,NULL,'',1,0,NULL,NULL,NULL,NULL,12.00000000,NULL,0,NULL,'',NULL,8,NULL,8,NULL,NULL,NULL,NULL,NULL,NULL,NULL,NULL,0,NULL,NULL,1),(12,'2018-07-30 17:31:29','2023-08-13 15:51:26',0,0,'DOLICLOUD',1,NULL,'Service SaaS Hébergement Dolibarr ERP CRM','Service SaaS d&#39;h&eacute;bergement de la solution Dolibarr ERP CRM','','',NULL,9.00000000,9.00000000,9.00000000,9.00000000,'HT',0.000,0,0.000,'0',0.000,'0',12,12,1,1,0,0,0,1,'s',NULL,'http://www.dolicloud.com','123456789013',2,'','','','','','',NULL,NULL,NULL,NULL,NULL,NULL,NULL,NULL,NULL,NULL,0.00000000,NULL,NULL,'',NULL,0,NULL,NULL,NULL,NULL,8.50000000,NULL,0,NULL,'',NULL,NULL,NULL,NULL,NULL,NULL,NULL,NULL,NULL,'',NULL,NULL,0,NULL,3,1),(13,'2017-02-16 03:49:00','2017-02-15 23:49:27',0,0,'COMP-XP4548',1,NULL,'Computer XP4523','A powerfull computer XP4523&nbsp;','This product is imported.<br />\r\nWarning: Delay to get it are not reliable.','USXP765',11,100.00000000,110.00000000,0.00000000,0.00000000,'HT',10.000,0,0.000,'0',0.000,'0',12,12,1,1,0,1,0,0,'',150,NULL,NULL,2,'',NULL,NULL,'',NULL,NULL,NULL,1.7,0,NULL,0,NULL,0,NULL,0,NULL,0.00000000,NULL,NULL,'',NULL,0,NULL,200,NULL,NULL,NULL,NULL,0,NULL,'',NULL,NULL,NULL,NULL,NULL,NULL,NULL,NULL,NULL,NULL,NULL,NULL,0,NULL,NULL,1),(23,'2019-10-07 00:00:00','2019-11-28 13:51:35',0,0,'PREF123456',1,NULL,'Product name in default language','Product description in default language','a private note (free text)','customs code',1,100.00000000,110.00000000,100.00000000,110.00000000,'HT',10.000,0,0.000,'0',0.000,'0',12,NULL,0,1,0,0,0,0,NULL,NULL,NULL,NULL,NULL,NULL,NULL,NULL,NULL,NULL,NULL,NULL,NULL,-3,1,-1,4,-4,5,-3,NULL,0.00000000,NULL,NULL,NULL,0,0,'20191007122224',NULL,NULL,NULL,NULL,NULL,0,'a public note (free text)','',2,-1,3,-1,NULL,NULL,NULL,NULL,NULL,NULL,NULL,NULL,0,NULL,NULL,1),(24,'2019-11-28 16:33:35','2019-11-28 15:02:01',0,0,'POS-CARROT',1,NULL,'Carrot','','','',NULL,0.83333000,1.00000000,0.00000000,0.00000000,'TTC',20.000,0,0.000,'0',0.000,'0',12,12,1,1,0,0,0,0,'',NULL,NULL,NULL,2,'','','','',NULL,NULL,NULL,1,0,NULL,0,NULL,0,NULL,0,NULL,0.00000000,NULL,NULL,'',NULL,0,NULL,NULL,NULL,NULL,NULL,NULL,0,NULL,'',NULL,NULL,NULL,NULL,NULL,NULL,NULL,NULL,NULL,NULL,NULL,NULL,0,NULL,NULL,1),(25,'2019-11-28 16:37:36','2020-01-13 11:13:19',0,0,'POS-APPLE',1,NULL,'Apple','','','',NULL,1.25000000,1.50000000,0.00000000,0.00000000,'TTC',20.000,0,0.000,'0',0.000,'0',12,12,1,1,0,0,0,0,'',NULL,NULL,NULL,2,'','','','',NULL,NULL,NULL,1,0,NULL,0,NULL,0,NULL,0,15.599999999999994,0.00000000,NULL,NULL,'',NULL,0,NULL,NULL,NULL,NULL,NULL,NULL,0,NULL,'',NULL,NULL,NULL,NULL,NULL,NULL,NULL,NULL,NULL,NULL,NULL,NULL,0,NULL,NULL,1),(26,'2019-11-28 16:38:44','2019-11-28 12:38:44',0,0,'POS-KIWI',1,NULL,'Kiwi','','','',NULL,1.08333000,1.30000000,0.00000000,0.00000000,'TTC',20.000,0,0.000,'0',0.000,'0',12,12,1,1,0,0,0,0,'',NULL,NULL,NULL,2,'','','','',NULL,NULL,NULL,1,0,NULL,0,NULL,0,NULL,0,NULL,0.00000000,NULL,NULL,'',NULL,0,NULL,NULL,NULL,NULL,NULL,NULL,0,NULL,'',NULL,NULL,NULL,NULL,NULL,NULL,NULL,NULL,NULL,NULL,NULL,NULL,0,NULL,NULL,1),(27,'2019-11-28 16:39:21','2019-11-28 14:57:44',0,0,'POS-PEACH',1,NULL,'Peach','','','',NULL,1.08333000,1.30000000,0.00000000,0.00000000,'TTC',20.000,0,0.000,'0',0.000,'0',12,12,1,1,0,0,0,0,'',NULL,NULL,NULL,2,'','','','',NULL,NULL,NULL,NULL,NULL,NULL,NULL,NULL,NULL,NULL,NULL,NULL,0.00000000,NULL,NULL,'',0,0,NULL,NULL,NULL,NULL,NULL,NULL,0,NULL,'',NULL,NULL,NULL,NULL,NULL,NULL,NULL,NULL,NULL,NULL,NULL,NULL,0,NULL,NULL,1),(28,'2019-11-28 16:39:58','2019-11-28 12:39:58',0,0,'POS-ORANGE',1,NULL,'Orange','','','',NULL,2.00000000,2.40000000,0.00000000,0.00000000,'HT',20.000,0,0.000,'0',0.000,'0',12,12,1,1,0,0,0,0,'',NULL,NULL,NULL,2,'','','','',NULL,NULL,NULL,1,0,NULL,0,NULL,0,NULL,0,NULL,0.00000000,NULL,NULL,'',NULL,0,NULL,NULL,NULL,NULL,NULL,NULL,0,NULL,'',NULL,NULL,NULL,NULL,NULL,NULL,NULL,NULL,NULL,NULL,NULL,NULL,0,NULL,NULL,1),(29,'2019-11-28 17:03:14','2019-11-28 13:03:14',0,0,'POS-Eggs',1,NULL,'Eggs','','','',NULL,1.66667000,2.00000000,0.00000000,0.00000000,'TTC',20.000,0,0.000,'0',0.000,'0',12,12,1,1,0,0,0,0,'',NULL,NULL,NULL,2,'','','','',NULL,NULL,NULL,NULL,0,NULL,0,NULL,0,NULL,0,NULL,0.00000000,NULL,NULL,'',NULL,0,NULL,NULL,NULL,NULL,NULL,NULL,0,NULL,'',NULL,NULL,NULL,NULL,NULL,NULL,NULL,NULL,NULL,NULL,NULL,NULL,0,NULL,NULL,1),(30,'2019-11-28 17:09:14','2019-11-28 13:09:14',0,0,'POS-Chips',1,NULL,'Chips','','','',NULL,0.41667000,0.50000000,0.00000000,0.00000000,'TTC',20.000,0,0.000,'0',0.000,'0',12,12,1,1,0,0,0,0,'',NULL,NULL,NULL,2,'','','','',NULL,NULL,NULL,30,-3,NULL,0,NULL,0,NULL,0,NULL,0.00000000,NULL,NULL,'',NULL,0,NULL,NULL,NULL,NULL,NULL,NULL,0,NULL,'',NULL,NULL,NULL,NULL,NULL,NULL,NULL,NULL,NULL,NULL,NULL,NULL,0,NULL,NULL,1),(31,'2021-04-15 08:38:02','2021-04-15 11:38:02',0,0,'PRODSER',1,NULL,'Product NFC - Unique','','','',NULL,0.00000000,0.00000000,0.00000000,0.00000000,'HT',19.600,0,0.000,'0',0.000,'0',12,12,1,1,0,2,0,0,'',0,NULL,NULL,2,'','','','','','',NULL,NULL,0,NULL,0,NULL,0,NULL,0,NULL,0.00000000,NULL,NULL,'',NULL,0,NULL,0,NULL,NULL,NULL,NULL,0,NULL,'',NULL,0,NULL,0,NULL,NULL,NULL,NULL,NULL,NULL,NULL,NULL,0,NULL,NULL,1),(32,'2022-12-30 10:44:06','2022-12-30 13:55:46',0,0,'aaa',1,NULL,'aaa','','','',NULL,0.00000000,0.00000000,0.00000000,0.00000000,'HT',20.000,0,0.000,'0',0.000,'0',12,12,1,1,0,0,0,0,'',0,NULL,NULL,2,'','','','','','',NULL,NULL,0,NULL,0,NULL,0,NULL,0,NULL,0.00000000,NULL,NULL,'aaa@bbb',NULL,0,NULL,0,NULL,NULL,NULL,NULL,0,NULL,'',NULL,0,NULL,0,NULL,NULL,NULL,NULL,NULL,'',NULL,NULL,0,NULL,NULL,1),(33,'2023-01-03 11:07:52','2023-01-03 14:07:52',0,0,'aaa_XL_BLUE',1,NULL,'aaa Size XL Blue','<strong>Size:</strong> Size XL<br><strong>Color:</strong> Blue','','',NULL,0.00000000,0.00000000,0.00000000,0.00000000,'HT',20.000,0,0.000,'0',0.000,'0',12,12,1,1,0,0,0,0,'',0,NULL,NULL,2,'','','','','','',NULL,NULL,0,NULL,0,NULL,0,NULL,0,NULL,0.00000000,NULL,NULL,'aaa@bbb',NULL,0,NULL,0,NULL,NULL,NULL,NULL,0,NULL,'',NULL,0,NULL,0,NULL,NULL,NULL,NULL,NULL,'',NULL,NULL,0,NULL,NULL,1),(34,'2023-01-03 11:15:51','2023-01-16 19:42:03',0,0,'aaa_L_RED',1,NULL,'aaa Size L Red','(discussion, voting, 1+7 CHs, cooperates with HCS 5100Plus series can achieve 8 CHs simultaneous audio, charcoal gray, excl. battery)','','',NULL,0.00000000,0.00000000,0.00000000,0.00000000,'HT',20.000,0,0.000,'0',0.000,'0',12,12,1,1,0,0,0,0,'',0,NULL,NULL,2,'','','','','','',NULL,NULL,0,NULL,0,NULL,0,NULL,0,NULL,0.00000000,NULL,NULL,'aaa@bbb',NULL,0,NULL,0,NULL,NULL,NULL,NULL,0,NULL,'',NULL,0,NULL,0,NULL,NULL,NULL,NULL,NULL,'',NULL,NULL,0,NULL,NULL,1);

--
-- Table structure for table `llx_product_association`
--

CREATE TABLE `llx_product_association` (
  `rowid` int(11) NOT NULL AUTO_INCREMENT,
  `fk_product_pere` int(11) NOT NULL DEFAULT 0,
  `fk_product_fils` int(11) NOT NULL DEFAULT 0,
  `qty` double DEFAULT NULL,
  `incdec` int(11) DEFAULT 1,
  `rang` int(11) DEFAULT 0,
  PRIMARY KEY (`rowid`),
  UNIQUE KEY `uk_product_association` (`fk_product_pere`,`fk_product_fils`),
  KEY `idx_product_association` (`fk_product_fils`),
  KEY `idx_product_association_fils` (`fk_product_fils`)
) ENGINE=InnoDB AUTO_INCREMENT=5 DEFAULT CHARSET=utf8mb3 COLLATE=utf8mb3_unicode_ci;

--
-- Dumping data for table `llx_product_association`
--

INSERT INTO `llx_product_association` VALUES (2,5,1,1,1,0),(3,4,3,5,1,0),(4,4,1,2,1,0);

--
-- Table structure for table `llx_product_attribute`
--

CREATE TABLE `llx_product_attribute` (
  `rowid` int(11) NOT NULL AUTO_INCREMENT,
  `ref` varchar(255) NOT NULL,
  `ref_ext` varchar(255) DEFAULT NULL,
  `label` varchar(255) NOT NULL,
  `position` int(11) NOT NULL DEFAULT 0,
  `entity` int(11) NOT NULL DEFAULT 1,
  PRIMARY KEY (`rowid`),
  UNIQUE KEY `uk_product_attribute_ref` (`ref`),
  UNIQUE KEY `unique_ref` (`ref`)
) ENGINE=InnoDB AUTO_INCREMENT=3 DEFAULT CHARSET=utf8mb3 COLLATE=utf8mb3_unicode_ci;

--
-- Dumping data for table `llx_product_attribute`
--

INSERT INTO `llx_product_attribute` VALUES (1,'COL',NULL,'Color',2,1),(2,'SIZE',NULL,'Size',1,1);

--
-- Table structure for table `llx_product_attribute_combination`
--

CREATE TABLE `llx_product_attribute_combination` (
  `rowid` int(11) NOT NULL AUTO_INCREMENT,
  `fk_product_parent` int(11) NOT NULL,
  `fk_product_child` int(11) NOT NULL,
  `variation_price` float NOT NULL,
  `variation_price_percentage` int(11) DEFAULT NULL,
  `variation_weight` float NOT NULL,
  `variation_ref_ext` varchar(255) DEFAULT NULL,
  `entity` int(11) NOT NULL DEFAULT 1,
  PRIMARY KEY (`rowid`),
  KEY `idx_product_att_com_product_parent` (`fk_product_parent`),
  KEY `idx_product_att_com_product_child` (`fk_product_child`)
) ENGINE=InnoDB AUTO_INCREMENT=3 DEFAULT CHARSET=utf8mb3 COLLATE=utf8mb3_unicode_ci;

--
-- Dumping data for table `llx_product_attribute_combination`
--

INSERT INTO `llx_product_attribute_combination` VALUES (1,32,33,0,0,0,'',1),(2,32,34,0,0,0,'',1);

--
-- Table structure for table `llx_product_attribute_combination2val`
--

CREATE TABLE `llx_product_attribute_combination2val` (
  `rowid` int(11) NOT NULL AUTO_INCREMENT,
  `fk_prod_combination` int(11) NOT NULL,
  `fk_prod_attr` int(11) NOT NULL,
  `fk_prod_attr_val` int(11) NOT NULL,
  PRIMARY KEY (`rowid`)
) ENGINE=InnoDB AUTO_INCREMENT=5 DEFAULT CHARSET=utf8mb3 COLLATE=utf8mb3_unicode_ci;

--
-- Dumping data for table `llx_product_attribute_combination2val`
--

INSERT INTO `llx_product_attribute_combination2val` VALUES (1,1,2,4),(2,1,1,1),(3,2,2,3),(4,2,1,2);

--
-- Table structure for table `llx_product_attribute_combination_price_level`
--

CREATE TABLE `llx_product_attribute_combination_price_level` (
  `rowid` int(11) NOT NULL AUTO_INCREMENT,
  `fk_product_attribute_combination` int(11) NOT NULL DEFAULT 1,
  `fk_price_level` int(11) NOT NULL DEFAULT 1,
  `variation_price` double(24,8) NOT NULL,
  `variation_price_percentage` int(11) DEFAULT NULL,
  PRIMARY KEY (`rowid`),
  UNIQUE KEY `uk_prod_att_comb_price_level` (`fk_product_attribute_combination`,`fk_price_level`)
) ENGINE=InnoDB AUTO_INCREMENT=59 DEFAULT CHARSET=utf8mb3 COLLATE=utf8mb3_unicode_ci;

--
-- Dumping data for table `llx_product_attribute_combination_price_level`
--

INSERT INTO `llx_product_attribute_combination_price_level` VALUES (16,0,1,0.00000000,0),(17,0,2,0.00000000,0),(18,0,3,0.00000000,0),(19,0,4,0.00000000,0),(20,0,5,0.00000000,0),(44,101,1,0.00000000,0),(45,101,2,0.00000000,0),(46,101,3,0.00000000,0),(47,101,4,0.00000000,0),(48,101,5,0.00000000,0),(49,102,1,0.00000000,0),(50,102,2,0.00000000,0),(51,102,3,0.00000000,0),(52,102,4,0.00000000,0),(53,102,5,0.00000000,0),(54,103,1,0.00000000,0),(55,103,2,0.00000000,0),(56,103,3,0.00000000,0),(57,103,4,0.00000000,0),(58,103,5,0.00000000,0);

--
-- Table structure for table `llx_product_attribute_value`
--

CREATE TABLE `llx_product_attribute_value` (
  `rowid` int(11) NOT NULL AUTO_INCREMENT,
  `fk_product_attribute` int(11) NOT NULL,
  `ref` varchar(180) NOT NULL,
  `value` varchar(255) NOT NULL,
  `entity` int(11) NOT NULL DEFAULT 1,
  `position` int(11) NOT NULL DEFAULT 0,
  PRIMARY KEY (`rowid`),
  UNIQUE KEY `uk_product_attribute_value` (`fk_product_attribute`,`ref`)
) ENGINE=InnoDB AUTO_INCREMENT=6 DEFAULT CHARSET=utf8mb3 COLLATE=utf8mb3_unicode_ci;

--
-- Dumping data for table `llx_product_attribute_value`
--

INSERT INTO `llx_product_attribute_value` VALUES (1,1,'BLUE','Blue',1,0),(2,1,'RED','Red',1,0),(3,2,'L','Size L',1,1),(4,2,'XL','Size XL',1,2),(5,2,'S','Size S',1,3);

--
-- Table structure for table `llx_product_batch`
--

CREATE TABLE `llx_product_batch` (
  `rowid` int(11) NOT NULL AUTO_INCREMENT,
  `tms` timestamp NOT NULL DEFAULT current_timestamp() ON UPDATE current_timestamp(),
  `fk_product_stock` int(11) NOT NULL,
  `eatby` datetime DEFAULT NULL,
  `sellby` datetime DEFAULT NULL,
  `batch` varchar(30) DEFAULT NULL,
  `qty` double NOT NULL DEFAULT 0,
  `import_key` varchar(14) DEFAULT NULL,
  PRIMARY KEY (`rowid`),
  UNIQUE KEY `uk_product_batch` (`fk_product_stock`,`batch`),
  KEY `idx_fk_product_stock` (`fk_product_stock`),
  KEY `idx_batch` (`batch`),
  CONSTRAINT `fk_product_batch_fk_product_stock` FOREIGN KEY (`fk_product_stock`) REFERENCES `llx_product_stock` (`rowid`)
) ENGINE=InnoDB AUTO_INCREMENT=10 DEFAULT CHARSET=utf8mb3 COLLATE=utf8mb3_unicode_ci;

--
-- Dumping data for table `llx_product_batch`
--

INSERT INTO `llx_product_batch` VALUES (1,'2018-07-30 13:40:39',8,NULL,NULL,'5599887766452',15,NULL),(2,'2018-07-30 13:40:12',8,NULL,NULL,'4494487766452',60,NULL),(3,'2017-02-16 00:12:09',9,NULL,NULL,'5599887766452',35,NULL),(4,'2020-01-08 15:40:27',4,NULL,NULL,'000000',12,NULL),(5,'2020-01-08 15:40:27',3,NULL,NULL,'000000',1007,NULL),(6,'2020-01-13 11:14:15',5,NULL,NULL,'000000',0.8,NULL),(7,'2020-01-08 16:41:18',4,NULL,NULL,'aaa',1.2,NULL),(8,'2020-01-18 19:17:03',5,NULL,NULL,'string',2,NULL),(9,'2021-04-15 11:40:18',11,NULL,NULL,'Lot 2021-02',1,NULL);

--
-- Table structure for table `llx_product_customer_price`
--

CREATE TABLE `llx_product_customer_price` (
  `rowid` int(11) NOT NULL AUTO_INCREMENT,
  `entity` int(11) NOT NULL DEFAULT 1,
  `datec` datetime DEFAULT NULL,
  `tms` timestamp NOT NULL DEFAULT current_timestamp() ON UPDATE current_timestamp(),
  `fk_product` int(11) NOT NULL,
  `fk_soc` int(11) NOT NULL,
  `price` double(24,8) DEFAULT 0.00000000,
  `price_ttc` double(24,8) DEFAULT 0.00000000,
  `price_min` double(24,8) DEFAULT 0.00000000,
  `price_min_ttc` double(24,8) DEFAULT 0.00000000,
  `price_base_type` varchar(3) DEFAULT 'HT',
  `tva_tx` double(6,3) DEFAULT NULL,
  `default_vat_code` varchar(10) DEFAULT NULL,
  `recuperableonly` int(11) NOT NULL DEFAULT 0,
  `localtax1_tx` double(6,3) DEFAULT 0.000,
  `localtax1_type` varchar(10) NOT NULL DEFAULT '0',
  `localtax2_tx` double(6,3) DEFAULT 0.000,
  `localtax2_type` varchar(10) NOT NULL DEFAULT '0',
  `fk_user` int(11) DEFAULT NULL,
  `import_key` varchar(14) DEFAULT NULL,
  `ref_customer` varchar(128) DEFAULT NULL,
  PRIMARY KEY (`rowid`),
  UNIQUE KEY `uk_customer_price_fk_product_fk_soc` (`fk_product`,`fk_soc`),
  KEY `idx_product_customer_price_fk_user` (`fk_user`),
  KEY `fk_customer_price_fk_soc` (`fk_soc`),
  KEY `idx_product_customer_price_fk_soc` (`fk_soc`),
  CONSTRAINT `fk_customer_price_fk_product` FOREIGN KEY (`fk_product`) REFERENCES `llx_product` (`rowid`) ON DELETE CASCADE,
  CONSTRAINT `fk_customer_price_fk_soc` FOREIGN KEY (`fk_soc`) REFERENCES `llx_societe` (`rowid`) ON DELETE CASCADE,
  CONSTRAINT `fk_product_customer_price_fk_product` FOREIGN KEY (`fk_product`) REFERENCES `llx_product` (`rowid`),
  CONSTRAINT `fk_product_customer_price_fk_soc` FOREIGN KEY (`fk_soc`) REFERENCES `llx_societe` (`rowid`),
  CONSTRAINT `fk_product_customer_price_fk_user` FOREIGN KEY (`fk_user`) REFERENCES `llx_user` (`rowid`)
) ENGINE=InnoDB AUTO_INCREMENT=3 DEFAULT CHARSET=utf8mb3 COLLATE=utf8mb3_unicode_ci;

--
-- Dumping data for table `llx_product_customer_price`
--

INSERT INTO `llx_product_customer_price` VALUES (1,1,'2020-01-17 15:26:08','2020-01-17 14:26:08',1,30,11.00000000,12.37500000,0.00000000,0.00000000,'HT',12.500,NULL,0,0.000,'0',0.000,'0',12,NULL,NULL),(2,1,'2020-01-17 15:26:16','2020-01-17 14:26:16',1,4,12.00000000,13.50000000,0.00000000,0.00000000,'HT',12.500,NULL,0,0.000,'0',0.000,'0',12,NULL,NULL);

--
-- Table structure for table `llx_product_customer_price_log`
--

CREATE TABLE `llx_product_customer_price_log` (
  `rowid` int(11) NOT NULL AUTO_INCREMENT,
  `entity` int(11) NOT NULL DEFAULT 1,
  `datec` datetime DEFAULT NULL,
  `fk_product` int(11) NOT NULL,
  `fk_soc` int(11) NOT NULL,
  `price` double(24,8) DEFAULT 0.00000000,
  `price_ttc` double(24,8) DEFAULT 0.00000000,
  `price_min` double(24,8) DEFAULT 0.00000000,
  `price_min_ttc` double(24,8) DEFAULT 0.00000000,
  `price_base_type` varchar(3) DEFAULT 'HT',
  `tva_tx` double(6,3) DEFAULT NULL,
  `recuperableonly` int(11) NOT NULL DEFAULT 0,
  `localtax1_tx` double(6,3) DEFAULT 0.000,
  `localtax1_type` varchar(10) NOT NULL DEFAULT '0',
  `localtax2_tx` double(6,3) DEFAULT 0.000,
  `localtax2_type` varchar(10) NOT NULL DEFAULT '0',
  `fk_user` int(11) DEFAULT NULL,
  `import_key` varchar(14) DEFAULT NULL,
  `default_vat_code` varchar(10) DEFAULT NULL,
  `ref_customer` varchar(30) DEFAULT NULL,
  PRIMARY KEY (`rowid`)
) ENGINE=InnoDB DEFAULT CHARSET=utf8mb3 COLLATE=utf8mb3_unicode_ci;

--
-- Dumping data for table `llx_product_customer_price_log`
--


--
-- Table structure for table `llx_product_extrafields`
--

CREATE TABLE `llx_product_extrafields` (
  `rowid` int(11) NOT NULL AUTO_INCREMENT,
  `tms` timestamp NOT NULL DEFAULT current_timestamp() ON UPDATE current_timestamp(),
  `fk_object` int(11) NOT NULL,
  `import_key` varchar(14) DEFAULT NULL,
  `app_or_option` varchar(255) DEFAULT NULL,
  `availabelforresellers` int(1) DEFAULT NULL,
  `package` int(11) DEFAULT NULL,
  `resource_formula` text DEFAULT NULL,
  `resource_label` varchar(32) DEFAULT NULL,
  `freeperioddays` int(6) DEFAULT NULL,
  `directaccess` varchar(255) DEFAULT NULL,
  `sshaccesstype` varchar(255) DEFAULT NULL,
  `typesupport` varchar(255) DEFAULT NULL,
  `register_text` varchar(255) DEFAULT NULL,
  `register_discountcode` varchar(255) DEFAULT NULL,
  `email_template_trialreminder` int(11) DEFAULT NULL,
  `email_template_trialsuspended` int(11) DEFAULT NULL,
  `position` int(5) DEFAULT NULL,
  PRIMARY KEY (`rowid`),
  KEY `idx_product_extrafields` (`fk_object`)
) ENGINE=InnoDB AUTO_INCREMENT=2 DEFAULT CHARSET=utf8mb3 COLLATE=utf8mb3_unicode_ci;

--
-- Dumping data for table `llx_product_extrafields`
--

INSERT INTO `llx_product_extrafields` VALUES (1,'2023-01-24 10:28:30',1,NULL,'0',NULL,NULL,NULL,NULL,NULL,'0',NULL,'0',NULL,NULL,NULL,NULL,NULL);

--
-- Table structure for table `llx_product_fournisseur_price`
--

CREATE TABLE `llx_product_fournisseur_price` (
  `rowid` int(11) NOT NULL AUTO_INCREMENT,
  `datec` datetime DEFAULT NULL,
  `tms` timestamp NOT NULL DEFAULT current_timestamp() ON UPDATE current_timestamp(),
  `fk_product` int(11) DEFAULT NULL,
  `fk_soc` int(11) DEFAULT NULL,
  `ref_fourn` varchar(128) DEFAULT NULL,
  `desc_fourn` text DEFAULT NULL,
  `fk_availability` int(11) DEFAULT NULL,
  `price` double(24,8) DEFAULT 0.00000000,
  `quantity` double DEFAULT NULL,
  `remise_percent` double NOT NULL DEFAULT 0,
  `remise` double NOT NULL DEFAULT 0,
  `unitprice` double(24,8) DEFAULT 0.00000000,
  `charges` double(24,8) DEFAULT 0.00000000,
  `tva_tx` double(6,3) NOT NULL DEFAULT 0.000,
  `default_vat_code` varchar(10) DEFAULT NULL,
  `info_bits` int(11) NOT NULL DEFAULT 0,
  `fk_user` int(11) DEFAULT NULL,
  `import_key` varchar(14) DEFAULT NULL,
  `entity` int(11) NOT NULL DEFAULT 1,
  `fk_supplier_price_expression` int(11) DEFAULT NULL,
  `fk_price_expression` int(11) DEFAULT NULL,
  `delivery_time_days` int(11) DEFAULT NULL,
  `supplier_reputation` varchar(10) DEFAULT NULL,
  `multicurrency_tx` double(24,8) DEFAULT 1.00000000,
  `multicurrency_unitprice` double(24,8) DEFAULT NULL,
  `fk_multicurrency` int(11) DEFAULT NULL,
  `multicurrency_code` varchar(3) DEFAULT NULL,
  `multicurrency_price` double(24,8) DEFAULT NULL,
  `localtax1_tx` double(6,3) DEFAULT 0.000,
  `localtax1_type` varchar(10) NOT NULL DEFAULT '0',
  `localtax2_tx` double(6,3) DEFAULT 0.000,
  `localtax2_type` varchar(10) NOT NULL DEFAULT '0',
  `barcode` varchar(180) DEFAULT NULL,
  `fk_barcode_type` int(11) DEFAULT NULL,
  `packaging` varchar(64) DEFAULT NULL,
  `status` int(11) DEFAULT 1,
  PRIMARY KEY (`rowid`),
  UNIQUE KEY `uk_product_fournisseur_price_ref` (`ref_fourn`,`fk_soc`,`quantity`,`entity`),
  UNIQUE KEY `uk_product_barcode` (`barcode`,`fk_barcode_type`,`entity`),
  KEY `idx_product_fournisseur_price_fk_user` (`fk_user`),
  KEY `idx_product_fourn_price_fk_product` (`fk_product`,`entity`),
  KEY `idx_product_fourn_price_fk_soc` (`fk_soc`,`entity`),
  KEY `idx_product_barcode` (`barcode`),
  KEY `idx_product_fk_barcode_type` (`fk_barcode_type`),
  CONSTRAINT `fk_product_fournisseur_price_barcode_type` FOREIGN KEY (`fk_barcode_type`) REFERENCES `llx_c_barcode_type` (`rowid`),
  CONSTRAINT `fk_product_fournisseur_price_fk_product` FOREIGN KEY (`fk_product`) REFERENCES `llx_product` (`rowid`),
  CONSTRAINT `fk_product_fournisseur_price_fk_user` FOREIGN KEY (`fk_user`) REFERENCES `llx_user` (`rowid`)
) ENGINE=InnoDB AUTO_INCREMENT=10 DEFAULT CHARSET=utf8mb3 COLLATE=utf8mb3_unicode_ci;

--
-- Dumping data for table `llx_product_fournisseur_price`
--

INSERT INTO `llx_product_fournisseur_price` VALUES (2,'2018-07-30 17:34:38','2018-07-30 13:34:38',12,10,'BASIC',NULL,0,9.00000000,1,0,0,9.00000000,0.00000000,0.000,NULL,0,12,NULL,1,NULL,NULL,NULL,'FAVORITE',1.00000000,NULL,NULL,NULL,NULL,0.000,'0',0.000,'0',NULL,NULL,NULL,1),(3,'2017-02-02 05:17:08','2017-02-02 01:17:08',1,10,'aaa',NULL,0,100.00000000,1,10,0,100.00000000,0.00000000,12.500,NULL,0,12,NULL,1,NULL,NULL,NULL,NULL,1.00000000,NULL,NULL,NULL,NULL,0.000,'0',0.000,'0',NULL,NULL,NULL,1),(4,'2019-10-08 19:21:34','2019-10-08 17:21:34',11,10,'ggg','',0,0.00000000,10,0,0,0.00000000,0.00000000,0.000,NULL,0,12,NULL,1,NULL,NULL,NULL,NULL,1.00000000,0.00000000,1,'EUR',0.00000000,0.000,'0',0.000,'0',NULL,2,NULL,1),(5,'2020-01-01 18:04:14','2020-01-01 16:11:36',1,17,'BK01','',0,79.16667000,1,0,0,79.16667000,0.00000000,12.500,NULL,0,12,NULL,1,NULL,NULL,NULL,NULL,1.20000000,95.00000000,2,'USD',95.00000000,0.000,'0',0.000,'0',NULL,2,NULL,1),(6,'2020-01-01 18:36:40','2020-01-01 14:36:40',2,17,'BKPEARPIE','',0,7.00000000,1,0,0,7.00000000,0.00000000,20.000,NULL,0,12,NULL,1,NULL,NULL,NULL,NULL,1.00000000,7.00000000,1,'EUR',7.00000000,0.000,'0',0.000,'0',NULL,2,NULL,1),(7,'2020-01-20 12:22:00','2020-01-20 11:22:00',1,17,'bbb','',0,1000.00000000,10,0,0,100.00000000,0.00000000,12.500,NULL,0,12,NULL,1,NULL,NULL,NULL,NULL,1.00000000,100.00000000,1,'EUR',1000.00000000,0.000,'0',0.000,'0',NULL,2,NULL,1),(8,'2022-12-16 10:01:17','2022-12-16 10:01:55',5,17,'aaa','',0,123.00000000,1,0,0,123.00000000,0.00000000,4.000,NULL,0,12,NULL,1,NULL,NULL,NULL,NULL,1.00000000,123.00000000,1,'EUR',123.00000000,0.000,'0',0.000,'0',NULL,2,NULL,1),(9,'2022-12-16 10:03:15','2022-12-16 10:52:05',5,1,'iii','',0,5.00000000,1,0,0,5.00000000,0.00000000,4.000,'aaa',0,12,NULL,1,NULL,NULL,NULL,NULL,1.00000000,5.00000000,1,'EUR',5.00000000,0.000,'0',0.000,'0',NULL,2,NULL,1);

--
-- Table structure for table `llx_product_fournisseur_price_extrafields`
--

CREATE TABLE `llx_product_fournisseur_price_extrafields` (
  `rowid` int(11) NOT NULL AUTO_INCREMENT,
  `tms` timestamp NOT NULL DEFAULT current_timestamp() ON UPDATE current_timestamp(),
  `fk_object` int(11) NOT NULL,
  `import_key` varchar(14) DEFAULT NULL,
  PRIMARY KEY (`rowid`),
  KEY `idx_product_fournisseur_price_extrafields` (`fk_object`)
) ENGINE=InnoDB AUTO_INCREMENT=3 DEFAULT CHARSET=utf8mb3 COLLATE=utf8mb3_unicode_ci;

--
-- Dumping data for table `llx_product_fournisseur_price_extrafields`
--

INSERT INTO `llx_product_fournisseur_price_extrafields` VALUES (1,'2020-01-01 14:04:14',5,NULL),(2,'2020-01-01 14:36:40',6,NULL);

--
-- Table structure for table `llx_product_fournisseur_price_log`
--

CREATE TABLE `llx_product_fournisseur_price_log` (
  `rowid` int(11) NOT NULL AUTO_INCREMENT,
  `datec` datetime DEFAULT NULL,
  `fk_product_fournisseur` int(11) NOT NULL,
  `price` double(24,8) DEFAULT 0.00000000,
  `quantity` double DEFAULT NULL,
  `fk_user` int(11) DEFAULT NULL,
  `fk_multicurrency` int(11) DEFAULT NULL,
  `multicurrency_code` varchar(3) DEFAULT NULL,
  `multicurrency_tx` double(24,8) DEFAULT 1.00000000,
  `multicurrency_price` double(24,8) DEFAULT NULL,
  `multicurrency_unitprice` double(24,8) DEFAULT NULL,
  PRIMARY KEY (`rowid`),
  KEY `idx_product_fournisseur_price_log_fk_product_fournisseur` (`fk_product_fournisseur`),
  KEY `idx_product_fournisseur_price_log_fk_user` (`fk_user`)
) ENGINE=InnoDB AUTO_INCREMENT=17 DEFAULT CHARSET=utf8mb3 COLLATE=utf8mb3_unicode_ci;

--
-- Dumping data for table `llx_product_fournisseur_price_log`
--

INSERT INTO `llx_product_fournisseur_price_log` VALUES (1,'2012-07-11 18:45:42',1,10.00000000,1,1,NULL,NULL,1.00000000,NULL,NULL),(2,'2019-10-08 19:21:34',4,0.00000000,10,12,1,'EUR',1.00000000,0.00000000,0.00000000),(3,'2020-01-01 18:04:14',5,12.00000000,1,12,1,'EUR',1.00000000,12.00000000,12.00000000),(4,'2020-01-01 18:04:31',5,95.00000000,1,12,1,'EUR',1.00000000,95.00000000,95.00000000),(5,'2020-01-01 18:36:40',6,7.00000000,1,12,1,'EUR',1.00000000,7.00000000,7.00000000),(6,'2020-01-01 19:32:31',5,95.00000000,1,12,1,'EUR',1.00000000,95.00000000,95.00000000),(7,'2020-01-01 19:38:32',5,79.16667000,1,12,2,'USD',1.20000000,95.00000000,95.00000000),(8,'2020-01-01 19:54:17',5,95.00000000,1,12,1,'EUR',1.00000000,95.00000000,95.00000000),(9,'2020-01-01 19:54:54',5,79.16667000,1,12,2,'USD',1.20000000,95.00000000,95.00000000),(10,'2020-01-01 20:05:02',5,95.00000000,1,12,1,'EUR',1.00000000,95.00000000,95.00000000),(11,'2020-01-01 20:11:36',5,79.16667000,1,12,2,'USD',1.20000000,95.00000000,95.00000000),(12,'2020-01-20 12:22:00',7,1000.00000000,10,12,1,'EUR',1.00000000,1000.00000000,100.00000000),(13,'2022-12-16 10:01:17',8,123.00000000,1,12,1,'EUR',1.00000000,123.00000000,123.00000000),(14,'2022-12-16 10:01:55',8,123.00000000,1,12,1,'EUR',1.00000000,123.00000000,123.00000000),(15,'2022-12-16 10:03:15',9,0.00000000,1,12,1,'EUR',1.00000000,0.00000000,0.00000000),(16,'2022-12-16 10:03:28',9,5.00000000,1,12,1,'EUR',1.00000000,5.00000000,5.00000000);

--
-- Table structure for table `llx_product_lang`
--

CREATE TABLE `llx_product_lang` (
  `rowid` int(11) NOT NULL AUTO_INCREMENT,
  `fk_product` int(11) NOT NULL DEFAULT 0,
  `lang` varchar(5) NOT NULL DEFAULT '0',
  `label` varchar(255) NOT NULL,
  `description` text DEFAULT NULL,
  `note` text DEFAULT NULL,
  `import_key` varchar(14) DEFAULT NULL,
  PRIMARY KEY (`rowid`),
  UNIQUE KEY `uk_product_lang` (`fk_product`,`lang`),
  CONSTRAINT `fk_product_lang_fk_product` FOREIGN KEY (`fk_product`) REFERENCES `llx_product` (`rowid`)
) ENGINE=InnoDB AUTO_INCREMENT=30 DEFAULT CHARSET=utf8mb3 COLLATE=utf8mb3_unicode_ci;

--
-- Dumping data for table `llx_product_lang`
--

INSERT INTO `llx_product_lang` VALUES (1,1,'en_US','Pink dress','A beatifull pink dress','',NULL),(2,2,'en_US','Pear Pie','','',NULL),(3,3,'en_US','Cake making contribution','','',NULL),(4,4,'fr_FR','Decapsuleur','','',NULL),(5,5,'en_US','DoliDroid, Android app for Dolibarr','<strong><span style=\"font-family:roboto,uilanguagefont,arial,sans-serif; font-size:14px\">DoliDroid is the Android front-end client for Dolibarr ERP &amp; CRM web software.</span><br />\r\n<span style=\"font-family:roboto,uilanguagefont,arial,sans-serif; font-size:14px\">This application is not a standalone program. It is a front end to use a online hosted Dolibarr ERP &amp; CRM software (an Open-source web software to manage your business).</span></strong>\r\n<p><u>The advantage of DoliDroid are :</u><br />\r\n- DoliDroid is not a duplicate code of Dolibarr, but a front-end of a Dolibarr web installation, so all your online existing features are supported by this application. This is also true for external modules features.<br />\r\n- Upgrading Dolibarr will not break DoliDroid.<br />\r\n- DoliDroid use embedded image resources to reduce bandwidth usage.<br />\r\n- DoliDroid use internal cache for pages that should not change (like menu page)<br />\r\n- Connections parameters are saved. No need to enter them each time you use DoliDroid.<br />\r\n- Integration with your phone or other applications (Clicking on PDF open PDF reader, clicking onto email or phone launch your email application or launch Android dialer, ...)</p>\r\n\r\n<p><span style=\"color:#DAA520\"><strong>WARNING !&nbsp;</strong></span></p>\r\n\r\n<p>This application need Android 4.0+ and a hosted Dolibarr ERP &amp; CRM version 3.5 or newer accessible by internet<br />\r\n(For example, when hosted on any SaaS solution like DoliCloud -&nbsp;<a href=\"https://www.google.com/url?q=https://www.google.com/url?q%3Dhttp://www.dolicloud.com%26sa%3DD%26usg%3DAFQjCNGdd9htz4JDciiMtScpBwK83qIRkw&amp;sa=D&amp;usg=AFQjCNGMpCbxNnU5BiK59e368K5AR0l_pg\" style=\"text-decoration: none; color: rgb(51, 105, 30); cursor: pointer;\" target=\"_blank\">http://www.dolicloud.com</a>).</p>','',NULL),(9,11,'fr_FR','hfghf','','',NULL),(10,2,'fr_FR','Product P1','','',NULL),(11,4,'en_US','Apple Pie','Nice Bio Apple Pie.<br />\r\n&nbsp;','',NULL),(12,11,'en_US','Rollup Dolibarr','A nice rollup','',NULL),(13,10,'en_US','Computer XP4523','A powerfull computer XP4523&nbsp;','This product is imported.<br />\r\nWarning: Delay to get it are not reliable.',NULL),(14,12,'en_US','SaaS hosting of Dolibarr ERP CRM','Cloud hosting of Dolibarr ERP and CRM software','',NULL),(15,12,'fr_FR','Service SaaS Hébergement Dolibarr ERP CRM','Service SaaS d&#39;h&eacute;bergement de la solution Dolibarr ERP CRM','',NULL),(16,13,'en_US','Computer XP4523','A powerfull computer XP4523&nbsp;',NULL,NULL),(17,13,'fr_FR','Computer XP4523','A powerfull computer XP4523&nbsp;',NULL,NULL),(19,24,'en_US','Carrot','',NULL,NULL),(20,25,'en_US','Apple','',NULL,NULL),(21,26,'en_US','Kiwi','',NULL,NULL),(22,27,'en_US','Peach','',NULL,NULL),(23,28,'en_US','Orange','',NULL,NULL),(24,29,'en_US','Eggs','',NULL,NULL),(25,30,'en_US','Chips','',NULL,NULL),(26,31,'en_US','Product NFC - Unique','',NULL,NULL),(27,32,'en_US','aaa','',NULL,NULL),(28,33,'en_US','aaa Size XL Blue','<strong>Size:</strong> Size XL<br><strong>Color:</strong> Blue',NULL,NULL),(29,34,'en_US','aaa Size L Red','(discussion, voting, 1+7 CHs, cooperates with HCS 5100Plus series can achieve 8 CHs simultaneous audio, charcoal gray, excl. battery)',NULL,NULL);

--
-- Table structure for table `llx_product_lot`
--

CREATE TABLE `llx_product_lot` (
  `rowid` int(11) NOT NULL AUTO_INCREMENT,
  `entity` int(11) DEFAULT 1,
  `fk_product` int(11) NOT NULL,
  `batch` varchar(30) DEFAULT NULL,
  `note_public` text DEFAULT NULL,
  `note_private` text DEFAULT NULL,
  `eatby` date DEFAULT NULL,
  `sellby` date DEFAULT NULL,
  `datec` datetime DEFAULT NULL,
  `tms` timestamp NOT NULL DEFAULT current_timestamp() ON UPDATE current_timestamp(),
  `fk_user_creat` int(11) DEFAULT NULL,
  `fk_user_modif` int(11) DEFAULT NULL,
  `import_key` int(11) DEFAULT NULL,
  `eol_date` datetime DEFAULT NULL,
  `manufacturing_date` datetime DEFAULT NULL,
  `scrapping_date` datetime DEFAULT NULL,
  `model_pdf` varchar(255) DEFAULT NULL,
  `last_main_doc` varchar(255) DEFAULT NULL,
  `barcode` varchar(180) DEFAULT NULL,
  `fk_barcode_type` int(11) DEFAULT NULL,
  `qc_frequency` int(11) DEFAULT NULL,
  `lifetime` int(11) DEFAULT NULL,
  PRIMARY KEY (`rowid`),
  UNIQUE KEY `uk_product_lot` (`fk_product`,`batch`)
) ENGINE=InnoDB AUTO_INCREMENT=70 DEFAULT CHARSET=utf8mb3 COLLATE=utf8mb3_unicode_ci;

--
-- Dumping data for table `llx_product_lot`
--

INSERT INTO `llx_product_lot` VALUES (1,1,2,'123456',NULL,NULL,'2018-07-07',NULL,'2018-07-21 20:55:19','2024-01-03 16:32:40',NULL,NULL,NULL,NULL,'2018-07-21 20:55:19',NULL,NULL,NULL,NULL,NULL,NULL,NULL),(2,1,2,'2222',NULL,NULL,'2018-07-08','2018-07-07','2018-07-21 21:00:42','2024-01-03 16:32:40',NULL,NULL,NULL,NULL,'2018-07-21 21:00:42',NULL,NULL,NULL,NULL,NULL,NULL,NULL),(3,1,10,'5599887766452',NULL,NULL,NULL,NULL,'2018-07-30 17:39:31','2024-01-03 16:32:40',NULL,NULL,NULL,NULL,'2018-07-30 17:39:31',NULL,NULL,NULL,NULL,NULL,NULL,NULL),(4,1,10,'4494487766452',NULL,NULL,NULL,NULL,'2018-07-30 17:40:12','2024-01-03 16:32:40',NULL,NULL,NULL,NULL,'2018-07-30 17:40:12',NULL,NULL,NULL,NULL,NULL,NULL,NULL),(39,1,1,'000000',NULL,NULL,NULL,NULL,'2020-01-08 20:41:18','2024-01-03 16:32:40',NULL,NULL,NULL,NULL,'2020-01-08 20:41:18',NULL,NULL,NULL,NULL,NULL,NULL,NULL),(40,1,4,'aaa',NULL,NULL,'2020-01-01',NULL,'2020-01-08 20:41:18','2024-01-03 16:32:40',NULL,12,NULL,NULL,'2020-01-08 20:41:18',NULL,NULL,NULL,NULL,NULL,NULL,NULL),(46,1,1,'string',NULL,NULL,NULL,NULL,'2020-01-18 20:16:58','2024-01-03 16:32:40',NULL,NULL,NULL,NULL,'2020-01-18 20:16:58',NULL,NULL,NULL,NULL,NULL,NULL,NULL),(47,1,4,'000000',NULL,NULL,NULL,NULL,'2020-01-08 16:40:27','2024-01-03 16:32:40',1,1,NULL,NULL,'2020-01-08 16:40:27',NULL,NULL,NULL,NULL,NULL,NULL,NULL),(50,1,4,'Lot 2021-02',NULL,NULL,NULL,NULL,'2021-04-15 08:40:18','2024-01-03 16:32:40',NULL,NULL,NULL,NULL,'2021-04-15 08:40:18',NULL,NULL,NULL,NULL,NULL,NULL,NULL);

--
-- Table structure for table `llx_product_lot_extrafields`
--

CREATE TABLE `llx_product_lot_extrafields` (
  `rowid` int(11) NOT NULL AUTO_INCREMENT,
  `tms` timestamp NOT NULL DEFAULT current_timestamp() ON UPDATE current_timestamp(),
  `fk_object` int(11) NOT NULL,
  `import_key` varchar(14) DEFAULT NULL,
  PRIMARY KEY (`rowid`),
  KEY `idx_product_lot_extrafields` (`fk_object`)
) ENGINE=InnoDB DEFAULT CHARSET=utf8mb3 COLLATE=utf8mb3_unicode_ci;

--
-- Dumping data for table `llx_product_lot_extrafields`
--


--
-- Table structure for table `llx_product_perentity`
--

CREATE TABLE `llx_product_perentity` (
  `rowid` int(11) NOT NULL AUTO_INCREMENT,
  `fk_product` int(11) DEFAULT NULL,
  `entity` int(11) NOT NULL DEFAULT 1,
  `accountancy_code_sell` varchar(32) DEFAULT NULL,
  `accountancy_code_sell_intra` varchar(32) DEFAULT NULL,
  `accountancy_code_sell_export` varchar(32) DEFAULT NULL,
  `accountancy_code_buy` varchar(32) DEFAULT NULL,
  `accountancy_code_buy_intra` varchar(32) DEFAULT NULL,
  `accountancy_code_buy_export` varchar(32) DEFAULT NULL,
  `pmp` double(24,8) DEFAULT NULL,
  PRIMARY KEY (`rowid`),
  UNIQUE KEY `uk_product_perentity` (`fk_product`,`entity`),
  KEY `idx_product_perentity_fk_product` (`fk_product`)
) ENGINE=InnoDB DEFAULT CHARSET=utf8mb3 COLLATE=utf8mb3_unicode_ci;

--
-- Dumping data for table `llx_product_perentity`
--


--
-- Table structure for table `llx_product_price`
--

CREATE TABLE `llx_product_price` (
  `rowid` int(11) NOT NULL AUTO_INCREMENT,
  `entity` int(11) NOT NULL DEFAULT 1,
  `tms` timestamp NOT NULL DEFAULT current_timestamp() ON UPDATE current_timestamp(),
  `fk_product` int(11) NOT NULL,
  `date_price` datetime DEFAULT NULL,
  `price_level` smallint(6) DEFAULT 1,
  `price` double(24,8) DEFAULT NULL,
  `price_ttc` double(24,8) DEFAULT NULL,
  `price_min` double(24,8) DEFAULT NULL,
  `price_min_ttc` double(24,8) DEFAULT NULL,
  `price_base_type` varchar(3) DEFAULT 'HT',
  `tva_tx` double(6,3) NOT NULL DEFAULT 0.000,
  `default_vat_code` varchar(10) DEFAULT NULL,
  `recuperableonly` int(11) NOT NULL DEFAULT 0,
  `localtax1_tx` double(6,3) DEFAULT 0.000,
  `localtax1_type` varchar(10) NOT NULL DEFAULT '0',
  `localtax2_tx` double(6,3) DEFAULT 0.000,
  `localtax2_type` varchar(10) NOT NULL DEFAULT '0',
  `fk_user_author` int(11) DEFAULT NULL,
  `tosell` tinyint(4) DEFAULT 1,
  `price_by_qty` int(11) NOT NULL DEFAULT 0,
  `import_key` varchar(14) DEFAULT NULL,
  `fk_price_expression` int(11) DEFAULT NULL,
  `fk_multicurrency` int(11) DEFAULT NULL,
  `multicurrency_code` varchar(3) DEFAULT NULL,
  `multicurrency_price` double(24,8) DEFAULT 0.00000000,
  `multicurrency_tx` double(24,8) DEFAULT 1.00000000,
  `multicurrency_price_ttc` double(24,8) DEFAULT NULL,
  PRIMARY KEY (`rowid`),
  KEY `idx_product_price_fk_user_author` (`fk_user_author`),
  KEY `idx_product_price_fk_product` (`fk_product`),
  CONSTRAINT `fk_product_price_product` FOREIGN KEY (`fk_product`) REFERENCES `llx_product` (`rowid`),
  CONSTRAINT `fk_product_price_user_author` FOREIGN KEY (`fk_user_author`) REFERENCES `llx_user` (`rowid`)
) ENGINE=InnoDB AUTO_INCREMENT=48 DEFAULT CHARSET=utf8mb3 COLLATE=utf8mb3_unicode_ci;

--
-- Dumping data for table `llx_product_price`
--

INSERT INTO `llx_product_price` VALUES (1,1,'2012-07-08 12:33:17',1,'2012-07-08 14:33:17',1,0.00000000,0.00000000,0.00000000,0.00000000,'HT',12.500,NULL,0,0.000,'0',0.000,'0',1,1,0,NULL,NULL,NULL,NULL,0.00000000,1.00000000,NULL),(2,1,'2012-07-08 22:30:01',2,'2012-07-09 00:30:01',1,0.00000000,0.00000000,0.00000000,0.00000000,'HT',12.500,NULL,0,0.000,'0',0.000,'0',1,1,0,NULL,NULL,NULL,NULL,0.00000000,1.00000000,NULL),(3,1,'2012-07-08 22:30:25',3,'2012-07-09 00:30:25',1,0.00000000,0.00000000,0.00000000,0.00000000,'HT',12.500,NULL,0,0.000,'0',0.000,'0',1,1,0,NULL,NULL,NULL,NULL,0.00000000,1.00000000,NULL),(4,1,'2012-07-10 12:44:06',4,'2012-07-10 14:44:06',1,0.00000000,0.00000000,0.00000000,0.00000000,'HT',12.500,NULL,0,0.000,'0',0.000,'0',1,1,0,NULL,NULL,NULL,NULL,0.00000000,1.00000000,NULL),(5,1,'2013-07-20 21:11:38',5,'2013-07-20 23:11:38',1,0.00000000,0.00000000,0.00000000,0.00000000,'HT',19.600,NULL,0,0.000,'0',0.000,'0',1,1,0,NULL,NULL,NULL,NULL,0.00000000,1.00000000,NULL),(6,1,'2013-07-27 17:02:59',5,'2013-07-27 19:02:59',1,10.00000000,11.96000000,0.00000000,0.00000000,'HT',19.600,NULL,0,0.000,'0',0.000,'0',1,1,0,NULL,NULL,NULL,NULL,0.00000000,1.00000000,NULL),(10,1,'2013-07-31 22:34:27',4,'2013-08-01 00:34:27',1,5.00000000,5.62500000,0.00000000,0.00000000,'HT',12.500,NULL,0,0.000,'0',0.000,'0',1,1,0,NULL,NULL,NULL,NULL,0.00000000,1.00000000,NULL),(12,1,'2015-01-13 19:24:59',11,'2015-01-13 20:24:59',1,0.00000000,0.00000000,0.00000000,0.00000000,'HT',0.000,NULL,0,0.000,'0',0.000,'0',1,1,0,NULL,NULL,NULL,NULL,0.00000000,1.00000000,NULL),(13,1,'2015-03-12 09:30:24',1,'2015-03-12 10:30:24',1,100.00000000,112.50000000,90.00000000,101.25000000,'HT',12.500,NULL,0,0.000,'0',0.000,'0',1,1,0,NULL,NULL,NULL,NULL,0.00000000,1.00000000,NULL),(14,1,'2018-07-30 13:31:29',12,'2018-07-30 17:31:29',1,9.00000000,9.00000000,9.00000000,9.00000000,'HT',0.000,NULL,0,0.000,'0',0.000,'0',12,1,0,NULL,NULL,NULL,NULL,0.00000000,1.00000000,NULL),(15,1,'2017-02-15 23:49:00',13,'2017-02-16 03:49:00',1,100.00000000,110.00000000,0.00000000,0.00000000,'HT',10.000,NULL,0,0.000,'0',0.000,'0',12,0,0,NULL,NULL,NULL,NULL,0.00000000,1.00000000,NULL),(16,1,'2017-08-30 15:04:04',10,'2017-08-30 19:04:04',1,100.00000000,110.00000000,0.00000000,0.00000000,'HT',10.000,NULL,0,0.000,'0',0.000,'0',12,1,0,NULL,NULL,NULL,NULL,0.00000000,1.00000000,NULL),(18,1,'2019-11-28 12:33:35',24,'2019-11-28 16:33:35',1,0.00000000,0.00000000,0.00000000,0.00000000,'HT',20.000,NULL,0,0.000,'0',0.000,'0',12,1,0,NULL,NULL,NULL,NULL,0.00000000,1.00000000,NULL),(19,1,'2019-11-28 12:34:33',24,'2019-11-28 16:34:33',1,0.83333000,1.00000000,0.00000000,0.00000000,'TTC',20.000,NULL,0,0.000,'0',0.000,'0',12,1,0,NULL,NULL,NULL,NULL,0.00000000,1.00000000,NULL),(20,1,'2019-11-28 12:37:36',25,'2019-11-28 16:37:36',1,0.00000000,0.00000000,0.00000000,0.00000000,'HT',20.000,NULL,0,0.000,'0',0.000,'0',12,1,0,NULL,NULL,NULL,NULL,0.00000000,1.00000000,NULL),(21,1,'2019-11-28 12:37:58',25,'2019-11-28 16:37:58',1,1.25000000,1.50000000,0.00000000,0.00000000,'TTC',20.000,NULL,0,0.000,'0',0.000,'0',12,1,0,NULL,NULL,NULL,NULL,0.00000000,1.00000000,NULL),(22,1,'2019-11-28 12:38:44',26,'2019-11-28 16:38:44',1,1.08333000,1.30000000,0.00000000,0.00000000,'TTC',20.000,NULL,0,0.000,'0',0.000,'0',12,1,0,NULL,NULL,NULL,NULL,0.00000000,1.00000000,NULL),(23,1,'2019-11-28 12:39:21',27,'2019-11-28 16:39:21',1,1.08333000,1.30000000,0.00000000,0.00000000,'TTC',20.000,NULL,0,0.000,'0',0.000,'0',12,1,0,NULL,NULL,NULL,NULL,0.00000000,1.00000000,NULL),(24,1,'2019-11-28 12:39:58',28,'2019-11-28 16:39:58',1,2.00000000,2.40000000,0.00000000,0.00000000,'HT',20.000,NULL,0,0.000,'0',0.000,'0',12,1,0,NULL,NULL,NULL,NULL,0.00000000,1.00000000,NULL),(25,1,'2019-11-28 13:03:14',29,'2019-11-28 17:03:14',1,1.66667000,2.00000000,0.00000000,0.00000000,'TTC',20.000,NULL,0,0.000,'0',0.000,'0',12,1,0,NULL,NULL,NULL,NULL,0.00000000,1.00000000,NULL),(26,1,'2019-11-28 13:09:14',30,'2019-11-28 17:09:14',1,0.41667000,0.50000000,0.00000000,0.00000000,'TTC',20.000,NULL,0,0.000,'0',0.000,'0',12,1,0,NULL,NULL,NULL,NULL,0.00000000,1.00000000,NULL),(28,1,'2019-11-28 15:12:50',2,'2019-11-28 19:12:50',1,10.00000000,12.00000000,8.33333000,10.00000000,'TTC',20.000,NULL,0,0.000,'0',0.000,'0',12,1,0,NULL,NULL,NULL,NULL,0.00000000,1.00000000,NULL),(29,1,'2020-01-01 19:54:16',4,'2020-01-01 23:54:16',1,5.00000000,5.00000000,0.00000000,0.00000000,'HT',0.000,'CGST+SGST',0,9.000,'1',9.000,'1',12,1,0,NULL,NULL,NULL,NULL,0.00000000,1.00000000,NULL),(30,1,'2020-01-02 19:02:35',4,'2020-01-02 23:02:35',1,5.00000000,5.00000000,2.00000000,2.00000000,'HT',0.000,'CGST+SGST',0,9.000,'1',9.000,'1',12,1,0,NULL,NULL,NULL,NULL,0.00000000,1.00000000,NULL),(31,1,'2020-01-02 19:02:35',4,'2020-01-02 23:02:35',2,6.00000000,6.00000000,3.00000000,3.00000000,'HT',0.000,'CGST+SGST',0,9.000,'1',9.000,'1',12,1,0,NULL,NULL,NULL,NULL,0.00000000,1.00000000,NULL),(32,1,'2020-01-02 19:02:35',4,'2020-01-02 23:02:35',3,7.00000000,7.00000000,4.00000000,4.00000000,'HT',0.000,'CGST+SGST',0,9.000,'1',9.000,'1',12,1,0,NULL,NULL,NULL,NULL,0.00000000,1.00000000,NULL),(33,1,'2020-01-02 19:02:35',4,'2020-01-02 23:02:35',4,8.00000000,8.00000000,5.00000000,5.00000000,'HT',0.000,'CGST+SGST',0,9.000,'1',9.000,'1',12,1,0,NULL,NULL,NULL,NULL,0.00000000,1.00000000,NULL),(34,1,'2020-01-02 19:02:35',4,'2020-01-02 23:02:35',5,9.00000000,9.00000000,6.00000000,6.00000000,'HT',0.000,'CGST+SGST',0,9.000,'1',9.000,'1',12,1,0,NULL,NULL,NULL,NULL,0.00000000,1.00000000,NULL),(35,1,'2020-01-17 13:54:18',1,'2020-01-17 14:54:18',1,11.00000000,12.37500000,9.00000000,10.12500000,'HT',12.500,NULL,0,0.000,'0',0.000,'0',12,1,0,NULL,NULL,NULL,NULL,0.00000000,1.00000000,NULL),(36,1,'2020-01-17 13:54:18',1,'2020-01-17 14:54:18',2,0.00000000,0.00000000,0.00000000,0.00000000,'HT',12.500,NULL,0,0.000,'0',0.000,'0',12,1,0,NULL,NULL,NULL,NULL,0.00000000,1.00000000,NULL),(37,1,'2020-01-17 13:54:18',1,'2020-01-17 14:54:18',3,13.00000000,14.62500000,0.00000000,0.00000000,'HT',12.500,NULL,0,0.000,'0',0.000,'0',12,1,0,NULL,NULL,NULL,NULL,0.00000000,1.00000000,NULL),(38,1,'2020-01-17 13:54:18',1,'2020-01-17 14:54:18',4,14.00000000,15.75000000,0.00000000,0.00000000,'HT',12.500,NULL,0,0.000,'0',0.000,'0',12,1,0,NULL,NULL,NULL,NULL,0.00000000,1.00000000,NULL),(39,1,'2020-01-17 13:54:18',1,'2020-01-17 14:54:18',5,15.00000000,16.87500000,0.00000000,0.00000000,'HT',12.500,NULL,0,0.000,'0',0.000,'0',12,1,0,NULL,NULL,NULL,NULL,0.00000000,1.00000000,NULL),(40,1,'2020-01-17 14:22:28',1,'2020-01-17 15:22:28',1,9.00000000,10.12500000,0.00000000,0.00000000,'HT',12.500,NULL,0,0.000,'0',0.000,'0',12,1,0,NULL,NULL,NULL,NULL,0.00000000,1.00000000,NULL),(41,1,'2021-04-15 11:38:02',31,'2021-04-15 08:38:02',1,0.00000000,0.00000000,0.00000000,0.00000000,'HT',19.600,NULL,0,0.000,'0',0.000,'0',12,1,0,NULL,NULL,NULL,NULL,0.00000000,1.00000000,NULL),(42,1,'2022-12-16 10:00:14',5,'2022-12-16 10:00:14',1,10.00000000,10.00000000,0.00000000,0.00000000,'HT',0.000,'CGST+SGST',0,9.000,'1',9.000,'1',12,1,0,NULL,NULL,NULL,NULL,0.00000000,1.00000000,NULL),(43,1,'2022-12-30 13:44:06',32,'2022-12-30 10:44:06',1,0.00000000,0.00000000,0.00000000,0.00000000,'HT',20.000,NULL,0,0.000,'0',0.000,'0',12,1,0,NULL,NULL,NULL,NULL,0.00000000,1.00000000,NULL),(44,1,'2023-01-03 14:07:52',33,'2023-01-03 11:07:52',1,0.00000000,0.00000000,0.00000000,0.00000000,'HT',20.000,NULL,0,0.000,'0',0.000,'0',12,1,0,NULL,NULL,NULL,NULL,0.00000000,1.00000000,NULL),(45,1,'2023-01-03 14:07:52',33,'2023-01-03 11:07:52',1,0.00000000,0.00000000,0.00000000,0.00000000,'HT',20.000,NULL,0,0.000,'0',0.000,'0',12,1,0,NULL,NULL,NULL,NULL,0.00000000,1.00000000,NULL),(46,1,'2023-01-03 14:15:51',34,'2023-01-03 11:15:51',1,0.00000000,0.00000000,0.00000000,0.00000000,'HT',20.000,NULL,0,0.000,'0',0.000,'0',12,1,0,NULL,NULL,NULL,NULL,0.00000000,1.00000000,NULL),(47,1,'2023-01-03 14:15:51',34,'2023-01-03 11:15:51',1,0.00000000,0.00000000,0.00000000,0.00000000,'HT',20.000,NULL,0,0.000,'0',0.000,'0',12,1,0,NULL,NULL,NULL,NULL,0.00000000,1.00000000,NULL);

--
-- Table structure for table `llx_product_price_by_qty`
--

CREATE TABLE `llx_product_price_by_qty` (
  `rowid` int(11) NOT NULL AUTO_INCREMENT,
  `fk_product_price` int(11) NOT NULL,
  `price` double(24,8) DEFAULT 0.00000000,
  `price_ttc` double(24,8) DEFAULT 0.00000000,
  `remise_percent` double NOT NULL DEFAULT 0,
  `remise` double NOT NULL DEFAULT 0,
  `qty_min` double DEFAULT 0,
  `fk_user_creat` int(11) DEFAULT NULL,
  `fk_user_modif` int(11) DEFAULT NULL,
  `tms` timestamp NOT NULL DEFAULT current_timestamp() ON UPDATE current_timestamp(),
  `import_key` varchar(14) DEFAULT NULL,
  `quantity` double DEFAULT NULL,
  `unitprice` double(24,8) DEFAULT 0.00000000,
  `price_base_type` varchar(3) DEFAULT 'HT',
  `fk_multicurrency` int(11) DEFAULT NULL,
  `multicurrency_code` varchar(3) DEFAULT NULL,
  `multicurrency_tx` double(24,8) DEFAULT 1.00000000,
  `multicurrency_price` double(24,8) DEFAULT NULL,
  `multicurrency_price_ttc` double(24,8) DEFAULT NULL,
  PRIMARY KEY (`rowid`),
  UNIQUE KEY `uk_product_price_by_qty_level` (`fk_product_price`,`quantity`),
  KEY `idx_product_price_by_qty_fk_product_price` (`fk_product_price`),
  CONSTRAINT `fk_product_price_by_qty_fk_product_price` FOREIGN KEY (`fk_product_price`) REFERENCES `llx_product_price` (`rowid`)
) ENGINE=InnoDB DEFAULT CHARSET=utf8mb3 COLLATE=utf8mb3_unicode_ci;

--
-- Dumping data for table `llx_product_price_by_qty`
--


--
-- Table structure for table `llx_product_pricerules`
--

CREATE TABLE `llx_product_pricerules` (
  `rowid` int(11) NOT NULL AUTO_INCREMENT,
  `level` int(11) NOT NULL,
  `fk_level` int(11) NOT NULL,
  `var_percent` float NOT NULL,
  `var_min_percent` float NOT NULL,
  PRIMARY KEY (`rowid`),
  UNIQUE KEY `unique_level` (`level`)
) ENGINE=InnoDB DEFAULT CHARSET=utf8mb3 COLLATE=utf8mb3_unicode_ci;

--
-- Dumping data for table `llx_product_pricerules`
--


--
-- Table structure for table `llx_product_stock`
--

CREATE TABLE `llx_product_stock` (
  `rowid` int(11) NOT NULL AUTO_INCREMENT,
  `tms` timestamp NOT NULL DEFAULT current_timestamp() ON UPDATE current_timestamp(),
  `fk_product` int(11) NOT NULL,
  `fk_entrepot` int(11) NOT NULL,
  `reel` double DEFAULT NULL,
  `import_key` varchar(14) DEFAULT NULL,
  PRIMARY KEY (`rowid`),
  UNIQUE KEY `uk_product_stock` (`fk_product`,`fk_entrepot`),
  KEY `idx_product_stock_fk_product` (`fk_product`),
  KEY `idx_product_stock_fk_entrepot` (`fk_entrepot`),
  CONSTRAINT `fk_entrepot_entrepot_rowid` FOREIGN KEY (`fk_entrepot`) REFERENCES `llx_entrepot` (`rowid`),
  CONSTRAINT `fk_product_product_rowid` FOREIGN KEY (`fk_product`) REFERENCES `llx_product` (`rowid`)
) ENGINE=InnoDB AUTO_INCREMENT=12 DEFAULT CHARSET=utf8mb3 COLLATE=utf8mb3_unicode_ci;

--
-- Dumping data for table `llx_product_stock`
--

INSERT INTO `llx_product_stock` VALUES (1,'2012-07-08 22:43:51',2,2,1000,NULL),(3,'2020-01-07 16:25:02',4,2,1007,NULL),(4,'2020-01-08 16:41:18',4,1,13.2,NULL),(5,'2020-01-18 19:17:03',1,1,2.8,NULL),(6,'2015-01-19 17:22:48',11,1,-1,NULL),(7,'2015-01-19 17:31:58',2,1,-2,NULL),(8,'2018-07-30 13:40:39',10,2,75,NULL),(9,'2017-02-16 00:12:09',10,1,35,NULL),(10,'2020-01-13 11:13:19',25,1,15.599999999999994,NULL),(11,'2021-04-15 11:40:18',4,20,1,NULL);

--
-- Table structure for table `llx_product_warehouse_properties`
--

CREATE TABLE `llx_product_warehouse_properties` (
  `rowid` int(11) NOT NULL AUTO_INCREMENT,
  `tms` timestamp NOT NULL DEFAULT current_timestamp() ON UPDATE current_timestamp(),
  `fk_product` int(11) NOT NULL,
  `fk_entrepot` int(11) NOT NULL,
  `seuil_stock_alerte` float DEFAULT 0,
  `desiredstock` float DEFAULT 0,
  `import_key` varchar(14) DEFAULT NULL,
  PRIMARY KEY (`rowid`)
) ENGINE=InnoDB DEFAULT CHARSET=utf8mb3 COLLATE=utf8mb3_unicode_ci;

--
-- Dumping data for table `llx_product_warehouse_properties`
--


--
-- Table structure for table `llx_projet`
--

CREATE TABLE `llx_projet` (
  `rowid` int(11) NOT NULL AUTO_INCREMENT,
  `fk_soc` int(11) DEFAULT NULL,
  `datec` datetime DEFAULT NULL,
  `tms` timestamp NOT NULL DEFAULT current_timestamp() ON UPDATE current_timestamp(),
  `dateo` date DEFAULT NULL,
  `datee` date DEFAULT NULL,
  `ref` varchar(50) DEFAULT NULL,
  `entity` int(11) NOT NULL DEFAULT 1,
  `title` varchar(255) NOT NULL,
  `description` text DEFAULT NULL,
  `fk_user_creat` int(11) NOT NULL,
  `public` int(11) DEFAULT NULL,
  `fk_statut` smallint(6) NOT NULL DEFAULT 0,
  `fk_opp_status` int(11) DEFAULT NULL,
  `opp_percent` double(5,2) DEFAULT NULL,
  `note_private` text DEFAULT NULL,
  `note_public` text DEFAULT NULL,
  `model_pdf` varchar(255) DEFAULT NULL,
  `last_main_doc` varchar(255) DEFAULT NULL,
  `budget_amount` double(24,8) DEFAULT NULL,
  `date_close` datetime DEFAULT NULL,
  `fk_user_close` int(11) DEFAULT NULL,
  `opp_amount` double(24,8) DEFAULT NULL,
  `import_key` varchar(14) DEFAULT NULL,
  `fk_user_modif` int(11) DEFAULT NULL,
  `usage_bill_time` int(11) DEFAULT 0,
  `usage_opportunity` int(11) DEFAULT 0,
  `usage_task` int(11) DEFAULT 1,
  `usage_organize_event` int(11) DEFAULT 0,
  `email_msgid` varchar(175) DEFAULT NULL,
  `fk_opp_status_end` int(11) DEFAULT NULL,
  `accept_conference_suggestions` int(11) DEFAULT 0,
  `accept_booth_suggestions` int(11) DEFAULT 0,
  `price_registration` double(24,8) DEFAULT NULL,
  `price_booth` double(24,8) DEFAULT NULL,
  `max_attendees` int(11) DEFAULT 0,
  `ip` varchar(250) DEFAULT NULL,
  `date_start_event` datetime DEFAULT NULL,
  `date_end_event` datetime DEFAULT NULL,
  `location` varchar(255) DEFAULT NULL,
  `extraparams` varchar(255) DEFAULT NULL,
  `fk_project` int(11) DEFAULT NULL,
  PRIMARY KEY (`rowid`),
  UNIQUE KEY `uk_projet_ref` (`ref`,`entity`),
  KEY `idx_projet_fk_soc` (`fk_soc`),
  CONSTRAINT `fk_projet_fk_soc` FOREIGN KEY (`fk_soc`) REFERENCES `llx_societe` (`rowid`)
) ENGINE=InnoDB AUTO_INCREMENT=14 DEFAULT CHARSET=utf8mb3 COLLATE=utf8mb3_unicode_ci;

--
-- Dumping data for table `llx_projet`
--

INSERT INTO `llx_projet` VALUES (1,11,'2012-07-09 00:00:00','2017-10-05 20:51:28','2012-07-09',NULL,'PROJ1',1,'Project One','',1,0,1,NULL,NULL,NULL,'gdfgdfg','baleine',NULL,NULL,NULL,NULL,NULL,NULL,NULL,0,0,1,0,NULL,NULL,0,0,NULL,NULL,0,NULL,NULL,NULL,NULL,NULL,NULL),(2,13,'2012-07-09 00:00:00','2023-02-19 16:00:55','2012-07-09',NULL,'PROJ2',1,'Project Two','',1,0,1,3,40.00,NULL,NULL,NULL,'projet/PROJ2/PROJ2.pdf',NULL,NULL,NULL,1250.25000000,NULL,12,0,1,1,0,NULL,NULL,0,0,NULL,NULL,0,NULL,NULL,NULL,'',NULL,NULL),(3,1,'2012-07-09 00:00:00','2020-01-15 12:40:50','2012-07-09',NULL,'PROJINDIAN',1,'Project for Indian company move','',1,0,1,NULL,NULL,NULL,NULL,NULL,NULL,NULL,NULL,NULL,NULL,NULL,12,1,0,1,0,NULL,NULL,0,0,NULL,NULL,0,NULL,NULL,NULL,NULL,NULL,NULL),(4,NULL,'2012-07-09 00:00:00','2012-07-08 22:50:49','2012-07-09',NULL,'PROJSHARED',1,'The Global project','',1,1,1,NULL,NULL,NULL,NULL,NULL,NULL,NULL,NULL,NULL,NULL,NULL,NULL,0,0,1,0,NULL,NULL,0,0,NULL,NULL,0,NULL,NULL,NULL,NULL,NULL,NULL),(5,NULL,'2012-07-11 00:00:00','2020-01-15 12:27:15','2012-07-11','2013-07-14','RMLL',1,'Project management RMLL','',1,1,1,NULL,NULL,NULL,NULL,NULL,NULL,NULL,NULL,NULL,NULL,NULL,12,1,0,1,0,NULL,NULL,0,0,NULL,NULL,0,NULL,NULL,NULL,NULL,NULL,NULL),(6,10,'2018-07-30 00:00:00','2019-11-28 11:52:54','2018-07-30',NULL,'PJ1607-0001',1,'PROJALICE1','The Alice project number 1',12,0,1,2,20.00,NULL,NULL,NULL,NULL,5000.00000000,NULL,NULL,8000.00000000,NULL,12,1,1,1,0,NULL,NULL,0,0,NULL,NULL,0,NULL,NULL,NULL,NULL,NULL,NULL),(7,10,'2018-07-30 00:00:00','2019-11-28 11:52:54','2018-07-30',NULL,'PJ1607-0002',1,'PROJALICE2','The Alice project number 2',12,0,1,6,100.00,NULL,NULL,NULL,NULL,NULL,'2017-02-01 16:24:31',12,7000.00000000,NULL,NULL,0,1,1,0,NULL,NULL,0,0,NULL,NULL,0,NULL,NULL,NULL,NULL,NULL,NULL),(8,10,'2018-07-30 00:00:00','2019-11-28 11:52:54','2018-07-30',NULL,'PJ1607-0003',1,'PROJALICE2','The Alice project number 3',12,0,1,6,100.00,NULL,NULL,NULL,NULL,NULL,NULL,NULL,3550.00000000,NULL,NULL,0,1,1,0,NULL,NULL,0,0,NULL,NULL,0,NULL,NULL,NULL,NULL,NULL,NULL),(9,4,'2018-07-31 00:00:00','2019-12-20 16:33:15','2018-07-31',NULL,'PJ1607-0004',1,'Project Top X','',12,0,2,2,27.00,NULL,NULL,NULL,NULL,NULL,'2019-12-20 20:33:15',12,4000.00000000,NULL,NULL,0,1,1,0,NULL,NULL,0,0,NULL,NULL,0,NULL,NULL,NULL,NULL,NULL,NULL),(10,1,'2019-12-21 19:46:33','2019-12-21 15:48:06','2019-12-21',NULL,'PJ1912-0005',1,'Contact for a new shop in Delhi','',12,0,1,1,20.00,NULL,NULL,NULL,NULL,NULL,NULL,NULL,18000.00000000,NULL,12,0,1,1,0,NULL,NULL,0,0,NULL,NULL,0,NULL,NULL,NULL,NULL,NULL,NULL),(11,10,'2019-12-21 19:49:28','2019-12-21 16:10:21','2019-12-02','2019-12-13','PJ1912-0006',1,'Request for new development of logo','Request to redesign a new logo',12,0,1,4,60.00,NULL,NULL,NULL,NULL,NULL,NULL,NULL,6500.00000000,NULL,12,1,1,1,0,NULL,NULL,0,0,NULL,NULL,0,NULL,NULL,NULL,NULL,NULL,NULL),(12,4,'2019-12-21 19:52:12','2023-02-19 15:55:22','2019-12-21',NULL,'PJ1912-0007',1,'Adding new tool for Customer Relationship Management','',12,1,1,1,0.00,NULL,NULL,NULL,'projet/PJ1912-0007/PJ1912-0007.pdf',NULL,'2023-02-19 12:38:04',12,16000.00000000,NULL,NULL,1,1,1,0,NULL,NULL,0,0,NULL,NULL,0,NULL,NULL,NULL,NULL,NULL,NULL),(13,26,'2019-12-21 19:53:21','2019-12-21 15:53:59','2019-12-21',NULL,'PJ1912-0008',1,'Cooking 100 apple pie for chrsitmas','',12,0,1,NULL,NULL,NULL,NULL,NULL,NULL,NULL,NULL,NULL,NULL,NULL,12,1,0,1,0,NULL,NULL,0,0,NULL,NULL,0,NULL,NULL,NULL,NULL,NULL,NULL);

--
-- Table structure for table `llx_projet_extrafields`
--

CREATE TABLE `llx_projet_extrafields` (
  `rowid` int(11) NOT NULL AUTO_INCREMENT,
  `tms` timestamp NOT NULL DEFAULT current_timestamp() ON UPDATE current_timestamp(),
  `fk_object` int(11) NOT NULL,
  `import_key` varchar(14) DEFAULT NULL,
  `priority` mediumtext DEFAULT NULL,
  PRIMARY KEY (`rowid`),
  KEY `idx_projet_extrafields` (`fk_object`)
) ENGINE=InnoDB AUTO_INCREMENT=33 DEFAULT CHARSET=utf8mb3 COLLATE=utf8mb3_unicode_ci;

--
-- Dumping data for table `llx_projet_extrafields`
--

INSERT INTO `llx_projet_extrafields` VALUES (7,'2018-07-30 15:53:23',8,NULL,'5'),(9,'2018-07-31 14:27:24',9,NULL,'0'),(15,'2017-02-01 12:24:31',7,NULL,'1'),(17,'2019-10-01 11:48:36',6,NULL,'3'),(22,'2019-12-21 15:48:06',10,NULL,'0'),(24,'2019-12-21 15:52:12',12,NULL,'4'),(26,'2019-12-21 15:53:42',13,NULL,'0'),(28,'2019-12-21 16:10:21',11,NULL,'0'),(29,'2020-01-15 12:27:15',5,NULL,'0'),(30,'2020-01-15 12:40:50',3,NULL,'0'),(32,'2023-02-19 12:51:40',2,NULL,'0');

--
-- Table structure for table `llx_projet_task`
--

CREATE TABLE `llx_projet_task` (
  `rowid` int(11) NOT NULL AUTO_INCREMENT,
  `ref` varchar(50) DEFAULT NULL,
  `entity` int(11) NOT NULL DEFAULT 1,
  `fk_projet` int(11) NOT NULL,
  `fk_task_parent` int(11) NOT NULL DEFAULT 0,
  `datec` datetime DEFAULT NULL,
  `tms` timestamp NOT NULL DEFAULT current_timestamp() ON UPDATE current_timestamp(),
  `dateo` datetime DEFAULT NULL,
  `datee` datetime DEFAULT NULL,
  `datev` datetime DEFAULT NULL,
  `label` varchar(255) NOT NULL,
  `description` text DEFAULT NULL,
  `duration_effective` double DEFAULT 0,
  `planned_workload` double DEFAULT 0,
  `progress` int(11) DEFAULT 0,
  `priority` int(11) DEFAULT 0,
  `budget_amount` double(24,8) DEFAULT NULL,
  `fk_user_creat` int(11) DEFAULT NULL,
  `fk_user_valid` int(11) DEFAULT NULL,
  `fk_statut` smallint(6) NOT NULL DEFAULT 0,
  `note_private` text DEFAULT NULL,
  `note_public` text DEFAULT NULL,
  `rang` int(11) DEFAULT 0,
  `model_pdf` varchar(255) DEFAULT NULL,
  `import_key` varchar(14) DEFAULT NULL,
  `status` int(11) NOT NULL DEFAULT 1,
  PRIMARY KEY (`rowid`),
  UNIQUE KEY `uk_projet_task_ref` (`ref`,`entity`),
  KEY `idx_projet_task_fk_projet` (`fk_projet`),
  KEY `idx_projet_task_fk_user_creat` (`fk_user_creat`),
  KEY `idx_projet_task_fk_user_valid` (`fk_user_valid`),
  CONSTRAINT `fk_projet_task_fk_projet` FOREIGN KEY (`fk_projet`) REFERENCES `llx_projet` (`rowid`),
  CONSTRAINT `fk_projet_task_fk_user_creat` FOREIGN KEY (`fk_user_creat`) REFERENCES `llx_user` (`rowid`),
  CONSTRAINT `fk_projet_task_fk_user_valid` FOREIGN KEY (`fk_user_valid`) REFERENCES `llx_user` (`rowid`)
) ENGINE=InnoDB AUTO_INCREMENT=11 DEFAULT CHARSET=utf8mb3 COLLATE=utf8mb3_unicode_ci;

--
